{"id":20651,"date":"2026-04-26T18:20:14","date_gmt":"2026-04-26T18:20:14","guid":{"rendered":"https:\/\/stesa.com\/mapas\/?post_type=ficha&#038;p=20651"},"modified":"2026-04-26T18:20:14","modified_gmt":"2026-04-26T18:20:14","slug":"escudo-de-la-ciudad-de-buenos-aires","status":"publish","type":"ficha","link":"https:\/\/stesa.com\/mapas\/doc\/escudo-de-la-ciudad-de-buenos-aires\/","title":{"rendered":"Escudo de la Ciudad de Buenos Aires"},"content":{"rendered":"<p>El <strong>escudo oficial de la Ciudad Aut\u00f3noma de Buenos Aires<\/strong> es un emblema de forma el\u00edptica que sintetiza la identidad hist\u00f3rica y espiritual de la capital argentina.<\/p>\n<p><strong>Significado de sus componentes<\/strong><\/p>\n<p>Cada elemento del dise\u00f1o actual, oficializado en su versi\u00f3n depurada mediante una ley de la Legislatura porte\u00f1a en noviembre de 2012, tiene un simbolismo espec\u00edfico:<\/p>\n<ul>\n<li><strong>La Paloma Blanca<\/strong>: Representa al Esp\u00edritu Santo, bajo cuya protecci\u00f3n y advocaci\u00f3n religiosa fue confiada la ciudad desde sus or\u00edgenes. Aparece en la parte superior con las alas abiertas y rodeada de rayos solares.<\/li>\n<li><strong>Las Dos Naves<\/strong>: Se observa una carabela y un bergant\u00edn del siglo XVI que simbolizan las dos fundaciones de la ciudad: la primera por Pedro de Mendoza (1536) y la segunda por Juan de Garay (1580).<\/li>\n<li><strong>El R\u00edo de la Plata<\/strong>: Representado por las aguas en suave oleaje en la base del \u00f3valo, destacando la ubicaci\u00f3n geogr\u00e1fica y el car\u00e1cter portuario de la urbe.<\/li>\n<li><strong>Ausencia del ancla<\/strong>: Hasta el a\u00f1o 2012, el escudo inclu\u00eda un ancla medio sumergida, la cual fue eliminada en la \u00faltima modificaci\u00f3n legal para retornar a un formato m\u00e1s cercano al original de 1856.<\/li>\n<\/ul>\n<p><strong>Diferencia con el \u00abEscudo de Armas\u00bb<\/strong><\/p>\n<p>Es com\u00fan confundir el escudo oficial con el Escudo de Armas de la ciudad. Este \u00faltimo, que es el que figura en la bandera porte\u00f1a, muestra un \u00e1guila negra coronada con cuatro aguiluchos a sus pies y una cruz roja de Calatrava, dise\u00f1o que remite directamente a las armas otorgadas por Juan de Garay en 1580.<\/p>\n","protected":false},"excerpt":{"rendered":"<p>El escudo oficial de la Ciudad Aut\u00f3noma de Buenos Aires es un emblema de forma el\u00edptica que sintetiza la identidad hist\u00f3rica y espiritual de la capital &#8230;<\/p>\n","protected":false},"author":1,"featured_media":20652,"template":"","categoria_ficha":[2205],"class_list":["post-20651","ficha","type-ficha","status-publish","has-post-thumbnail","hentry","categoria_ficha-mapas-de-la-ciudad-de-buenos-aires"],"yoast_head":"<!-- This site is optimized with the Yoast SEO plugin v27.4 - https:\/\/yoast.com\/product\/yoast-seo-wordpress\/ -->\n<title>Escudo de la Ciudad de Buenos Aires - Galer\u00eda de mapas<\/title>\n<meta name=\"robots\" content=\"index, follow, max-snippet:-1, max-image-preview:large, max-video-preview:-1\" \/>\n<link rel=\"canonical\" href=\"https:\/\/stesa.com\/mapas\/doc\/escudo-de-la-ciudad-de-buenos-aires\/\" \/>\n<meta property=\"og:locale\" content=\"es_ES\" \/>\n<meta property=\"og:type\" content=\"article\" \/>\n<meta property=\"og:title\" content=\"Escudo de la Ciudad de Buenos Aires - Galer\u00eda de mapas\" \/>\n<meta property=\"og:description\" content=\"El escudo oficial de la Ciudad Aut\u00f3noma de Buenos Aires es un emblema de forma el\u00edptica que sintetiza la identidad hist\u00f3rica y espiritual de la capital ...\" \/>\n<meta property=\"og:url\" content=\"https:\/\/stesa.com\/mapas\/doc\/escudo-de-la-ciudad-de-buenos-aires\/\" \/>\n<meta property=\"og:site_name\" content=\"Galer\u00eda de mapas\" \/>\n<meta property=\"og:image\" content=\"https:\/\/stesa.com\/mapas\/wp-content\/uploads\/20651\/Escudo-de-la-ciudad-de-Buenos-Aires.png\" \/>\n\t<meta property=\"og:image:width\" content=\"1920\" \/>\n\t<meta property=\"og:image:height\" content=\"2304\" \/>\n\t<meta property=\"og:image:type\" content=\"image\/png\" \/>\n<meta name=\"twitter:card\" content=\"summary_large_image\" \/>\n<meta name=\"twitter:label1\" content=\"Tiempo de lectura\" \/>\n\t<meta name=\"twitter:data1\" content=\"2 minutos\" \/>\n<script type=\"application\/ld+json\" class=\"yoast-schema-graph\">{\"@context\":\"https:\\\/\\\/schema.org\",\"@graph\":[{\"@type\":\"WebPage\",\"@id\":\"https:\\\/\\\/stesa.com\\\/mapas\\\/doc\\\/escudo-de-la-ciudad-de-buenos-aires\\\/\",\"url\":\"https:\\\/\\\/stesa.com\\\/mapas\\\/doc\\\/escudo-de-la-ciudad-de-buenos-aires\\\/\",\"name\":\"Escudo de la Ciudad de Buenos Aires - Galer\u00eda de mapas\",\"isPartOf\":{\"@id\":\"https:\\\/\\\/stesa.com\\\/mapas\\\/#website\"},\"primaryImageOfPage\":{\"@id\":\"https:\\\/\\\/stesa.com\\\/mapas\\\/doc\\\/escudo-de-la-ciudad-de-buenos-aires\\\/#primaryimage\"},\"image\":{\"@id\":\"https:\\\/\\\/stesa.com\\\/mapas\\\/doc\\\/escudo-de-la-ciudad-de-buenos-aires\\\/#primaryimage\"},\"thumbnailUrl\":\"https:\\\/\\\/stesa.com\\\/mapas\\\/wp-content\\\/uploads\\\/20651\\\/Escudo-de-la-ciudad-de-Buenos-Aires.png\",\"datePublished\":\"2026-04-26T18:20:14+00:00\",\"breadcrumb\":{\"@id\":\"https:\\\/\\\/stesa.com\\\/mapas\\\/doc\\\/escudo-de-la-ciudad-de-buenos-aires\\\/#breadcrumb\"},\"inLanguage\":\"es\",\"potentialAction\":[{\"@type\":\"ReadAction\",\"target\":[\"https:\\\/\\\/stesa.com\\\/mapas\\\/doc\\\/escudo-de-la-ciudad-de-buenos-aires\\\/\"]}]},{\"@type\":\"ImageObject\",\"inLanguage\":\"es\",\"@id\":\"https:\\\/\\\/stesa.com\\\/mapas\\\/doc\\\/escudo-de-la-ciudad-de-buenos-aires\\\/#primaryimage\",\"url\":\"https:\\\/\\\/stesa.com\\\/mapas\\\/wp-content\\\/uploads\\\/20651\\\/Escudo-de-la-ciudad-de-Buenos-Aires.png\",\"contentUrl\":\"https:\\\/\\\/stesa.com\\\/mapas\\\/wp-content\\\/uploads\\\/20651\\\/Escudo-de-la-ciudad-de-Buenos-Aires.png\",\"width\":1920,\"height\":2304,\"caption\":\"Escudo de la Ciudad de Buenos Aires.\"},{\"@type\":\"BreadcrumbList\",\"@id\":\"https:\\\/\\\/stesa.com\\\/mapas\\\/doc\\\/escudo-de-la-ciudad-de-buenos-aires\\\/#breadcrumb\",\"itemListElement\":[{\"@type\":\"ListItem\",\"position\":1,\"name\":\"Portada\",\"item\":\"https:\\\/\\\/gifex.com\\\/mapas\\\/\"},{\"@type\":\"ListItem\",\"position\":2,\"name\":\"Escudo de la Ciudad de Buenos Aires\"}]},{\"@type\":\"WebSite\",\"@id\":\"https:\\\/\\\/stesa.com\\\/mapas\\\/#website\",\"url\":\"https:\\\/\\\/stesa.com\\\/mapas\\\/\",\"name\":\"Galer\u00eda de mapas\",\"description\":\"\",\"potentialAction\":[{\"@type\":\"SearchAction\",\"target\":{\"@type\":\"EntryPoint\",\"urlTemplate\":\"https:\\\/\\\/stesa.com\\\/mapas\\\/?s={search_term_string}\"},\"query-input\":{\"@type\":\"PropertyValueSpecification\",\"valueRequired\":true,\"valueName\":\"search_term_string\"}}],\"inLanguage\":\"es\"}]}<\/script>\n<!-- \/ Yoast SEO plugin. -->","yoast_head_json":{"title":"Escudo de la Ciudad de Buenos Aires - Galer\u00eda de mapas","robots":{"index":"index","follow":"follow","max-snippet":"max-snippet:-1","max-image-preview":"max-image-preview:large","max-video-preview":"max-video-preview:-1"},"canonical":"https:\/\/stesa.com\/mapas\/doc\/escudo-de-la-ciudad-de-buenos-aires\/","og_locale":"es_ES","og_type":"article","og_title":"Escudo de la Ciudad de Buenos Aires - Galer\u00eda de mapas","og_description":"El escudo oficial de la Ciudad Aut\u00f3noma de Buenos Aires es un emblema de forma el\u00edptica que sintetiza la identidad hist\u00f3rica y espiritual de la capital ...","og_url":"https:\/\/stesa.com\/mapas\/doc\/escudo-de-la-ciudad-de-buenos-aires\/","og_site_name":"Galer\u00eda de mapas","og_image":[{"width":1920,"height":2304,"url":"https:\/\/stesa.com\/mapas\/wp-content\/uploads\/20651\/Escudo-de-la-ciudad-de-Buenos-Aires.png","type":"image\/png"}],"twitter_card":"summary_large_image","twitter_misc":{"Tiempo de lectura":"2 minutos"},"schema":{"@context":"https:\/\/schema.org","@graph":[{"@type":"WebPage","@id":"https:\/\/stesa.com\/mapas\/doc\/escudo-de-la-ciudad-de-buenos-aires\/","url":"https:\/\/stesa.com\/mapas\/doc\/escudo-de-la-ciudad-de-buenos-aires\/","name":"Escudo de la Ciudad de Buenos Aires - Galer\u00eda de mapas","isPartOf":{"@id":"https:\/\/stesa.com\/mapas\/#website"},"primaryImageOfPage":{"@id":"https:\/\/stesa.com\/mapas\/doc\/escudo-de-la-ciudad-de-buenos-aires\/#primaryimage"},"image":{"@id":"https:\/\/stesa.com\/mapas\/doc\/escudo-de-la-ciudad-de-buenos-aires\/#primaryimage"},"thumbnailUrl":"https:\/\/stesa.com\/mapas\/wp-content\/uploads\/20651\/Escudo-de-la-ciudad-de-Buenos-Aires.png","datePublished":"2026-04-26T18:20:14+00:00","breadcrumb":{"@id":"https:\/\/stesa.com\/mapas\/doc\/escudo-de-la-ciudad-de-buenos-aires\/#breadcrumb"},"inLanguage":"es","potentialAction":[{"@type":"ReadAction","target":["https:\/\/stesa.com\/mapas\/doc\/escudo-de-la-ciudad-de-buenos-aires\/"]}]},{"@type":"ImageObject","inLanguage":"es","@id":"https:\/\/stesa.com\/mapas\/doc\/escudo-de-la-ciudad-de-buenos-aires\/#primaryimage","url":"https:\/\/stesa.com\/mapas\/wp-content\/uploads\/20651\/Escudo-de-la-ciudad-de-Buenos-Aires.png","contentUrl":"https:\/\/stesa.com\/mapas\/wp-content\/uploads\/20651\/Escudo-de-la-ciudad-de-Buenos-Aires.png","width":1920,"height":2304,"caption":"Escudo de la Ciudad de Buenos Aires."},{"@type":"BreadcrumbList","@id":"https:\/\/stesa.com\/mapas\/doc\/escudo-de-la-ciudad-de-buenos-aires\/#breadcrumb","itemListElement":[{"@type":"ListItem","position":1,"name":"Portada","item":"https:\/\/gifex.com\/mapas\/"},{"@type":"ListItem","position":2,"name":"Escudo de la Ciudad de Buenos Aires"}]},{"@type":"WebSite","@id":"https:\/\/stesa.com\/mapas\/#website","url":"https:\/\/stesa.com\/mapas\/","name":"Galer\u00eda de mapas","description":"","potentialAction":[{"@type":"SearchAction","target":{"@type":"EntryPoint","urlTemplate":"https:\/\/stesa.com\/mapas\/?s={search_term_string}"},"query-input":{"@type":"PropertyValueSpecification","valueRequired":true,"valueName":"search_term_string"}}],"inLanguage":"es"}]}},"_links":{"self":[{"href":"https:\/\/stesa.com\/mapas\/wp-json\/wp\/v2\/ficha\/20651","targetHints":{"allow":["GET"]}}],"collection":[{"href":"https:\/\/stesa.com\/mapas\/wp-json\/wp\/v2\/ficha"}],"about":[{"href":"https:\/\/stesa.com\/mapas\/wp-json\/wp\/v2\/types\/ficha"}],"author":[{"embeddable":true,"href":"https:\/\/stesa.com\/mapas\/wp-json\/wp\/v2\/users\/1"}],"version-history":[{"count":1,"href":"https:\/\/stesa.com\/mapas\/wp-json\/wp\/v2\/ficha\/20651\/revisions"}],"predecessor-version":[{"id":20653,"href":"https:\/\/stesa.com\/mapas\/wp-json\/wp\/v2\/ficha\/20651\/revisions\/20653"}],"wp:featuredmedia":[{"embeddable":true,"href":"https:\/\/stesa.com\/mapas\/wp-json\/wp\/v2\/media\/20652"}],"wp:attachment":[{"href":"https:\/\/stesa.com\/mapas\/wp-json\/wp\/v2\/media?parent=20651"}],"wp:term":[{"taxonomy":"categoria_ficha","embeddable":true,"href":"https:\/\/stesa.com\/mapas\/wp-json\/wp\/v2\/categoria_ficha?post=20651"}],"curies":[{"name":"wp","href":"https:\/\/api.w.org\/{rel}","templated":true}]}}

<p>El <strong>escudo oficial de la Ciudad Autónoma de Buenos Aires</strong> es un emblema de forma elíptica que sintetiza la identidad histórica y espiritual de la capital argentina.</p>
<p><strong>Significado de sus componentes</strong></p>
<p>Cada elemento del diseño actual, oficializado en su versión depurada mediante una ley de la Legislatura porteña en noviembre de 2012, tiene un simbolismo específico:</p>
<ul>
<li><strong>La Paloma Blanca</strong>: Representa al Espíritu Santo, bajo cuya protección y advocación religiosa fue confiada la ciudad desde sus orígenes. Aparece en la parte superior con las alas abiertas y rodeada de rayos solares.</li>
<li><strong>Las Dos Naves</strong>: Se observa una carabela y un bergantín del siglo XVI que simbolizan las dos fundaciones de la ciudad: la primera por Pedro de Mendoza (1536) y la segunda por Juan de Garay (1580).</li>
<li><strong>El Río de la Plata</strong>: Representado por las aguas en suave oleaje en la base del óvalo, destacando la ubicación geográfica y el carácter portuario de la urbe.</li>
<li><strong>Ausencia del ancla</strong>: Hasta el año 2012, el escudo incluía un ancla medio sumergida, la cual fue eliminada en la última modificación legal para retornar a un formato más cercano al original de 1856.</li>
</ul>
<p><strong>Diferencia con el «Escudo de Armas»</strong></p>
<p>Es común confundir el escudo oficial con el Escudo de Armas de la ciudad. Este último, que es el que figura en la bandera porteña, muestra un águila negra coronada con cuatro aguiluchos a sus pies y una cruz roja de Calatrava, diseño que remite directamente a las armas otorgadas por Juan de Garay en 1580.</p>

<p>El escudo oficial de la Ciudad Autónoma de Buenos Aires es un emblema de forma elíptica que sintetiza la identidad histórica y espiritual de la capital &#8230;</p>

<!-- This site is optimized with the Yoast SEO plugin v27.4 - https://yoast.com/product/yoast-seo-wordpress/ -->
<title>Escudo de la Ciudad de Buenos Aires - Galería de mapas</title>
<meta name="robots" content="index, follow, max-snippet:-1, max-image-preview:large, max-video-preview:-1" />
<link rel="canonical" href="https://stesa.com/mapas/doc/escudo-de-la-ciudad-de-buenos-aires/" />
<meta property="og:locale" content="es_ES" />
<meta property="og:type" content="article" />
<meta property="og:title" content="Escudo de la Ciudad de Buenos Aires - Galería de mapas" />
<meta property="og:description" content="El escudo oficial de la Ciudad Autónoma de Buenos Aires es un emblema de forma elíptica que sintetiza la identidad histórica y espiritual de la capital ..." />
<meta property="og:url" content="https://stesa.com/mapas/doc/escudo-de-la-ciudad-de-buenos-aires/" />
<meta property="og:site_name" content="Galería de mapas" />
<meta property="og:image" content="https://stesa.com/mapas/wp-content/uploads/20651/Escudo-de-la-ciudad-de-Buenos-Aires.png" />
	<meta property="og:image:width" content="1920" />
	<meta property="og:image:height" content="2304" />
	<meta property="og:image:type" content="image/png" />
<meta name="twitter:card" content="summary_large_image" />
<meta name="twitter:label1" content="Tiempo de lectura" />
	<meta name="twitter:data1" content="2 minutos" />
<script type="application/ld+json" class="yoast-schema-graph">{"@context":"https:\/\/schema.org","@graph":[{"@type":"WebPage","@id":"https:\/\/stesa.com\/mapas\/doc\/escudo-de-la-ciudad-de-buenos-aires\/","url":"https:\/\/stesa.com\/mapas\/doc\/escudo-de-la-ciudad-de-buenos-aires\/","name":"Escudo de la Ciudad de Buenos Aires - Galería de mapas","isPartOf":{"@id":"https:\/\/stesa.com\/mapas\/#website"},"primaryImageOfPage":{"@id":"https:\/\/stesa.com\/mapas\/doc\/escudo-de-la-ciudad-de-buenos-aires\/#primaryimage"},"image":{"@id":"https:\/\/stesa.com\/mapas\/doc\/escudo-de-la-ciudad-de-buenos-aires\/#primaryimage"},"thumbnailUrl":"https:\/\/stesa.com\/mapas\/wp-content\/uploads\/20651\/Escudo-de-la-ciudad-de-Buenos-Aires.png","datePublished":"2026-04-26T18:20:14+00:00","breadcrumb":{"@id":"https:\/\/stesa.com\/mapas\/doc\/escudo-de-la-ciudad-de-buenos-aires\/#breadcrumb"},"inLanguage":"es","potentialAction":[{"@type":"ReadAction","target":["https:\/\/stesa.com\/mapas\/doc\/escudo-de-la-ciudad-de-buenos-aires\/"]}]},{"@type":"ImageObject","inLanguage":"es","@id":"https:\/\/stesa.com\/mapas\/doc\/escudo-de-la-ciudad-de-buenos-aires\/#primaryimage","url":"https:\/\/stesa.com\/mapas\/wp-content\/uploads\/20651\/Escudo-de-la-ciudad-de-Buenos-Aires.png","contentUrl":"https:\/\/stesa.com\/mapas\/wp-content\/uploads\/20651\/Escudo-de-la-ciudad-de-Buenos-Aires.png","width":1920,"height":2304,"caption":"Escudo de la Ciudad de Buenos Aires."},{"@type":"BreadcrumbList","@id":"https:\/\/stesa.com\/mapas\/doc\/escudo-de-la-ciudad-de-buenos-aires\/#breadcrumb","itemListElement":[{"@type":"ListItem","position":1,"name":"Portada","item":"https:\/\/gifex.com\/mapas\/"},{"@type":"ListItem","position":2,"name":"Escudo de la Ciudad de Buenos Aires"}]},{"@type":"WebSite","@id":"https:\/\/stesa.com\/mapas\/#website","url":"https:\/\/stesa.com\/mapas\/","name":"Galería de mapas","description":"","potentialAction":[{"@type":"SearchAction","target":{"@type":"EntryPoint","urlTemplate":"https:\/\/stesa.com\/mapas\/?s={search_term_string}"},"query-input":{"@type":"PropertyValueSpecification","valueRequired":true,"valueName":"search_term_string"}}],"inLanguage":"es"}]}</script>
<!-- / Yoast SEO plugin. -->

Escudo de la Ciudad de Buenos Aires - Galería de mapas

El escudo oficial de la Ciudad Autónoma de Buenos Aires es un emblema de forma elíptica que sintetiza la identidad histórica y espiritual de la capital ...

Galería de mapas
