{"id":20611,"date":"2026-04-26T12:58:46","date_gmt":"2026-04-26T12:58:46","guid":{"rendered":"https:\/\/stesa.com\/mapas\/?post_type=ficha&#038;p=20611"},"modified":"2026-04-26T12:58:46","modified_gmt":"2026-04-26T12:58:46","slug":"mapa-climatico-de-la-provincia-de-buenos-aires","status":"publish","type":"ficha","link":"https:\/\/stesa.com\/mapas\/doc\/mapa-climatico-de-la-provincia-de-buenos-aires\/","title":{"rendered":"Mapa clim\u00e1tico de la provincia de Buenos Aires"},"content":{"rendered":"<p style=\"text-align: center;\"><label style=\"font-size: 15px;\">Mapa de clasificaci\u00f3n clim\u00e1tica de K\u00f6ppen-Geiger para la provincia de Buenos Aires.<\/label><\/p>\n<p><strong>Clima de la provincia de Buenos Aires<\/strong><\/p>\n<p>El clima de la Provincia de Buenos Aires es en general templado, con variaciones seg\u00fan la distancia al mar, la latitud y el relieve. Predominan condiciones favorables para la agricultura, la ganader\u00eda y la vida urbana.<\/p>\n<figure id=\"attachment_20613\" aria-describedby=\"caption-attachment-20613\" style=\"width: 360px\" class=\"wp-caption alignright\"><a href=\"https:\/\/stesa.com\/mapas\/wp-content\/uploads\/20611\/Climas-de-la-provincia-de-Buenos-Aires.jpg\" target=\"_blank\" rel=\"noopener\"><img loading=\"lazy\" decoding=\"async\" class=\"wp-image-20613\" title=\"Climas de la provincia de Buenos Aires.\" src=\"https:\/\/stesa.com\/mapas\/wp-content\/uploads\/20611\/Climas-de-la-provincia-de-Buenos-Aires-263x300.jpg\" alt=\"Climas de la provincia de Buenos Aires.\" width=\"360\" height=\"411\" srcset=\"https:\/\/stesa.com\/mapas\/wp-content\/uploads\/20611\/Climas-de-la-provincia-de-Buenos-Aires-263x300.jpg 263w, https:\/\/stesa.com\/mapas\/wp-content\/uploads\/20611\/Climas-de-la-provincia-de-Buenos-Aires-898x1024.jpg 898w, https:\/\/stesa.com\/mapas\/wp-content\/uploads\/20611\/Climas-de-la-provincia-de-Buenos-Aires-768x876.jpg 768w, https:\/\/stesa.com\/mapas\/wp-content\/uploads\/20611\/Climas-de-la-provincia-de-Buenos-Aires-1346x1536.jpg 1346w, https:\/\/stesa.com\/mapas\/wp-content\/uploads\/20611\/Climas-de-la-provincia-de-Buenos-Aires-1795x2048.jpg 1795w, https:\/\/stesa.com\/mapas\/wp-content\/uploads\/20611\/Climas-de-la-provincia-de-Buenos-Aires-300x342.jpg 300w, https:\/\/stesa.com\/mapas\/wp-content\/uploads\/20611\/Climas-de-la-provincia-de-Buenos-Aires-1402x1600.jpg 1402w, https:\/\/stesa.com\/mapas\/wp-content\/uploads\/20611\/Climas-de-la-provincia-de-Buenos-Aires.jpg 2002w\" sizes=\"auto, (max-width: 360px) 100vw, 360px\" \/><\/a><figcaption id=\"caption-attachment-20613\" class=\"wp-caption-text\"><label style=\"font-size: 15px;\">Climas de la provincia de Buenos Aires.<\/label><\/figcaption><\/figure>\n<p><strong>1. Caracter\u00edsticas generales<\/strong><\/p>\n<ul>\n<li>Veranos c\u00e1lidos a calurosos, especialmente en el norte y oeste.<\/li>\n<li>Inviernos frescos a fr\u00edos, con heladas frecuentes en el interior.<\/li>\n<li>Primavera y oto\u00f1o variables, con cambios bruscos de temperatura.<\/li>\n<li>Precipitaciones distribuidas durante el a\u00f1o, aunque m\u00e1s abundantes en primavera y verano.<\/li>\n<\/ul>\n<p><strong>2. Regiones clim\u00e1ticas<\/strong><\/p>\n<p><strong>Norte y noreste<\/strong><br \/>\nIncluye \u00e1reas cercanas al R\u00edo de la Plata y al l\u00edmite con Uruguay y Entre R\u00edos.<\/p>\n<ul>\n<li>Clima templado h\u00famedo.<\/li>\n<li>Mayor humedad ambiental.<\/li>\n<li>Veranos calurosos.<\/li>\n<li>Inviernos moderados.<\/li>\n<\/ul>\n<p><strong>Centro de la provincia<\/strong><br \/>\nZona de transici\u00f3n entre sectores h\u00famedos y m\u00e1s secos.<\/p>\n<ul>\n<li>Temperaturas templadas.<\/li>\n<li>Buen equilibrio entre lluvias y estaciones marcadas.<\/li>\n<li>Importante \u00e1rea agr\u00edcola.<\/li>\n<\/ul>\n<p><strong>Oeste y sudoeste<\/strong><br \/>\nM\u00e1s continental y seco.<\/p>\n<ul>\n<li>Menores precipitaciones.<\/li>\n<li>Mayor amplitud t\u00e9rmica.<\/li>\n<\/ul>\n","protected":false},"excerpt":{"rendered":"<p>El clima de la Provincia de Buenos Aires es en general templado, con variaciones seg\u00fan la distancia al mar, la latitud y el relieve. Predominan condiciones &#8230;<\/p>\n","protected":false},"author":1,"featured_media":20612,"template":"","categoria_ficha":[2182],"class_list":["post-20611","ficha","type-ficha","status-publish","has-post-thumbnail","hentry","categoria_ficha-mapas-de-la-provincia-de-buenos-aires"],"yoast_head":"<!-- This site is optimized with the Yoast SEO plugin v27.4 - https:\/\/yoast.com\/product\/yoast-seo-wordpress\/ -->\n<title>Mapa clim\u00e1tico de la provincia de Buenos Aires - Galer\u00eda de mapas<\/title>\n<meta name=\"robots\" content=\"index, follow, max-snippet:-1, max-image-preview:large, max-video-preview:-1\" \/>\n<link rel=\"canonical\" href=\"https:\/\/stesa.com\/mapas\/doc\/mapa-climatico-de-la-provincia-de-buenos-aires\/\" \/>\n<meta property=\"og:locale\" content=\"es_ES\" \/>\n<meta property=\"og:type\" content=\"article\" \/>\n<meta property=\"og:title\" content=\"Mapa clim\u00e1tico de la provincia de Buenos Aires - Galer\u00eda de mapas\" \/>\n<meta property=\"og:description\" content=\"El clima de la Provincia de Buenos Aires es en general templado, con variaciones seg\u00fan la distancia al mar, la latitud y el relieve. Predominan condiciones ...\" \/>\n<meta property=\"og:url\" content=\"https:\/\/stesa.com\/mapas\/doc\/mapa-climatico-de-la-provincia-de-buenos-aires\/\" \/>\n<meta property=\"og:site_name\" content=\"Galer\u00eda de mapas\" \/>\n<meta property=\"og:image\" content=\"https:\/\/stesa.com\/mapas\/wp-content\/uploads\/20611\/Mapa-climatico-de-la-provincia-de-Buenos-Aires.png\" \/>\n\t<meta property=\"og:image:width\" content=\"1920\" \/>\n\t<meta property=\"og:image:height\" content=\"2697\" \/>\n\t<meta property=\"og:image:type\" content=\"image\/png\" \/>\n<meta name=\"twitter:card\" content=\"summary_large_image\" \/>\n<meta name=\"twitter:label1\" content=\"Tiempo de lectura\" \/>\n\t<meta name=\"twitter:data1\" content=\"2 minutos\" \/>\n<script type=\"application\/ld+json\" class=\"yoast-schema-graph\">{\"@context\":\"https:\\\/\\\/schema.org\",\"@graph\":[{\"@type\":\"WebPage\",\"@id\":\"https:\\\/\\\/stesa.com\\\/mapas\\\/doc\\\/mapa-climatico-de-la-provincia-de-buenos-aires\\\/\",\"url\":\"https:\\\/\\\/stesa.com\\\/mapas\\\/doc\\\/mapa-climatico-de-la-provincia-de-buenos-aires\\\/\",\"name\":\"Mapa clim\u00e1tico de la provincia de Buenos Aires - Galer\u00eda de mapas\",\"isPartOf\":{\"@id\":\"https:\\\/\\\/stesa.com\\\/mapas\\\/#website\"},\"primaryImageOfPage\":{\"@id\":\"https:\\\/\\\/stesa.com\\\/mapas\\\/doc\\\/mapa-climatico-de-la-provincia-de-buenos-aires\\\/#primaryimage\"},\"image\":{\"@id\":\"https:\\\/\\\/stesa.com\\\/mapas\\\/doc\\\/mapa-climatico-de-la-provincia-de-buenos-aires\\\/#primaryimage\"},\"thumbnailUrl\":\"https:\\\/\\\/stesa.com\\\/mapas\\\/wp-content\\\/uploads\\\/20611\\\/Mapa-climatico-de-la-provincia-de-Buenos-Aires.png\",\"datePublished\":\"2026-04-26T12:58:46+00:00\",\"breadcrumb\":{\"@id\":\"https:\\\/\\\/stesa.com\\\/mapas\\\/doc\\\/mapa-climatico-de-la-provincia-de-buenos-aires\\\/#breadcrumb\"},\"inLanguage\":\"es\",\"potentialAction\":[{\"@type\":\"ReadAction\",\"target\":[\"https:\\\/\\\/stesa.com\\\/mapas\\\/doc\\\/mapa-climatico-de-la-provincia-de-buenos-aires\\\/\"]}]},{\"@type\":\"ImageObject\",\"inLanguage\":\"es\",\"@id\":\"https:\\\/\\\/stesa.com\\\/mapas\\\/doc\\\/mapa-climatico-de-la-provincia-de-buenos-aires\\\/#primaryimage\",\"url\":\"https:\\\/\\\/stesa.com\\\/mapas\\\/wp-content\\\/uploads\\\/20611\\\/Mapa-climatico-de-la-provincia-de-Buenos-Aires.png\",\"contentUrl\":\"https:\\\/\\\/stesa.com\\\/mapas\\\/wp-content\\\/uploads\\\/20611\\\/Mapa-climatico-de-la-provincia-de-Buenos-Aires.png\",\"width\":1920,\"height\":2697,\"caption\":\"Mapa clim\u00e1tico de la provincia de Buenos Aires.\"},{\"@type\":\"BreadcrumbList\",\"@id\":\"https:\\\/\\\/stesa.com\\\/mapas\\\/doc\\\/mapa-climatico-de-la-provincia-de-buenos-aires\\\/#breadcrumb\",\"itemListElement\":[{\"@type\":\"ListItem\",\"position\":1,\"name\":\"Portada\",\"item\":\"https:\\\/\\\/gifex.com\\\/mapas\\\/\"},{\"@type\":\"ListItem\",\"position\":2,\"name\":\"Mapa clim\u00e1tico de la provincia de Buenos Aires\"}]},{\"@type\":\"WebSite\",\"@id\":\"https:\\\/\\\/stesa.com\\\/mapas\\\/#website\",\"url\":\"https:\\\/\\\/stesa.com\\\/mapas\\\/\",\"name\":\"Galer\u00eda de mapas\",\"description\":\"\",\"potentialAction\":[{\"@type\":\"SearchAction\",\"target\":{\"@type\":\"EntryPoint\",\"urlTemplate\":\"https:\\\/\\\/stesa.com\\\/mapas\\\/?s={search_term_string}\"},\"query-input\":{\"@type\":\"PropertyValueSpecification\",\"valueRequired\":true,\"valueName\":\"search_term_string\"}}],\"inLanguage\":\"es\"}]}<\/script>\n<!-- \/ Yoast SEO plugin. -->","yoast_head_json":{"title":"Mapa clim\u00e1tico de la provincia de Buenos Aires - Galer\u00eda de mapas","robots":{"index":"index","follow":"follow","max-snippet":"max-snippet:-1","max-image-preview":"max-image-preview:large","max-video-preview":"max-video-preview:-1"},"canonical":"https:\/\/stesa.com\/mapas\/doc\/mapa-climatico-de-la-provincia-de-buenos-aires\/","og_locale":"es_ES","og_type":"article","og_title":"Mapa clim\u00e1tico de la provincia de Buenos Aires - Galer\u00eda de mapas","og_description":"El clima de la Provincia de Buenos Aires es en general templado, con variaciones seg\u00fan la distancia al mar, la latitud y el relieve. Predominan condiciones ...","og_url":"https:\/\/stesa.com\/mapas\/doc\/mapa-climatico-de-la-provincia-de-buenos-aires\/","og_site_name":"Galer\u00eda de mapas","og_image":[{"width":1920,"height":2697,"url":"https:\/\/stesa.com\/mapas\/wp-content\/uploads\/20611\/Mapa-climatico-de-la-provincia-de-Buenos-Aires.png","type":"image\/png"}],"twitter_card":"summary_large_image","twitter_misc":{"Tiempo de lectura":"2 minutos"},"schema":{"@context":"https:\/\/schema.org","@graph":[{"@type":"WebPage","@id":"https:\/\/stesa.com\/mapas\/doc\/mapa-climatico-de-la-provincia-de-buenos-aires\/","url":"https:\/\/stesa.com\/mapas\/doc\/mapa-climatico-de-la-provincia-de-buenos-aires\/","name":"Mapa clim\u00e1tico de la provincia de Buenos Aires - Galer\u00eda de mapas","isPartOf":{"@id":"https:\/\/stesa.com\/mapas\/#website"},"primaryImageOfPage":{"@id":"https:\/\/stesa.com\/mapas\/doc\/mapa-climatico-de-la-provincia-de-buenos-aires\/#primaryimage"},"image":{"@id":"https:\/\/stesa.com\/mapas\/doc\/mapa-climatico-de-la-provincia-de-buenos-aires\/#primaryimage"},"thumbnailUrl":"https:\/\/stesa.com\/mapas\/wp-content\/uploads\/20611\/Mapa-climatico-de-la-provincia-de-Buenos-Aires.png","datePublished":"2026-04-26T12:58:46+00:00","breadcrumb":{"@id":"https:\/\/stesa.com\/mapas\/doc\/mapa-climatico-de-la-provincia-de-buenos-aires\/#breadcrumb"},"inLanguage":"es","potentialAction":[{"@type":"ReadAction","target":["https:\/\/stesa.com\/mapas\/doc\/mapa-climatico-de-la-provincia-de-buenos-aires\/"]}]},{"@type":"ImageObject","inLanguage":"es","@id":"https:\/\/stesa.com\/mapas\/doc\/mapa-climatico-de-la-provincia-de-buenos-aires\/#primaryimage","url":"https:\/\/stesa.com\/mapas\/wp-content\/uploads\/20611\/Mapa-climatico-de-la-provincia-de-Buenos-Aires.png","contentUrl":"https:\/\/stesa.com\/mapas\/wp-content\/uploads\/20611\/Mapa-climatico-de-la-provincia-de-Buenos-Aires.png","width":1920,"height":2697,"caption":"Mapa clim\u00e1tico de la provincia de Buenos Aires."},{"@type":"BreadcrumbList","@id":"https:\/\/stesa.com\/mapas\/doc\/mapa-climatico-de-la-provincia-de-buenos-aires\/#breadcrumb","itemListElement":[{"@type":"ListItem","position":1,"name":"Portada","item":"https:\/\/gifex.com\/mapas\/"},{"@type":"ListItem","position":2,"name":"Mapa clim\u00e1tico de la provincia de Buenos Aires"}]},{"@type":"WebSite","@id":"https:\/\/stesa.com\/mapas\/#website","url":"https:\/\/stesa.com\/mapas\/","name":"Galer\u00eda de mapas","description":"","potentialAction":[{"@type":"SearchAction","target":{"@type":"EntryPoint","urlTemplate":"https:\/\/stesa.com\/mapas\/?s={search_term_string}"},"query-input":{"@type":"PropertyValueSpecification","valueRequired":true,"valueName":"search_term_string"}}],"inLanguage":"es"}]}},"_links":{"self":[{"href":"https:\/\/stesa.com\/mapas\/wp-json\/wp\/v2\/ficha\/20611","targetHints":{"allow":["GET"]}}],"collection":[{"href":"https:\/\/stesa.com\/mapas\/wp-json\/wp\/v2\/ficha"}],"about":[{"href":"https:\/\/stesa.com\/mapas\/wp-json\/wp\/v2\/types\/ficha"}],"author":[{"embeddable":true,"href":"https:\/\/stesa.com\/mapas\/wp-json\/wp\/v2\/users\/1"}],"version-history":[{"count":1,"href":"https:\/\/stesa.com\/mapas\/wp-json\/wp\/v2\/ficha\/20611\/revisions"}],"predecessor-version":[{"id":20614,"href":"https:\/\/stesa.com\/mapas\/wp-json\/wp\/v2\/ficha\/20611\/revisions\/20614"}],"wp:featuredmedia":[{"embeddable":true,"href":"https:\/\/stesa.com\/mapas\/wp-json\/wp\/v2\/media\/20612"}],"wp:attachment":[{"href":"https:\/\/stesa.com\/mapas\/wp-json\/wp\/v2\/media?parent=20611"}],"wp:term":[{"taxonomy":"categoria_ficha","embeddable":true,"href":"https:\/\/stesa.com\/mapas\/wp-json\/wp\/v2\/categoria_ficha?post=20611"}],"curies":[{"name":"wp","href":"https:\/\/api.w.org\/{rel}","templated":true}]}}

Mapa climático de la provincia de Buenos Aires

<p style="text-align: center;"><label style="font-size: 15px;">Mapa de clasificación climática de Köppen-Geiger para la provincia de Buenos Aires.</label></p>
<p><strong>Clima de la provincia de Buenos Aires</strong></p>
<p>El clima de la Provincia de Buenos Aires es en general templado, con variaciones según la distancia al mar, la latitud y el relieve. Predominan condiciones favorables para la agricultura, la ganadería y la vida urbana.</p>
<figure id="attachment_20613" aria-describedby="caption-attachment-20613" style="width: 360px" class="wp-caption alignright"><a href="https://stesa.com/mapas/wp-content/uploads/20611/Climas-de-la-provincia-de-Buenos-Aires.jpg" target="_blank" rel="noopener"><img loading="lazy" decoding="async" class="wp-image-20613" title="Climas de la provincia de Buenos Aires." src="https://stesa.com/mapas/wp-content/uploads/20611/Climas-de-la-provincia-de-Buenos-Aires-263x300.jpg" alt="Climas de la provincia de Buenos Aires." width="360" height="411" srcset="https://stesa.com/mapas/wp-content/uploads/20611/Climas-de-la-provincia-de-Buenos-Aires-263x300.jpg 263w, https://stesa.com/mapas/wp-content/uploads/20611/Climas-de-la-provincia-de-Buenos-Aires-898x1024.jpg 898w, https://stesa.com/mapas/wp-content/uploads/20611/Climas-de-la-provincia-de-Buenos-Aires-768x876.jpg 768w, https://stesa.com/mapas/wp-content/uploads/20611/Climas-de-la-provincia-de-Buenos-Aires-1346x1536.jpg 1346w, https://stesa.com/mapas/wp-content/uploads/20611/Climas-de-la-provincia-de-Buenos-Aires-1795x2048.jpg 1795w, https://stesa.com/mapas/wp-content/uploads/20611/Climas-de-la-provincia-de-Buenos-Aires-300x342.jpg 300w, https://stesa.com/mapas/wp-content/uploads/20611/Climas-de-la-provincia-de-Buenos-Aires-1402x1600.jpg 1402w, https://stesa.com/mapas/wp-content/uploads/20611/Climas-de-la-provincia-de-Buenos-Aires.jpg 2002w" sizes="auto, (max-width: 360px) 100vw, 360px" /></a><figcaption id="caption-attachment-20613" class="wp-caption-text"><label style="font-size: 15px;">Climas de la provincia de Buenos Aires.</label></figcaption></figure>
<p><strong>1. Características generales</strong></p>
<ul>
<li>Veranos cálidos a calurosos, especialmente en el norte y oeste.</li>
<li>Inviernos frescos a fríos, con heladas frecuentes en el interior.</li>
<li>Primavera y otoño variables, con cambios bruscos de temperatura.</li>
<li>Precipitaciones distribuidas durante el año, aunque más abundantes en primavera y verano.</li>
</ul>
<p><strong>2. Regiones climáticas</strong></p>
<p><strong>Norte y noreste</strong><br />
Incluye áreas cercanas al Río de la Plata y al límite con Uruguay y Entre Ríos.</p>
<ul>
<li>Clima templado húmedo.</li>
<li>Mayor humedad ambiental.</li>
<li>Veranos calurosos.</li>
<li>Inviernos moderados.</li>
</ul>
<p><strong>Centro de la provincia</strong><br />
Zona de transición entre sectores húmedos y más secos.</p>
<ul>
<li>Temperaturas templadas.</li>
<li>Buen equilibrio entre lluvias y estaciones marcadas.</li>
<li>Importante área agrícola.</li>
</ul>
<p><strong>Oeste y sudoeste</strong><br />
Más continental y seco.</p>
<ul>
<li>Menores precipitaciones.</li>
<li>Mayor amplitud térmica.</li>
</ul>

<p>El clima de la Provincia de Buenos Aires es en general templado, con variaciones según la distancia al mar, la latitud y el relieve. Predominan condiciones &#8230;</p>

<!-- This site is optimized with the Yoast SEO plugin v27.4 - https://yoast.com/product/yoast-seo-wordpress/ -->
<title>Mapa climático de la provincia de Buenos Aires - Galería de mapas</title>
<meta name="robots" content="index, follow, max-snippet:-1, max-image-preview:large, max-video-preview:-1" />
<link rel="canonical" href="https://stesa.com/mapas/doc/mapa-climatico-de-la-provincia-de-buenos-aires/" />
<meta property="og:locale" content="es_ES" />
<meta property="og:type" content="article" />
<meta property="og:title" content="Mapa climático de la provincia de Buenos Aires - Galería de mapas" />
<meta property="og:description" content="El clima de la Provincia de Buenos Aires es en general templado, con variaciones según la distancia al mar, la latitud y el relieve. Predominan condiciones ..." />
<meta property="og:url" content="https://stesa.com/mapas/doc/mapa-climatico-de-la-provincia-de-buenos-aires/" />
<meta property="og:site_name" content="Galería de mapas" />
<meta property="og:image" content="https://stesa.com/mapas/wp-content/uploads/20611/Mapa-climatico-de-la-provincia-de-Buenos-Aires.png" />
	<meta property="og:image:width" content="1920" />
	<meta property="og:image:height" content="2697" />
	<meta property="og:image:type" content="image/png" />
<meta name="twitter:card" content="summary_large_image" />
<meta name="twitter:label1" content="Tiempo de lectura" />
	<meta name="twitter:data1" content="2 minutos" />
<script type="application/ld+json" class="yoast-schema-graph">{"@context":"https:\/\/schema.org","@graph":[{"@type":"WebPage","@id":"https:\/\/stesa.com\/mapas\/doc\/mapa-climatico-de-la-provincia-de-buenos-aires\/","url":"https:\/\/stesa.com\/mapas\/doc\/mapa-climatico-de-la-provincia-de-buenos-aires\/","name":"Mapa climático de la provincia de Buenos Aires - Galería de mapas","isPartOf":{"@id":"https:\/\/stesa.com\/mapas\/#website"},"primaryImageOfPage":{"@id":"https:\/\/stesa.com\/mapas\/doc\/mapa-climatico-de-la-provincia-de-buenos-aires\/#primaryimage"},"image":{"@id":"https:\/\/stesa.com\/mapas\/doc\/mapa-climatico-de-la-provincia-de-buenos-aires\/#primaryimage"},"thumbnailUrl":"https:\/\/stesa.com\/mapas\/wp-content\/uploads\/20611\/Mapa-climatico-de-la-provincia-de-Buenos-Aires.png","datePublished":"2026-04-26T12:58:46+00:00","breadcrumb":{"@id":"https:\/\/stesa.com\/mapas\/doc\/mapa-climatico-de-la-provincia-de-buenos-aires\/#breadcrumb"},"inLanguage":"es","potentialAction":[{"@type":"ReadAction","target":["https:\/\/stesa.com\/mapas\/doc\/mapa-climatico-de-la-provincia-de-buenos-aires\/"]}]},{"@type":"ImageObject","inLanguage":"es","@id":"https:\/\/stesa.com\/mapas\/doc\/mapa-climatico-de-la-provincia-de-buenos-aires\/#primaryimage","url":"https:\/\/stesa.com\/mapas\/wp-content\/uploads\/20611\/Mapa-climatico-de-la-provincia-de-Buenos-Aires.png","contentUrl":"https:\/\/stesa.com\/mapas\/wp-content\/uploads\/20611\/Mapa-climatico-de-la-provincia-de-Buenos-Aires.png","width":1920,"height":2697,"caption":"Mapa climático de la provincia de Buenos Aires."},{"@type":"BreadcrumbList","@id":"https:\/\/stesa.com\/mapas\/doc\/mapa-climatico-de-la-provincia-de-buenos-aires\/#breadcrumb","itemListElement":[{"@type":"ListItem","position":1,"name":"Portada","item":"https:\/\/gifex.com\/mapas\/"},{"@type":"ListItem","position":2,"name":"Mapa climático de la provincia de Buenos Aires"}]},{"@type":"WebSite","@id":"https:\/\/stesa.com\/mapas\/#website","url":"https:\/\/stesa.com\/mapas\/","name":"Galería de mapas","description":"","potentialAction":[{"@type":"SearchAction","target":{"@type":"EntryPoint","urlTemplate":"https:\/\/stesa.com\/mapas\/?s={search_term_string}"},"query-input":{"@type":"PropertyValueSpecification","valueRequired":true,"valueName":"search_term_string"}}],"inLanguage":"es"}]}</script>
<!-- / Yoast SEO plugin. -->

Mapa climático de la provincia de Buenos Aires - Galería de mapas

El clima de la Provincia de Buenos Aires es en general templado, con variaciones según la distancia al mar, la latitud y el relieve. Predominan condiciones ...

Galería de mapas

Mapa climático de la provincia de Buenos Aires.
