{"id":20527,"date":"2026-04-25T14:15:04","date_gmt":"2026-04-25T14:15:04","guid":{"rendered":"https:\/\/stesa.com\/mapas\/?post_type=ficha&#038;p=20527"},"modified":"2026-04-25T14:16:03","modified_gmt":"2026-04-25T14:16:03","slug":"mapa-politico-de-la-provincia-de-tierra-del-fuego","status":"publish","type":"ficha","link":"https:\/\/stesa.com\/mapas\/doc\/mapa-politico-de-la-provincia-de-tierra-del-fuego\/","title":{"rendered":"Mapa pol\u00edtico de la provincia de Tierra del Fuego"},"content":{"rendered":"<p style=\"text-align: center;\"><label style=\"font-size: 15px;\">Mapa pol\u00edtico de la provincia de Tierra del Fuego <a href=\"https:\/\/stesa.com\/mapas\/wp-content\/uploads\/20527\/Mapa-politico-de-la-provincia-de-Tierra-del-Fuego.pdf\" target=\"_blank\" rel=\"noopener\">(formato PDF)<\/a>, el mapa incluye territorios cuya soberan\u00eda se encuentra en disputa.<\/label><\/p>\n<p><strong>Divisi\u00f3n pol\u00edtico-administrativa de la provincia de Tierra del Fuego<\/strong><\/p>\n<p>La Tierra del Fuego, Ant\u00e1rtida e Islas del Atl\u00e1ntico Sur posee una organizaci\u00f3n pol\u00edtico-administrativa particular dentro de Argentina. Se divide en 4 departamentos:<\/p>\n<figure id=\"attachment_20530\" aria-describedby=\"caption-attachment-20530\" style=\"width: 360px\" class=\"wp-caption alignright\"><a href=\"https:\/\/stesa.com\/mapas\/wp-content\/uploads\/20527\/Division-politico-administrativa-de-la-provincia-de-.jpg\" target=\"_blank\" rel=\"noopener\"><img loading=\"lazy\" decoding=\"async\" class=\"wp-image-20530\" title=\"Divisi\u00f3n pol\u00edtico-administrativa de la provincia de Tierra del Fuego.\" src=\"https:\/\/stesa.com\/mapas\/wp-content\/uploads\/20527\/Division-politico-administrativa-de-la-provincia-de--300x216.jpg\" alt=\"Divisi\u00f3n pol\u00edtico-administrativa de la provincia de Tierra del Fuego.\" width=\"360\" height=\"259\" srcset=\"https:\/\/stesa.com\/mapas\/wp-content\/uploads\/20527\/Division-politico-administrativa-de-la-provincia-de--300x216.jpg 300w, https:\/\/stesa.com\/mapas\/wp-content\/uploads\/20527\/Division-politico-administrativa-de-la-provincia-de--1024x738.jpg 1024w, https:\/\/stesa.com\/mapas\/wp-content\/uploads\/20527\/Division-politico-administrativa-de-la-provincia-de--768x553.jpg 768w, https:\/\/stesa.com\/mapas\/wp-content\/uploads\/20527\/Division-politico-administrativa-de-la-provincia-de--1536x1107.jpg 1536w, https:\/\/stesa.com\/mapas\/wp-content\/uploads\/20527\/Division-politico-administrativa-de-la-provincia-de--1600x1153.jpg 1600w, https:\/\/stesa.com\/mapas\/wp-content\/uploads\/20527\/Division-politico-administrativa-de-la-provincia-de-.jpg 1760w\" sizes=\"auto, (max-width: 360px) 100vw, 360px\" \/><\/a><figcaption id=\"caption-attachment-20530\" class=\"wp-caption-text\"><label style=\"font-size: 15px;\">Divisi\u00f3n pol\u00edtico-administrativa de la provincia de Tierra del Fuego <a href=\"https:\/\/stesa.com\/mapas\/wp-content\/uploads\/20527\/Division-politico-administrativa-de-la-provincia-de-.pdf\" target=\"_blank\" rel=\"noopener\">(formato PDF)<\/a>, el mapa incluye territorios cuya soberan\u00eda se encuentra en disputa.<\/label><\/figcaption><\/figure>\n<p><strong>Departamentos de Tierra del Fuego<\/strong><\/p>\n<ol>\n<li>Departamento R\u00edo Grande<br \/>\nPrincipal ciudad: R\u00edo Grande<\/li>\n<li>Departamento Ushuaia<br \/>\nPrincipal ciudad: Ushuaia (capital provincial)<\/li>\n<li>Departamento Tolhuin<br \/>\nPrincipal localidad: Tolhuin<\/li>\n<li>Departamento Ant\u00e1rtida Argentina e Islas del Atl\u00e1ntico Sur<br \/>\nIncluye el sector ant\u00e1rtico reclamado por Argentina y archipi\u00e9lagos del Atl\u00e1ntico Sur.<\/li>\n<\/ol>\n<p><strong>Municipios principales<\/strong><\/p>\n<p>Los municipios m\u00e1s importantes son:<\/p>\n<ul>\n<li>Ushuaia<\/li>\n<li>R\u00edo Grande<\/li>\n<li>Tolhuin<\/li>\n<\/ul>\n<p><strong>Caracter\u00edstica especial<\/strong><\/p>\n<p>Es la provincia m\u00e1s austral y la de menor poblaci\u00f3n de Argentina continental, adem\u00e1s de incluir territorios insulares y ant\u00e1rticos dentro de su jurisdicci\u00f3n provincial.<\/p>\n","protected":false},"excerpt":{"rendered":"<p>La Tierra del Fuego, Ant\u00e1rtida e Islas del Atl\u00e1ntico Sur posee una organizaci\u00f3n pol\u00edtico-administrativa particular dentro de Argentina. Se divide en 4 &#8230;<\/p>\n","protected":false},"author":1,"featured_media":20528,"template":"","categoria_ficha":[2203],"class_list":["post-20527","ficha","type-ficha","status-publish","has-post-thumbnail","hentry","categoria_ficha-mapas-de-la-provincia-de-tierra-del-fuego"],"yoast_head":"<!-- This site is optimized with the Yoast SEO plugin v27.4 - https:\/\/yoast.com\/product\/yoast-seo-wordpress\/ -->\n<title>Mapa pol\u00edtico de la provincia de Tierra del Fuego - Galer\u00eda de mapas<\/title>\n<meta name=\"robots\" content=\"index, follow, max-snippet:-1, max-image-preview:large, max-video-preview:-1\" \/>\n<link rel=\"canonical\" href=\"https:\/\/stesa.com\/mapas\/doc\/mapa-politico-de-la-provincia-de-tierra-del-fuego\/\" \/>\n<meta property=\"og:locale\" content=\"es_ES\" \/>\n<meta property=\"og:type\" content=\"article\" \/>\n<meta property=\"og:title\" content=\"Mapa pol\u00edtico de la provincia de Tierra del Fuego - Galer\u00eda de mapas\" \/>\n<meta property=\"og:description\" content=\"La Tierra del Fuego, Ant\u00e1rtida e Islas del Atl\u00e1ntico Sur posee una organizaci\u00f3n pol\u00edtico-administrativa particular dentro de Argentina. Se divide en 4 ...\" \/>\n<meta property=\"og:url\" content=\"https:\/\/stesa.com\/mapas\/doc\/mapa-politico-de-la-provincia-de-tierra-del-fuego\/\" \/>\n<meta property=\"og:site_name\" content=\"Galer\u00eda de mapas\" \/>\n<meta property=\"article:modified_time\" content=\"2026-04-25T14:16:03+00:00\" \/>\n<meta property=\"og:image\" content=\"https:\/\/stesa.com\/mapas\/wp-content\/uploads\/20527\/Mapa-politico-de-la-provincia-de-Tierra-del-Fuego.jpg\" \/>\n\t<meta property=\"og:image:width\" content=\"2425\" \/>\n\t<meta property=\"og:image:height\" content=\"3473\" \/>\n\t<meta property=\"og:image:type\" content=\"image\/jpeg\" \/>\n<meta name=\"twitter:card\" content=\"summary_large_image\" \/>\n<meta name=\"twitter:label1\" content=\"Tiempo de lectura\" \/>\n\t<meta name=\"twitter:data1\" content=\"2 minutos\" \/>\n<script type=\"application\/ld+json\" class=\"yoast-schema-graph\">{\"@context\":\"https:\\\/\\\/schema.org\",\"@graph\":[{\"@type\":\"WebPage\",\"@id\":\"https:\\\/\\\/stesa.com\\\/mapas\\\/doc\\\/mapa-politico-de-la-provincia-de-tierra-del-fuego\\\/\",\"url\":\"https:\\\/\\\/stesa.com\\\/mapas\\\/doc\\\/mapa-politico-de-la-provincia-de-tierra-del-fuego\\\/\",\"name\":\"Mapa pol\u00edtico de la provincia de Tierra del Fuego - Galer\u00eda de mapas\",\"isPartOf\":{\"@id\":\"https:\\\/\\\/stesa.com\\\/mapas\\\/#website\"},\"primaryImageOfPage\":{\"@id\":\"https:\\\/\\\/stesa.com\\\/mapas\\\/doc\\\/mapa-politico-de-la-provincia-de-tierra-del-fuego\\\/#primaryimage\"},\"image\":{\"@id\":\"https:\\\/\\\/stesa.com\\\/mapas\\\/doc\\\/mapa-politico-de-la-provincia-de-tierra-del-fuego\\\/#primaryimage\"},\"thumbnailUrl\":\"https:\\\/\\\/stesa.com\\\/mapas\\\/wp-content\\\/uploads\\\/20527\\\/Mapa-politico-de-la-provincia-de-Tierra-del-Fuego.jpg\",\"datePublished\":\"2026-04-25T14:15:04+00:00\",\"dateModified\":\"2026-04-25T14:16:03+00:00\",\"breadcrumb\":{\"@id\":\"https:\\\/\\\/stesa.com\\\/mapas\\\/doc\\\/mapa-politico-de-la-provincia-de-tierra-del-fuego\\\/#breadcrumb\"},\"inLanguage\":\"es\",\"potentialAction\":[{\"@type\":\"ReadAction\",\"target\":[\"https:\\\/\\\/stesa.com\\\/mapas\\\/doc\\\/mapa-politico-de-la-provincia-de-tierra-del-fuego\\\/\"]}]},{\"@type\":\"ImageObject\",\"inLanguage\":\"es\",\"@id\":\"https:\\\/\\\/stesa.com\\\/mapas\\\/doc\\\/mapa-politico-de-la-provincia-de-tierra-del-fuego\\\/#primaryimage\",\"url\":\"https:\\\/\\\/stesa.com\\\/mapas\\\/wp-content\\\/uploads\\\/20527\\\/Mapa-politico-de-la-provincia-de-Tierra-del-Fuego.jpg\",\"contentUrl\":\"https:\\\/\\\/stesa.com\\\/mapas\\\/wp-content\\\/uploads\\\/20527\\\/Mapa-politico-de-la-provincia-de-Tierra-del-Fuego.jpg\",\"width\":2425,\"height\":3473,\"caption\":\"Mapa pol\u00edtico de la provincia de Tierra del Fuego.\"},{\"@type\":\"BreadcrumbList\",\"@id\":\"https:\\\/\\\/stesa.com\\\/mapas\\\/doc\\\/mapa-politico-de-la-provincia-de-tierra-del-fuego\\\/#breadcrumb\",\"itemListElement\":[{\"@type\":\"ListItem\",\"position\":1,\"name\":\"Portada\",\"item\":\"https:\\\/\\\/gifex.com\\\/mapas\\\/\"},{\"@type\":\"ListItem\",\"position\":2,\"name\":\"Mapa pol\u00edtico de la provincia de Tierra del Fuego\"}]},{\"@type\":\"WebSite\",\"@id\":\"https:\\\/\\\/stesa.com\\\/mapas\\\/#website\",\"url\":\"https:\\\/\\\/stesa.com\\\/mapas\\\/\",\"name\":\"Galer\u00eda de mapas\",\"description\":\"\",\"potentialAction\":[{\"@type\":\"SearchAction\",\"target\":{\"@type\":\"EntryPoint\",\"urlTemplate\":\"https:\\\/\\\/stesa.com\\\/mapas\\\/?s={search_term_string}\"},\"query-input\":{\"@type\":\"PropertyValueSpecification\",\"valueRequired\":true,\"valueName\":\"search_term_string\"}}],\"inLanguage\":\"es\"}]}<\/script>\n<!-- \/ Yoast SEO plugin. -->","yoast_head_json":{"title":"Mapa pol\u00edtico de la provincia de Tierra del Fuego - Galer\u00eda de mapas","robots":{"index":"index","follow":"follow","max-snippet":"max-snippet:-1","max-image-preview":"max-image-preview:large","max-video-preview":"max-video-preview:-1"},"canonical":"https:\/\/stesa.com\/mapas\/doc\/mapa-politico-de-la-provincia-de-tierra-del-fuego\/","og_locale":"es_ES","og_type":"article","og_title":"Mapa pol\u00edtico de la provincia de Tierra del Fuego - Galer\u00eda de mapas","og_description":"La Tierra del Fuego, Ant\u00e1rtida e Islas del Atl\u00e1ntico Sur posee una organizaci\u00f3n pol\u00edtico-administrativa particular dentro de Argentina. Se divide en 4 ...","og_url":"https:\/\/stesa.com\/mapas\/doc\/mapa-politico-de-la-provincia-de-tierra-del-fuego\/","og_site_name":"Galer\u00eda de mapas","article_modified_time":"2026-04-25T14:16:03+00:00","og_image":[{"width":2425,"height":3473,"url":"https:\/\/stesa.com\/mapas\/wp-content\/uploads\/20527\/Mapa-politico-de-la-provincia-de-Tierra-del-Fuego.jpg","type":"image\/jpeg"}],"twitter_card":"summary_large_image","twitter_misc":{"Tiempo de lectura":"2 minutos"},"schema":{"@context":"https:\/\/schema.org","@graph":[{"@type":"WebPage","@id":"https:\/\/stesa.com\/mapas\/doc\/mapa-politico-de-la-provincia-de-tierra-del-fuego\/","url":"https:\/\/stesa.com\/mapas\/doc\/mapa-politico-de-la-provincia-de-tierra-del-fuego\/","name":"Mapa pol\u00edtico de la provincia de Tierra del Fuego - Galer\u00eda de mapas","isPartOf":{"@id":"https:\/\/stesa.com\/mapas\/#website"},"primaryImageOfPage":{"@id":"https:\/\/stesa.com\/mapas\/doc\/mapa-politico-de-la-provincia-de-tierra-del-fuego\/#primaryimage"},"image":{"@id":"https:\/\/stesa.com\/mapas\/doc\/mapa-politico-de-la-provincia-de-tierra-del-fuego\/#primaryimage"},"thumbnailUrl":"https:\/\/stesa.com\/mapas\/wp-content\/uploads\/20527\/Mapa-politico-de-la-provincia-de-Tierra-del-Fuego.jpg","datePublished":"2026-04-25T14:15:04+00:00","dateModified":"2026-04-25T14:16:03+00:00","breadcrumb":{"@id":"https:\/\/stesa.com\/mapas\/doc\/mapa-politico-de-la-provincia-de-tierra-del-fuego\/#breadcrumb"},"inLanguage":"es","potentialAction":[{"@type":"ReadAction","target":["https:\/\/stesa.com\/mapas\/doc\/mapa-politico-de-la-provincia-de-tierra-del-fuego\/"]}]},{"@type":"ImageObject","inLanguage":"es","@id":"https:\/\/stesa.com\/mapas\/doc\/mapa-politico-de-la-provincia-de-tierra-del-fuego\/#primaryimage","url":"https:\/\/stesa.com\/mapas\/wp-content\/uploads\/20527\/Mapa-politico-de-la-provincia-de-Tierra-del-Fuego.jpg","contentUrl":"https:\/\/stesa.com\/mapas\/wp-content\/uploads\/20527\/Mapa-politico-de-la-provincia-de-Tierra-del-Fuego.jpg","width":2425,"height":3473,"caption":"Mapa pol\u00edtico de la provincia de Tierra del Fuego."},{"@type":"BreadcrumbList","@id":"https:\/\/stesa.com\/mapas\/doc\/mapa-politico-de-la-provincia-de-tierra-del-fuego\/#breadcrumb","itemListElement":[{"@type":"ListItem","position":1,"name":"Portada","item":"https:\/\/gifex.com\/mapas\/"},{"@type":"ListItem","position":2,"name":"Mapa pol\u00edtico de la provincia de Tierra del Fuego"}]},{"@type":"WebSite","@id":"https:\/\/stesa.com\/mapas\/#website","url":"https:\/\/stesa.com\/mapas\/","name":"Galer\u00eda de mapas","description":"","potentialAction":[{"@type":"SearchAction","target":{"@type":"EntryPoint","urlTemplate":"https:\/\/stesa.com\/mapas\/?s={search_term_string}"},"query-input":{"@type":"PropertyValueSpecification","valueRequired":true,"valueName":"search_term_string"}}],"inLanguage":"es"}]}},"_links":{"self":[{"href":"https:\/\/stesa.com\/mapas\/wp-json\/wp\/v2\/ficha\/20527","targetHints":{"allow":["GET"]}}],"collection":[{"href":"https:\/\/stesa.com\/mapas\/wp-json\/wp\/v2\/ficha"}],"about":[{"href":"https:\/\/stesa.com\/mapas\/wp-json\/wp\/v2\/types\/ficha"}],"author":[{"embeddable":true,"href":"https:\/\/stesa.com\/mapas\/wp-json\/wp\/v2\/users\/1"}],"version-history":[{"count":2,"href":"https:\/\/stesa.com\/mapas\/wp-json\/wp\/v2\/ficha\/20527\/revisions"}],"predecessor-version":[{"id":20533,"href":"https:\/\/stesa.com\/mapas\/wp-json\/wp\/v2\/ficha\/20527\/revisions\/20533"}],"wp:featuredmedia":[{"embeddable":true,"href":"https:\/\/stesa.com\/mapas\/wp-json\/wp\/v2\/media\/20528"}],"wp:attachment":[{"href":"https:\/\/stesa.com\/mapas\/wp-json\/wp\/v2\/media?parent=20527"}],"wp:term":[{"taxonomy":"categoria_ficha","embeddable":true,"href":"https:\/\/stesa.com\/mapas\/wp-json\/wp\/v2\/categoria_ficha?post=20527"}],"curies":[{"name":"wp","href":"https:\/\/api.w.org\/{rel}","templated":true}]}}

Mapa político de la provincia de Tierra del Fuego

<p style="text-align: center;"><label style="font-size: 15px;">Mapa político de la provincia de Tierra del Fuego <a href="https://stesa.com/mapas/wp-content/uploads/20527/Mapa-politico-de-la-provincia-de-Tierra-del-Fuego.pdf" target="_blank" rel="noopener">(formato PDF)</a>, el mapa incluye territorios cuya soberanía se encuentra en disputa.</label></p>
<p><strong>División político-administrativa de la provincia de Tierra del Fuego</strong></p>
<p>La Tierra del Fuego, Antártida e Islas del Atlántico Sur posee una organización político-administrativa particular dentro de Argentina. Se divide en 4 departamentos:</p>
<figure id="attachment_20530" aria-describedby="caption-attachment-20530" style="width: 360px" class="wp-caption alignright"><a href="https://stesa.com/mapas/wp-content/uploads/20527/Division-politico-administrativa-de-la-provincia-de-.jpg" target="_blank" rel="noopener"><img loading="lazy" decoding="async" class="wp-image-20530" title="División político-administrativa de la provincia de Tierra del Fuego." src="https://stesa.com/mapas/wp-content/uploads/20527/Division-politico-administrativa-de-la-provincia-de--300x216.jpg" alt="División político-administrativa de la provincia de Tierra del Fuego." width="360" height="259" srcset="https://stesa.com/mapas/wp-content/uploads/20527/Division-politico-administrativa-de-la-provincia-de--300x216.jpg 300w, https://stesa.com/mapas/wp-content/uploads/20527/Division-politico-administrativa-de-la-provincia-de--1024x738.jpg 1024w, https://stesa.com/mapas/wp-content/uploads/20527/Division-politico-administrativa-de-la-provincia-de--768x553.jpg 768w, https://stesa.com/mapas/wp-content/uploads/20527/Division-politico-administrativa-de-la-provincia-de--1536x1107.jpg 1536w, https://stesa.com/mapas/wp-content/uploads/20527/Division-politico-administrativa-de-la-provincia-de--1600x1153.jpg 1600w, https://stesa.com/mapas/wp-content/uploads/20527/Division-politico-administrativa-de-la-provincia-de-.jpg 1760w" sizes="auto, (max-width: 360px) 100vw, 360px" /></a><figcaption id="caption-attachment-20530" class="wp-caption-text"><label style="font-size: 15px;">División político-administrativa de la provincia de Tierra del Fuego <a href="https://stesa.com/mapas/wp-content/uploads/20527/Division-politico-administrativa-de-la-provincia-de-.pdf" target="_blank" rel="noopener">(formato PDF)</a>, el mapa incluye territorios cuya soberanía se encuentra en disputa.</label></figcaption></figure>
<p><strong>Departamentos de Tierra del Fuego</strong></p>
<ol>
<li>Departamento Río Grande<br />
Principal ciudad: Río Grande</li>
<li>Departamento Ushuaia<br />
Principal ciudad: Ushuaia (capital provincial)</li>
<li>Departamento Tolhuin<br />
Principal localidad: Tolhuin</li>
<li>Departamento Antártida Argentina e Islas del Atlántico Sur<br />
Incluye el sector antártico reclamado por Argentina y archipiélagos del Atlántico Sur.</li>
</ol>
<p><strong>Municipios principales</strong></p>
<p>Los municipios más importantes son:</p>
<ul>
<li>Ushuaia</li>
<li>Río Grande</li>
<li>Tolhuin</li>
</ul>
<p><strong>Característica especial</strong></p>
<p>Es la provincia más austral y la de menor población de Argentina continental, además de incluir territorios insulares y antárticos dentro de su jurisdicción provincial.</p>

<p>La Tierra del Fuego, Antártida e Islas del Atlántico Sur posee una organización político-administrativa particular dentro de Argentina. Se divide en 4 &#8230;</p>

<!-- This site is optimized with the Yoast SEO plugin v27.4 - https://yoast.com/product/yoast-seo-wordpress/ -->
<title>Mapa político de la provincia de Tierra del Fuego - Galería de mapas</title>
<meta name="robots" content="index, follow, max-snippet:-1, max-image-preview:large, max-video-preview:-1" />
<link rel="canonical" href="https://stesa.com/mapas/doc/mapa-politico-de-la-provincia-de-tierra-del-fuego/" />
<meta property="og:locale" content="es_ES" />
<meta property="og:type" content="article" />
<meta property="og:title" content="Mapa político de la provincia de Tierra del Fuego - Galería de mapas" />
<meta property="og:description" content="La Tierra del Fuego, Antártida e Islas del Atlántico Sur posee una organización político-administrativa particular dentro de Argentina. Se divide en 4 ..." />
<meta property="og:url" content="https://stesa.com/mapas/doc/mapa-politico-de-la-provincia-de-tierra-del-fuego/" />
<meta property="og:site_name" content="Galería de mapas" />
<meta property="article:modified_time" content="2026-04-25T14:16:03+00:00" />
<meta property="og:image" content="https://stesa.com/mapas/wp-content/uploads/20527/Mapa-politico-de-la-provincia-de-Tierra-del-Fuego.jpg" />
	<meta property="og:image:width" content="2425" />
	<meta property="og:image:height" content="3473" />
	<meta property="og:image:type" content="image/jpeg" />
<meta name="twitter:card" content="summary_large_image" />
<meta name="twitter:label1" content="Tiempo de lectura" />
	<meta name="twitter:data1" content="2 minutos" />
<script type="application/ld+json" class="yoast-schema-graph">{"@context":"https:\/\/schema.org","@graph":[{"@type":"WebPage","@id":"https:\/\/stesa.com\/mapas\/doc\/mapa-politico-de-la-provincia-de-tierra-del-fuego\/","url":"https:\/\/stesa.com\/mapas\/doc\/mapa-politico-de-la-provincia-de-tierra-del-fuego\/","name":"Mapa político de la provincia de Tierra del Fuego - Galería de mapas","isPartOf":{"@id":"https:\/\/stesa.com\/mapas\/#website"},"primaryImageOfPage":{"@id":"https:\/\/stesa.com\/mapas\/doc\/mapa-politico-de-la-provincia-de-tierra-del-fuego\/#primaryimage"},"image":{"@id":"https:\/\/stesa.com\/mapas\/doc\/mapa-politico-de-la-provincia-de-tierra-del-fuego\/#primaryimage"},"thumbnailUrl":"https:\/\/stesa.com\/mapas\/wp-content\/uploads\/20527\/Mapa-politico-de-la-provincia-de-Tierra-del-Fuego.jpg","datePublished":"2026-04-25T14:15:04+00:00","dateModified":"2026-04-25T14:16:03+00:00","breadcrumb":{"@id":"https:\/\/stesa.com\/mapas\/doc\/mapa-politico-de-la-provincia-de-tierra-del-fuego\/#breadcrumb"},"inLanguage":"es","potentialAction":[{"@type":"ReadAction","target":["https:\/\/stesa.com\/mapas\/doc\/mapa-politico-de-la-provincia-de-tierra-del-fuego\/"]}]},{"@type":"ImageObject","inLanguage":"es","@id":"https:\/\/stesa.com\/mapas\/doc\/mapa-politico-de-la-provincia-de-tierra-del-fuego\/#primaryimage","url":"https:\/\/stesa.com\/mapas\/wp-content\/uploads\/20527\/Mapa-politico-de-la-provincia-de-Tierra-del-Fuego.jpg","contentUrl":"https:\/\/stesa.com\/mapas\/wp-content\/uploads\/20527\/Mapa-politico-de-la-provincia-de-Tierra-del-Fuego.jpg","width":2425,"height":3473,"caption":"Mapa político de la provincia de Tierra del Fuego."},{"@type":"BreadcrumbList","@id":"https:\/\/stesa.com\/mapas\/doc\/mapa-politico-de-la-provincia-de-tierra-del-fuego\/#breadcrumb","itemListElement":[{"@type":"ListItem","position":1,"name":"Portada","item":"https:\/\/gifex.com\/mapas\/"},{"@type":"ListItem","position":2,"name":"Mapa político de la provincia de Tierra del Fuego"}]},{"@type":"WebSite","@id":"https:\/\/stesa.com\/mapas\/#website","url":"https:\/\/stesa.com\/mapas\/","name":"Galería de mapas","description":"","potentialAction":[{"@type":"SearchAction","target":{"@type":"EntryPoint","urlTemplate":"https:\/\/stesa.com\/mapas\/?s={search_term_string}"},"query-input":{"@type":"PropertyValueSpecification","valueRequired":true,"valueName":"search_term_string"}}],"inLanguage":"es"}]}</script>
<!-- / Yoast SEO plugin. -->

Mapa político de la provincia de Tierra del Fuego - Galería de mapas

La Tierra del Fuego, Antártida e Islas del Atlántico Sur posee una organización político-administrativa particular dentro de Argentina. Se divide en 4 ...

Galería de mapas

Mapa político de la provincia de Tierra del Fuego.
