{"id":20515,"date":"2026-04-25T13:32:56","date_gmt":"2026-04-25T13:32:56","guid":{"rendered":"https:\/\/stesa.com\/mapas\/?post_type=ficha&#038;p=20515"},"modified":"2026-04-25T13:32:56","modified_gmt":"2026-04-25T13:32:56","slug":"escudo-de-la-provincia-de-tierra-del-fuego","status":"publish","type":"ficha","link":"https:\/\/stesa.com\/mapas\/doc\/escudo-de-la-provincia-de-tierra-del-fuego\/","title":{"rendered":"Escudo de la provincia de Tierra del Fuego"},"content":{"rendered":"<p>El escudo de la provincia de Tierra del Fuego, Ant\u00e1rtida e Islas del Atl\u00e1ntico Sur es el emblema oficial que representa la identidad y geograf\u00eda de la regi\u00f3n m\u00e1s austral de Argentina. Fue adoptado oficialmente mediante la Ley Provincial N\u00b0 495 en 1990.<\/p>\n<p><strong>Simbolismo de sus elementos<\/strong><\/p>\n<p>Cada componente del escudo tiene un significado espec\u00edfico vinculado al entorno natural y la historia de la provincia:<\/p>\n<ul>\n<li><strong>El Albatros<\/strong>: Representa al ave caracter\u00edstica de la regi\u00f3n en vuelo, simbolizando la libertad y la comunicaci\u00f3n con el resto del mundo.<\/li>\n<li><strong>La Monta\u00f1a Nevada<\/strong>: Alude a la Cordillera de los Andes, presente en la geograf\u00eda fueguina.<\/li>\n<li><strong>El Sol<\/strong>: Es el \u00abastro rey\u00bb que simboliza la totalidad del hombre y la fuente de vida y esperanza.<\/li>\n<li><strong>Los Ping\u00fcinos<\/strong>: Personifican la fauna austral t\u00edpica de la zona y de la Ant\u00e1rtida.<\/li>\n<li><strong>El Agua<\/strong>: Representa el elemento que rodea a la provincia en sus cuatro puntos cardinales, destacando su car\u00e1cter insular y mar\u00edtimo.<\/li>\n<li><strong>El Fuego<\/strong>: Las lenguas de fuego en los laterales remiten al origen del nombre de la provincia, dado por los navegantes que ve\u00edan las fogatas de los pueblos originarios.<\/li>\n<\/ul>\n","protected":false},"excerpt":{"rendered":"<p>El escudo de la provincia de Tierra del Fuego, Ant\u00e1rtida e Islas del Atl\u00e1ntico Sur es el emblema oficial que representa la identidad y geograf\u00eda de la regi\u00f3n <\/p>\n","protected":false},"author":1,"featured_media":20516,"template":"","categoria_ficha":[2203],"class_list":["post-20515","ficha","type-ficha","status-publish","has-post-thumbnail","hentry","categoria_ficha-mapas-de-la-provincia-de-tierra-del-fuego"],"yoast_head":"<!-- This site is optimized with the Yoast SEO plugin v27.4 - https:\/\/yoast.com\/product\/yoast-seo-wordpress\/ -->\n<title>Escudo de la provincia de Tierra del Fuego - Galer\u00eda de mapas<\/title>\n<meta name=\"robots\" content=\"index, follow, max-snippet:-1, max-image-preview:large, max-video-preview:-1\" \/>\n<link rel=\"canonical\" href=\"https:\/\/stesa.com\/mapas\/doc\/escudo-de-la-provincia-de-tierra-del-fuego\/\" \/>\n<meta property=\"og:locale\" content=\"es_ES\" \/>\n<meta property=\"og:type\" content=\"article\" \/>\n<meta property=\"og:title\" content=\"Escudo de la provincia de Tierra del Fuego - Galer\u00eda de mapas\" \/>\n<meta property=\"og:description\" content=\"El escudo de la provincia de Tierra del Fuego, Ant\u00e1rtida e Islas del Atl\u00e1ntico Sur es el emblema oficial que representa la identidad y geograf\u00eda de la regi\u00f3n\" \/>\n<meta property=\"og:url\" content=\"https:\/\/stesa.com\/mapas\/doc\/escudo-de-la-provincia-de-tierra-del-fuego\/\" \/>\n<meta property=\"og:site_name\" content=\"Galer\u00eda de mapas\" \/>\n<meta property=\"og:image\" content=\"https:\/\/stesa.com\/mapas\/wp-content\/uploads\/20515\/Escudo-de-la-provincia-de-Tierra-del-Fuego.png\" \/>\n\t<meta property=\"og:image:width\" content=\"3840\" \/>\n\t<meta property=\"og:image:height\" content=\"3245\" \/>\n\t<meta property=\"og:image:type\" content=\"image\/png\" \/>\n<meta name=\"twitter:card\" content=\"summary_large_image\" \/>\n<meta name=\"twitter:label1\" content=\"Tiempo de lectura\" \/>\n\t<meta name=\"twitter:data1\" content=\"1 minuto\" \/>\n<script type=\"application\/ld+json\" class=\"yoast-schema-graph\">{\"@context\":\"https:\\\/\\\/schema.org\",\"@graph\":[{\"@type\":\"WebPage\",\"@id\":\"https:\\\/\\\/stesa.com\\\/mapas\\\/doc\\\/escudo-de-la-provincia-de-tierra-del-fuego\\\/\",\"url\":\"https:\\\/\\\/stesa.com\\\/mapas\\\/doc\\\/escudo-de-la-provincia-de-tierra-del-fuego\\\/\",\"name\":\"Escudo de la provincia de Tierra del Fuego - Galer\u00eda de mapas\",\"isPartOf\":{\"@id\":\"https:\\\/\\\/stesa.com\\\/mapas\\\/#website\"},\"primaryImageOfPage\":{\"@id\":\"https:\\\/\\\/stesa.com\\\/mapas\\\/doc\\\/escudo-de-la-provincia-de-tierra-del-fuego\\\/#primaryimage\"},\"image\":{\"@id\":\"https:\\\/\\\/stesa.com\\\/mapas\\\/doc\\\/escudo-de-la-provincia-de-tierra-del-fuego\\\/#primaryimage\"},\"thumbnailUrl\":\"https:\\\/\\\/stesa.com\\\/mapas\\\/wp-content\\\/uploads\\\/20515\\\/Escudo-de-la-provincia-de-Tierra-del-Fuego.png\",\"datePublished\":\"2026-04-25T13:32:56+00:00\",\"breadcrumb\":{\"@id\":\"https:\\\/\\\/stesa.com\\\/mapas\\\/doc\\\/escudo-de-la-provincia-de-tierra-del-fuego\\\/#breadcrumb\"},\"inLanguage\":\"es\",\"potentialAction\":[{\"@type\":\"ReadAction\",\"target\":[\"https:\\\/\\\/stesa.com\\\/mapas\\\/doc\\\/escudo-de-la-provincia-de-tierra-del-fuego\\\/\"]}]},{\"@type\":\"ImageObject\",\"inLanguage\":\"es\",\"@id\":\"https:\\\/\\\/stesa.com\\\/mapas\\\/doc\\\/escudo-de-la-provincia-de-tierra-del-fuego\\\/#primaryimage\",\"url\":\"https:\\\/\\\/stesa.com\\\/mapas\\\/wp-content\\\/uploads\\\/20515\\\/Escudo-de-la-provincia-de-Tierra-del-Fuego.png\",\"contentUrl\":\"https:\\\/\\\/stesa.com\\\/mapas\\\/wp-content\\\/uploads\\\/20515\\\/Escudo-de-la-provincia-de-Tierra-del-Fuego.png\",\"width\":3840,\"height\":3245,\"caption\":\"Escudo de la provincia de Tierra del Fuego.\"},{\"@type\":\"BreadcrumbList\",\"@id\":\"https:\\\/\\\/stesa.com\\\/mapas\\\/doc\\\/escudo-de-la-provincia-de-tierra-del-fuego\\\/#breadcrumb\",\"itemListElement\":[{\"@type\":\"ListItem\",\"position\":1,\"name\":\"Portada\",\"item\":\"https:\\\/\\\/gifex.com\\\/mapas\\\/\"},{\"@type\":\"ListItem\",\"position\":2,\"name\":\"Escudo de la provincia de Tierra del Fuego\"}]},{\"@type\":\"WebSite\",\"@id\":\"https:\\\/\\\/stesa.com\\\/mapas\\\/#website\",\"url\":\"https:\\\/\\\/stesa.com\\\/mapas\\\/\",\"name\":\"Galer\u00eda de mapas\",\"description\":\"\",\"potentialAction\":[{\"@type\":\"SearchAction\",\"target\":{\"@type\":\"EntryPoint\",\"urlTemplate\":\"https:\\\/\\\/stesa.com\\\/mapas\\\/?s={search_term_string}\"},\"query-input\":{\"@type\":\"PropertyValueSpecification\",\"valueRequired\":true,\"valueName\":\"search_term_string\"}}],\"inLanguage\":\"es\"}]}<\/script>\n<!-- \/ Yoast SEO plugin. -->","yoast_head_json":{"title":"Escudo de la provincia de Tierra del Fuego - Galer\u00eda de mapas","robots":{"index":"index","follow":"follow","max-snippet":"max-snippet:-1","max-image-preview":"max-image-preview:large","max-video-preview":"max-video-preview:-1"},"canonical":"https:\/\/stesa.com\/mapas\/doc\/escudo-de-la-provincia-de-tierra-del-fuego\/","og_locale":"es_ES","og_type":"article","og_title":"Escudo de la provincia de Tierra del Fuego - Galer\u00eda de mapas","og_description":"El escudo de la provincia de Tierra del Fuego, Ant\u00e1rtida e Islas del Atl\u00e1ntico Sur es el emblema oficial que representa la identidad y geograf\u00eda de la regi\u00f3n","og_url":"https:\/\/stesa.com\/mapas\/doc\/escudo-de-la-provincia-de-tierra-del-fuego\/","og_site_name":"Galer\u00eda de mapas","og_image":[{"width":3840,"height":3245,"url":"https:\/\/stesa.com\/mapas\/wp-content\/uploads\/20515\/Escudo-de-la-provincia-de-Tierra-del-Fuego.png","type":"image\/png"}],"twitter_card":"summary_large_image","twitter_misc":{"Tiempo de lectura":"1 minuto"},"schema":{"@context":"https:\/\/schema.org","@graph":[{"@type":"WebPage","@id":"https:\/\/stesa.com\/mapas\/doc\/escudo-de-la-provincia-de-tierra-del-fuego\/","url":"https:\/\/stesa.com\/mapas\/doc\/escudo-de-la-provincia-de-tierra-del-fuego\/","name":"Escudo de la provincia de Tierra del Fuego - Galer\u00eda de mapas","isPartOf":{"@id":"https:\/\/stesa.com\/mapas\/#website"},"primaryImageOfPage":{"@id":"https:\/\/stesa.com\/mapas\/doc\/escudo-de-la-provincia-de-tierra-del-fuego\/#primaryimage"},"image":{"@id":"https:\/\/stesa.com\/mapas\/doc\/escudo-de-la-provincia-de-tierra-del-fuego\/#primaryimage"},"thumbnailUrl":"https:\/\/stesa.com\/mapas\/wp-content\/uploads\/20515\/Escudo-de-la-provincia-de-Tierra-del-Fuego.png","datePublished":"2026-04-25T13:32:56+00:00","breadcrumb":{"@id":"https:\/\/stesa.com\/mapas\/doc\/escudo-de-la-provincia-de-tierra-del-fuego\/#breadcrumb"},"inLanguage":"es","potentialAction":[{"@type":"ReadAction","target":["https:\/\/stesa.com\/mapas\/doc\/escudo-de-la-provincia-de-tierra-del-fuego\/"]}]},{"@type":"ImageObject","inLanguage":"es","@id":"https:\/\/stesa.com\/mapas\/doc\/escudo-de-la-provincia-de-tierra-del-fuego\/#primaryimage","url":"https:\/\/stesa.com\/mapas\/wp-content\/uploads\/20515\/Escudo-de-la-provincia-de-Tierra-del-Fuego.png","contentUrl":"https:\/\/stesa.com\/mapas\/wp-content\/uploads\/20515\/Escudo-de-la-provincia-de-Tierra-del-Fuego.png","width":3840,"height":3245,"caption":"Escudo de la provincia de Tierra del Fuego."},{"@type":"BreadcrumbList","@id":"https:\/\/stesa.com\/mapas\/doc\/escudo-de-la-provincia-de-tierra-del-fuego\/#breadcrumb","itemListElement":[{"@type":"ListItem","position":1,"name":"Portada","item":"https:\/\/gifex.com\/mapas\/"},{"@type":"ListItem","position":2,"name":"Escudo de la provincia de Tierra del Fuego"}]},{"@type":"WebSite","@id":"https:\/\/stesa.com\/mapas\/#website","url":"https:\/\/stesa.com\/mapas\/","name":"Galer\u00eda de mapas","description":"","potentialAction":[{"@type":"SearchAction","target":{"@type":"EntryPoint","urlTemplate":"https:\/\/stesa.com\/mapas\/?s={search_term_string}"},"query-input":{"@type":"PropertyValueSpecification","valueRequired":true,"valueName":"search_term_string"}}],"inLanguage":"es"}]}},"_links":{"self":[{"href":"https:\/\/stesa.com\/mapas\/wp-json\/wp\/v2\/ficha\/20515","targetHints":{"allow":["GET"]}}],"collection":[{"href":"https:\/\/stesa.com\/mapas\/wp-json\/wp\/v2\/ficha"}],"about":[{"href":"https:\/\/stesa.com\/mapas\/wp-json\/wp\/v2\/types\/ficha"}],"author":[{"embeddable":true,"href":"https:\/\/stesa.com\/mapas\/wp-json\/wp\/v2\/users\/1"}],"version-history":[{"count":2,"href":"https:\/\/stesa.com\/mapas\/wp-json\/wp\/v2\/ficha\/20515\/revisions"}],"predecessor-version":[{"id":20573,"href":"https:\/\/stesa.com\/mapas\/wp-json\/wp\/v2\/ficha\/20515\/revisions\/20573"}],"wp:featuredmedia":[{"embeddable":true,"href":"https:\/\/stesa.com\/mapas\/wp-json\/wp\/v2\/media\/20516"}],"wp:attachment":[{"href":"https:\/\/stesa.com\/mapas\/wp-json\/wp\/v2\/media?parent=20515"}],"wp:term":[{"taxonomy":"categoria_ficha","embeddable":true,"href":"https:\/\/stesa.com\/mapas\/wp-json\/wp\/v2\/categoria_ficha?post=20515"}],"curies":[{"name":"wp","href":"https:\/\/api.w.org\/{rel}","templated":true}]}}

<p>El escudo de la provincia de Tierra del Fuego, Antártida e Islas del Atlántico Sur es el emblema oficial que representa la identidad y geografía de la región más austral de Argentina. Fue adoptado oficialmente mediante la Ley Provincial N° 495 en 1990.</p>
<p><strong>Simbolismo de sus elementos</strong></p>
<p>Cada componente del escudo tiene un significado específico vinculado al entorno natural y la historia de la provincia:</p>
<ul>
<li><strong>El Albatros</strong>: Representa al ave característica de la región en vuelo, simbolizando la libertad y la comunicación con el resto del mundo.</li>
<li><strong>La Montaña Nevada</strong>: Alude a la Cordillera de los Andes, presente en la geografía fueguina.</li>
<li><strong>El Sol</strong>: Es el «astro rey» que simboliza la totalidad del hombre y la fuente de vida y esperanza.</li>
<li><strong>Los Pingüinos</strong>: Personifican la fauna austral típica de la zona y de la Antártida.</li>
<li><strong>El Agua</strong>: Representa el elemento que rodea a la provincia en sus cuatro puntos cardinales, destacando su carácter insular y marítimo.</li>
<li><strong>El Fuego</strong>: Las lenguas de fuego en los laterales remiten al origen del nombre de la provincia, dado por los navegantes que veían las fogatas de los pueblos originarios.</li>
</ul>

<p>El escudo de la provincia de Tierra del Fuego, Antártida e Islas del Atlántico Sur es el emblema oficial que representa la identidad y geografía de la región </p>

<!-- This site is optimized with the Yoast SEO plugin v27.4 - https://yoast.com/product/yoast-seo-wordpress/ -->
<title>Escudo de la provincia de Tierra del Fuego - Galería de mapas</title>
<meta name="robots" content="index, follow, max-snippet:-1, max-image-preview:large, max-video-preview:-1" />
<link rel="canonical" href="https://stesa.com/mapas/doc/escudo-de-la-provincia-de-tierra-del-fuego/" />
<meta property="og:locale" content="es_ES" />
<meta property="og:type" content="article" />
<meta property="og:title" content="Escudo de la provincia de Tierra del Fuego - Galería de mapas" />
<meta property="og:description" content="El escudo de la provincia de Tierra del Fuego, Antártida e Islas del Atlántico Sur es el emblema oficial que representa la identidad y geografía de la región" />
<meta property="og:url" content="https://stesa.com/mapas/doc/escudo-de-la-provincia-de-tierra-del-fuego/" />
<meta property="og:site_name" content="Galería de mapas" />
<meta property="og:image" content="https://stesa.com/mapas/wp-content/uploads/20515/Escudo-de-la-provincia-de-Tierra-del-Fuego.png" />
	<meta property="og:image:width" content="3840" />
	<meta property="og:image:height" content="3245" />
	<meta property="og:image:type" content="image/png" />
<meta name="twitter:card" content="summary_large_image" />
<meta name="twitter:label1" content="Tiempo de lectura" />
	<meta name="twitter:data1" content="1 minuto" />
<script type="application/ld+json" class="yoast-schema-graph">{"@context":"https:\/\/schema.org","@graph":[{"@type":"WebPage","@id":"https:\/\/stesa.com\/mapas\/doc\/escudo-de-la-provincia-de-tierra-del-fuego\/","url":"https:\/\/stesa.com\/mapas\/doc\/escudo-de-la-provincia-de-tierra-del-fuego\/","name":"Escudo de la provincia de Tierra del Fuego - Galería de mapas","isPartOf":{"@id":"https:\/\/stesa.com\/mapas\/#website"},"primaryImageOfPage":{"@id":"https:\/\/stesa.com\/mapas\/doc\/escudo-de-la-provincia-de-tierra-del-fuego\/#primaryimage"},"image":{"@id":"https:\/\/stesa.com\/mapas\/doc\/escudo-de-la-provincia-de-tierra-del-fuego\/#primaryimage"},"thumbnailUrl":"https:\/\/stesa.com\/mapas\/wp-content\/uploads\/20515\/Escudo-de-la-provincia-de-Tierra-del-Fuego.png","datePublished":"2026-04-25T13:32:56+00:00","breadcrumb":{"@id":"https:\/\/stesa.com\/mapas\/doc\/escudo-de-la-provincia-de-tierra-del-fuego\/#breadcrumb"},"inLanguage":"es","potentialAction":[{"@type":"ReadAction","target":["https:\/\/stesa.com\/mapas\/doc\/escudo-de-la-provincia-de-tierra-del-fuego\/"]}]},{"@type":"ImageObject","inLanguage":"es","@id":"https:\/\/stesa.com\/mapas\/doc\/escudo-de-la-provincia-de-tierra-del-fuego\/#primaryimage","url":"https:\/\/stesa.com\/mapas\/wp-content\/uploads\/20515\/Escudo-de-la-provincia-de-Tierra-del-Fuego.png","contentUrl":"https:\/\/stesa.com\/mapas\/wp-content\/uploads\/20515\/Escudo-de-la-provincia-de-Tierra-del-Fuego.png","width":3840,"height":3245,"caption":"Escudo de la provincia de Tierra del Fuego."},{"@type":"BreadcrumbList","@id":"https:\/\/stesa.com\/mapas\/doc\/escudo-de-la-provincia-de-tierra-del-fuego\/#breadcrumb","itemListElement":[{"@type":"ListItem","position":1,"name":"Portada","item":"https:\/\/gifex.com\/mapas\/"},{"@type":"ListItem","position":2,"name":"Escudo de la provincia de Tierra del Fuego"}]},{"@type":"WebSite","@id":"https:\/\/stesa.com\/mapas\/#website","url":"https:\/\/stesa.com\/mapas\/","name":"Galería de mapas","description":"","potentialAction":[{"@type":"SearchAction","target":{"@type":"EntryPoint","urlTemplate":"https:\/\/stesa.com\/mapas\/?s={search_term_string}"},"query-input":{"@type":"PropertyValueSpecification","valueRequired":true,"valueName":"search_term_string"}}],"inLanguage":"es"}]}</script>
<!-- / Yoast SEO plugin. -->

Escudo de la provincia de Tierra del Fuego - Galería de mapas

El escudo de la provincia de Tierra del Fuego, Antártida e Islas del Atlántico Sur es el emblema oficial que representa la identidad y geografía de la región

Galería de mapas
