{"id":20458,"date":"2026-04-24T23:54:48","date_gmt":"2026-04-24T23:54:48","guid":{"rendered":"https:\/\/stesa.com\/mapas\/?post_type=ficha&#038;p=20458"},"modified":"2026-04-25T01:25:50","modified_gmt":"2026-04-25T01:25:50","slug":"escudo-de-la-provincia-del-neuquen","status":"publish","type":"ficha","link":"https:\/\/stesa.com\/mapas\/doc\/escudo-de-la-provincia-del-neuquen\/","title":{"rendered":"Escudo de la provincia del Neuqu\u00e9n"},"content":{"rendered":"<p>El <strong>escudo de la provincia del Neuqu\u00e9n<\/strong> es un s\u00edmbolo patrio que representa la geograf\u00eda, la flora y la historia de la regi\u00f3n. Fue dise\u00f1ado por Mario Aldo M\u00e1stice, quien gan\u00f3 un concurso para su creaci\u00f3n, y se oficializ\u00f3 el 19 de septiembre de 1958 mediante la Ley Provincial N\u00b0 16.<\/p>\n<p><strong>Significado de sus componentes<\/strong><\/p>\n<p>Cada elemento del escudo tiene un valor simb\u00f3lico espec\u00edfico:<\/p>\n<ul>\n<li><strong>Volc\u00e1n Lan\u00edn<\/strong>: Ubicado en el centro, representa la cordillera de los Andes y la fortaleza y orgullo del pueblo neuquino.<\/li>\n<li><strong>Pehu\u00e9n (Araucaria)<\/strong>: \u00c1rbol milenario y emblem\u00e1tico de la provincia que simboliza la vida y las tradiciones ancestrales.<\/li>\n<li><strong>Manos abiertas y r\u00edos<\/strong>: Las manos en actitud de ofrenda sostienen el flujo de agua que representa a los r\u00edos Neuqu\u00e9n y Limay, arterias vitales de la regi\u00f3n.<\/li>\n<li><strong>16 Estrellas<\/strong>: Representan los 16 departamentos en los que se divide pol\u00edticamente la provincia.<\/li>\n<li><strong>Sol de Mayo: <\/strong>Simboliza el nacimiento de la nueva provincia y la libertad.<\/li>\n<li><strong>Laureles y Colores<\/strong>: Los laureles en la base simbolizan la gloria, mientras que el fondo azul celeste evoca la pertenencia a la Naci\u00f3n Argentina.<\/li>\n<\/ul>\n","protected":false},"excerpt":{"rendered":"<p>El escudo de la provincia del Neuqu\u00e9n es un s\u00edmbolo patrio que representa la geograf&#8230;<\/p>\n","protected":false},"author":1,"featured_media":20459,"template":"","categoria_ficha":[2195],"class_list":["post-20458","ficha","type-ficha","status-publish","has-post-thumbnail","hentry","categoria_ficha-mapas-de-la-provincia-del-neuquen"],"yoast_head":"<!-- This site is optimized with the Yoast SEO plugin v27.4 - https:\/\/yoast.com\/product\/yoast-seo-wordpress\/ -->\n<title>Escudo de la provincia del Neuqu\u00e9n - Galer\u00eda de mapas<\/title>\n<meta name=\"robots\" content=\"index, follow, max-snippet:-1, max-image-preview:large, max-video-preview:-1\" \/>\n<link rel=\"canonical\" href=\"https:\/\/stesa.com\/mapas\/doc\/escudo-de-la-provincia-del-neuquen\/\" \/>\n<meta property=\"og:locale\" content=\"es_ES\" \/>\n<meta property=\"og:type\" content=\"article\" \/>\n<meta property=\"og:title\" content=\"Escudo de la provincia del Neuqu\u00e9n - Galer\u00eda de mapas\" \/>\n<meta property=\"og:description\" content=\"El escudo de la provincia del Neuqu\u00e9n es un s\u00edmbolo patrio que representa la geograf...\" \/>\n<meta property=\"og:url\" content=\"https:\/\/stesa.com\/mapas\/doc\/escudo-de-la-provincia-del-neuquen\/\" \/>\n<meta property=\"og:site_name\" content=\"Galer\u00eda de mapas\" \/>\n<meta property=\"article:modified_time\" content=\"2026-04-25T01:25:50+00:00\" \/>\n<meta property=\"og:image\" content=\"https:\/\/stesa.com\/mapas\/wp-content\/uploads\/20458\/Escudo-de-la-provincia-del-Neuquen.png\" \/>\n\t<meta property=\"og:image:width\" content=\"1920\" \/>\n\t<meta property=\"og:image:height\" content=\"2145\" \/>\n\t<meta property=\"og:image:type\" content=\"image\/png\" \/>\n<meta name=\"twitter:card\" content=\"summary_large_image\" \/>\n<meta name=\"twitter:label1\" content=\"Tiempo de lectura\" \/>\n\t<meta name=\"twitter:data1\" content=\"2 minutos\" \/>\n<script type=\"application\/ld+json\" class=\"yoast-schema-graph\">{\"@context\":\"https:\\\/\\\/schema.org\",\"@graph\":[{\"@type\":\"WebPage\",\"@id\":\"https:\\\/\\\/stesa.com\\\/mapas\\\/doc\\\/escudo-de-la-provincia-del-neuquen\\\/\",\"url\":\"https:\\\/\\\/stesa.com\\\/mapas\\\/doc\\\/escudo-de-la-provincia-del-neuquen\\\/\",\"name\":\"Escudo de la provincia del Neuqu\u00e9n - Galer\u00eda de mapas\",\"isPartOf\":{\"@id\":\"https:\\\/\\\/stesa.com\\\/mapas\\\/#website\"},\"primaryImageOfPage\":{\"@id\":\"https:\\\/\\\/stesa.com\\\/mapas\\\/doc\\\/escudo-de-la-provincia-del-neuquen\\\/#primaryimage\"},\"image\":{\"@id\":\"https:\\\/\\\/stesa.com\\\/mapas\\\/doc\\\/escudo-de-la-provincia-del-neuquen\\\/#primaryimage\"},\"thumbnailUrl\":\"https:\\\/\\\/stesa.com\\\/mapas\\\/wp-content\\\/uploads\\\/20458\\\/Escudo-de-la-provincia-del-Neuquen.png\",\"datePublished\":\"2026-04-24T23:54:48+00:00\",\"dateModified\":\"2026-04-25T01:25:50+00:00\",\"breadcrumb\":{\"@id\":\"https:\\\/\\\/stesa.com\\\/mapas\\\/doc\\\/escudo-de-la-provincia-del-neuquen\\\/#breadcrumb\"},\"inLanguage\":\"es\",\"potentialAction\":[{\"@type\":\"ReadAction\",\"target\":[\"https:\\\/\\\/stesa.com\\\/mapas\\\/doc\\\/escudo-de-la-provincia-del-neuquen\\\/\"]}]},{\"@type\":\"ImageObject\",\"inLanguage\":\"es\",\"@id\":\"https:\\\/\\\/stesa.com\\\/mapas\\\/doc\\\/escudo-de-la-provincia-del-neuquen\\\/#primaryimage\",\"url\":\"https:\\\/\\\/stesa.com\\\/mapas\\\/wp-content\\\/uploads\\\/20458\\\/Escudo-de-la-provincia-del-Neuquen.png\",\"contentUrl\":\"https:\\\/\\\/stesa.com\\\/mapas\\\/wp-content\\\/uploads\\\/20458\\\/Escudo-de-la-provincia-del-Neuquen.png\",\"width\":1920,\"height\":2145,\"caption\":\"Escudo de la provincia del Neuqu\u00e9n.\"},{\"@type\":\"BreadcrumbList\",\"@id\":\"https:\\\/\\\/stesa.com\\\/mapas\\\/doc\\\/escudo-de-la-provincia-del-neuquen\\\/#breadcrumb\",\"itemListElement\":[{\"@type\":\"ListItem\",\"position\":1,\"name\":\"Portada\",\"item\":\"https:\\\/\\\/gifex.com\\\/mapas\\\/\"},{\"@type\":\"ListItem\",\"position\":2,\"name\":\"Escudo de la provincia del Neuqu\u00e9n\"}]},{\"@type\":\"WebSite\",\"@id\":\"https:\\\/\\\/stesa.com\\\/mapas\\\/#website\",\"url\":\"https:\\\/\\\/stesa.com\\\/mapas\\\/\",\"name\":\"Galer\u00eda de mapas\",\"description\":\"\",\"potentialAction\":[{\"@type\":\"SearchAction\",\"target\":{\"@type\":\"EntryPoint\",\"urlTemplate\":\"https:\\\/\\\/stesa.com\\\/mapas\\\/?s={search_term_string}\"},\"query-input\":{\"@type\":\"PropertyValueSpecification\",\"valueRequired\":true,\"valueName\":\"search_term_string\"}}],\"inLanguage\":\"es\"}]}<\/script>\n<!-- \/ Yoast SEO plugin. -->","yoast_head_json":{"title":"Escudo de la provincia del Neuqu\u00e9n - Galer\u00eda de mapas","robots":{"index":"index","follow":"follow","max-snippet":"max-snippet:-1","max-image-preview":"max-image-preview:large","max-video-preview":"max-video-preview:-1"},"canonical":"https:\/\/stesa.com\/mapas\/doc\/escudo-de-la-provincia-del-neuquen\/","og_locale":"es_ES","og_type":"article","og_title":"Escudo de la provincia del Neuqu\u00e9n - Galer\u00eda de mapas","og_description":"El escudo de la provincia del Neuqu\u00e9n es un s\u00edmbolo patrio que representa la geograf...","og_url":"https:\/\/stesa.com\/mapas\/doc\/escudo-de-la-provincia-del-neuquen\/","og_site_name":"Galer\u00eda de mapas","article_modified_time":"2026-04-25T01:25:50+00:00","og_image":[{"width":1920,"height":2145,"url":"https:\/\/stesa.com\/mapas\/wp-content\/uploads\/20458\/Escudo-de-la-provincia-del-Neuquen.png","type":"image\/png"}],"twitter_card":"summary_large_image","twitter_misc":{"Tiempo de lectura":"2 minutos"},"schema":{"@context":"https:\/\/schema.org","@graph":[{"@type":"WebPage","@id":"https:\/\/stesa.com\/mapas\/doc\/escudo-de-la-provincia-del-neuquen\/","url":"https:\/\/stesa.com\/mapas\/doc\/escudo-de-la-provincia-del-neuquen\/","name":"Escudo de la provincia del Neuqu\u00e9n - Galer\u00eda de mapas","isPartOf":{"@id":"https:\/\/stesa.com\/mapas\/#website"},"primaryImageOfPage":{"@id":"https:\/\/stesa.com\/mapas\/doc\/escudo-de-la-provincia-del-neuquen\/#primaryimage"},"image":{"@id":"https:\/\/stesa.com\/mapas\/doc\/escudo-de-la-provincia-del-neuquen\/#primaryimage"},"thumbnailUrl":"https:\/\/stesa.com\/mapas\/wp-content\/uploads\/20458\/Escudo-de-la-provincia-del-Neuquen.png","datePublished":"2026-04-24T23:54:48+00:00","dateModified":"2026-04-25T01:25:50+00:00","breadcrumb":{"@id":"https:\/\/stesa.com\/mapas\/doc\/escudo-de-la-provincia-del-neuquen\/#breadcrumb"},"inLanguage":"es","potentialAction":[{"@type":"ReadAction","target":["https:\/\/stesa.com\/mapas\/doc\/escudo-de-la-provincia-del-neuquen\/"]}]},{"@type":"ImageObject","inLanguage":"es","@id":"https:\/\/stesa.com\/mapas\/doc\/escudo-de-la-provincia-del-neuquen\/#primaryimage","url":"https:\/\/stesa.com\/mapas\/wp-content\/uploads\/20458\/Escudo-de-la-provincia-del-Neuquen.png","contentUrl":"https:\/\/stesa.com\/mapas\/wp-content\/uploads\/20458\/Escudo-de-la-provincia-del-Neuquen.png","width":1920,"height":2145,"caption":"Escudo de la provincia del Neuqu\u00e9n."},{"@type":"BreadcrumbList","@id":"https:\/\/stesa.com\/mapas\/doc\/escudo-de-la-provincia-del-neuquen\/#breadcrumb","itemListElement":[{"@type":"ListItem","position":1,"name":"Portada","item":"https:\/\/gifex.com\/mapas\/"},{"@type":"ListItem","position":2,"name":"Escudo de la provincia del Neuqu\u00e9n"}]},{"@type":"WebSite","@id":"https:\/\/stesa.com\/mapas\/#website","url":"https:\/\/stesa.com\/mapas\/","name":"Galer\u00eda de mapas","description":"","potentialAction":[{"@type":"SearchAction","target":{"@type":"EntryPoint","urlTemplate":"https:\/\/stesa.com\/mapas\/?s={search_term_string}"},"query-input":{"@type":"PropertyValueSpecification","valueRequired":true,"valueName":"search_term_string"}}],"inLanguage":"es"}]}},"_links":{"self":[{"href":"https:\/\/stesa.com\/mapas\/wp-json\/wp\/v2\/ficha\/20458","targetHints":{"allow":["GET"]}}],"collection":[{"href":"https:\/\/stesa.com\/mapas\/wp-json\/wp\/v2\/ficha"}],"about":[{"href":"https:\/\/stesa.com\/mapas\/wp-json\/wp\/v2\/types\/ficha"}],"author":[{"embeddable":true,"href":"https:\/\/stesa.com\/mapas\/wp-json\/wp\/v2\/users\/1"}],"version-history":[{"count":2,"href":"https:\/\/stesa.com\/mapas\/wp-json\/wp\/v2\/ficha\/20458\/revisions"}],"predecessor-version":[{"id":20505,"href":"https:\/\/stesa.com\/mapas\/wp-json\/wp\/v2\/ficha\/20458\/revisions\/20505"}],"wp:featuredmedia":[{"embeddable":true,"href":"https:\/\/stesa.com\/mapas\/wp-json\/wp\/v2\/media\/20459"}],"wp:attachment":[{"href":"https:\/\/stesa.com\/mapas\/wp-json\/wp\/v2\/media?parent=20458"}],"wp:term":[{"taxonomy":"categoria_ficha","embeddable":true,"href":"https:\/\/stesa.com\/mapas\/wp-json\/wp\/v2\/categoria_ficha?post=20458"}],"curies":[{"name":"wp","href":"https:\/\/api.w.org\/{rel}","templated":true}]}}

Escudo de la provincia del Neuquén

<p>El <strong>escudo de la provincia del Neuquén</strong> es un símbolo patrio que representa la geografía, la flora y la historia de la región. Fue diseñado por Mario Aldo Mástice, quien ganó un concurso para su creación, y se oficializó el 19 de septiembre de 1958 mediante la Ley Provincial N° 16.</p>
<p><strong>Significado de sus componentes</strong></p>
<p>Cada elemento del escudo tiene un valor simbólico específico:</p>
<ul>
<li><strong>Volcán Lanín</strong>: Ubicado en el centro, representa la cordillera de los Andes y la fortaleza y orgullo del pueblo neuquino.</li>
<li><strong>Pehuén (Araucaria)</strong>: Árbol milenario y emblemático de la provincia que simboliza la vida y las tradiciones ancestrales.</li>
<li><strong>Manos abiertas y ríos</strong>: Las manos en actitud de ofrenda sostienen el flujo de agua que representa a los ríos Neuquén y Limay, arterias vitales de la región.</li>
<li><strong>16 Estrellas</strong>: Representan los 16 departamentos en los que se divide políticamente la provincia.</li>
<li><strong>Sol de Mayo: </strong>Simboliza el nacimiento de la nueva provincia y la libertad.</li>
<li><strong>Laureles y Colores</strong>: Los laureles en la base simbolizan la gloria, mientras que el fondo azul celeste evoca la pertenencia a la Nación Argentina.</li>
</ul>

<p>El escudo de la provincia del Neuquén es un símbolo patrio que representa la geograf&#8230;</p>

<!-- This site is optimized with the Yoast SEO plugin v27.4 - https://yoast.com/product/yoast-seo-wordpress/ -->
<title>Escudo de la provincia del Neuquén - Galería de mapas</title>
<meta name="robots" content="index, follow, max-snippet:-1, max-image-preview:large, max-video-preview:-1" />
<link rel="canonical" href="https://stesa.com/mapas/doc/escudo-de-la-provincia-del-neuquen/" />
<meta property="og:locale" content="es_ES" />
<meta property="og:type" content="article" />
<meta property="og:title" content="Escudo de la provincia del Neuquén - Galería de mapas" />
<meta property="og:description" content="El escudo de la provincia del Neuquén es un símbolo patrio que representa la geograf..." />
<meta property="og:url" content="https://stesa.com/mapas/doc/escudo-de-la-provincia-del-neuquen/" />
<meta property="og:site_name" content="Galería de mapas" />
<meta property="article:modified_time" content="2026-04-25T01:25:50+00:00" />
<meta property="og:image" content="https://stesa.com/mapas/wp-content/uploads/20458/Escudo-de-la-provincia-del-Neuquen.png" />
	<meta property="og:image:width" content="1920" />
	<meta property="og:image:height" content="2145" />
	<meta property="og:image:type" content="image/png" />
<meta name="twitter:card" content="summary_large_image" />
<meta name="twitter:label1" content="Tiempo de lectura" />
	<meta name="twitter:data1" content="2 minutos" />
<script type="application/ld+json" class="yoast-schema-graph">{"@context":"https:\/\/schema.org","@graph":[{"@type":"WebPage","@id":"https:\/\/stesa.com\/mapas\/doc\/escudo-de-la-provincia-del-neuquen\/","url":"https:\/\/stesa.com\/mapas\/doc\/escudo-de-la-provincia-del-neuquen\/","name":"Escudo de la provincia del Neuquén - Galería de mapas","isPartOf":{"@id":"https:\/\/stesa.com\/mapas\/#website"},"primaryImageOfPage":{"@id":"https:\/\/stesa.com\/mapas\/doc\/escudo-de-la-provincia-del-neuquen\/#primaryimage"},"image":{"@id":"https:\/\/stesa.com\/mapas\/doc\/escudo-de-la-provincia-del-neuquen\/#primaryimage"},"thumbnailUrl":"https:\/\/stesa.com\/mapas\/wp-content\/uploads\/20458\/Escudo-de-la-provincia-del-Neuquen.png","datePublished":"2026-04-24T23:54:48+00:00","dateModified":"2026-04-25T01:25:50+00:00","breadcrumb":{"@id":"https:\/\/stesa.com\/mapas\/doc\/escudo-de-la-provincia-del-neuquen\/#breadcrumb"},"inLanguage":"es","potentialAction":[{"@type":"ReadAction","target":["https:\/\/stesa.com\/mapas\/doc\/escudo-de-la-provincia-del-neuquen\/"]}]},{"@type":"ImageObject","inLanguage":"es","@id":"https:\/\/stesa.com\/mapas\/doc\/escudo-de-la-provincia-del-neuquen\/#primaryimage","url":"https:\/\/stesa.com\/mapas\/wp-content\/uploads\/20458\/Escudo-de-la-provincia-del-Neuquen.png","contentUrl":"https:\/\/stesa.com\/mapas\/wp-content\/uploads\/20458\/Escudo-de-la-provincia-del-Neuquen.png","width":1920,"height":2145,"caption":"Escudo de la provincia del Neuquén."},{"@type":"BreadcrumbList","@id":"https:\/\/stesa.com\/mapas\/doc\/escudo-de-la-provincia-del-neuquen\/#breadcrumb","itemListElement":[{"@type":"ListItem","position":1,"name":"Portada","item":"https:\/\/gifex.com\/mapas\/"},{"@type":"ListItem","position":2,"name":"Escudo de la provincia del Neuquén"}]},{"@type":"WebSite","@id":"https:\/\/stesa.com\/mapas\/#website","url":"https:\/\/stesa.com\/mapas\/","name":"Galería de mapas","description":"","potentialAction":[{"@type":"SearchAction","target":{"@type":"EntryPoint","urlTemplate":"https:\/\/stesa.com\/mapas\/?s={search_term_string}"},"query-input":{"@type":"PropertyValueSpecification","valueRequired":true,"valueName":"search_term_string"}}],"inLanguage":"es"}]}</script>
<!-- / Yoast SEO plugin. -->

Escudo de la provincia del Neuquén - Galería de mapas

El escudo de la provincia del Neuquén es un símbolo patrio que representa la geograf...

Galería de mapas

Escudo de la provincia del Neuquén.
