{"id":20369,"date":"2026-04-24T18:51:42","date_gmt":"2026-04-24T18:51:42","guid":{"rendered":"https:\/\/stesa.com\/mapas\/?post_type=ficha&#038;p=20369"},"modified":"2026-04-24T18:51:42","modified_gmt":"2026-04-24T18:51:42","slug":"escudo-de-la-provincia-del-chaco","status":"publish","type":"ficha","link":"https:\/\/stesa.com\/mapas\/doc\/escudo-de-la-provincia-del-chaco\/","title":{"rendered":"Escudo de la provincia del Chaco"},"content":{"rendered":"<p>El <strong>escudo de la provincia del Chaco<\/strong> fue creado por el historiador y dibujante Carlos Primo L\u00f3pez Piacentini y adoptado oficialmente el 20 de diciembre de 1955. Su dise\u00f1o se inspira en el escudo nacional argentino, pero reemplaza sus elementos centrales por s\u00edmbolos que identifican la geograf\u00eda y econom\u00eda chaque\u00f1a.<\/p>\n<p><strong>Composici\u00f3n y Significado<\/strong><\/p>\n<p>El escudo tiene una forma ovalada dividida horizontalmente en dos campos:<\/p>\n<ul>\n<li><strong>Colores<\/strong>: El campo superior es celeste y el inferior es plata (blanco), representando los colores nacionales.<\/li>\n<li><strong>Elementos Centrales<\/strong>:<\/li>\n<li style=\"list-style-type: none;\">\n<ul>\n<li><strong>La Palmera<\/strong>: S\u00edmbolo de la flora regional y del clima c\u00e1lido del Chaco.<\/li>\n<li><strong>El Arado<\/strong>: Representa la agricultura, base hist\u00f3rica de la riqueza y el trabajo rural en la provincia.<\/li>\n<\/ul>\n<\/li>\n<li><strong>Ornamentos<\/strong>:<\/li>\n<li style=\"list-style-type: none;\">\n<ul>\n<li><strong>Sol Naciente<\/strong>: Ubicado en la parte superior, simboliza el nacimiento de la nueva provincia y la esperanza de prosperidad.<\/li>\n<li><strong>Laureles<\/strong>: Dos ramas de laurel rodean el \u00f3valo, representando la victoria, la gloria y la autonom\u00eda provincial.<\/li>\n<li><strong>Cinta<\/strong>: Un lazo con los colores patrios une las ramas de laurel en la parte inferior.<\/li>\n<\/ul>\n<\/li>\n<\/ul>\n<p>Cada 20 de diciembre se celebra el D\u00eda del Escudo Chaque\u00f1o en conmemoraci\u00f3n a su creaci\u00f3n oficial.<\/p>\n","protected":false},"excerpt":{"rendered":"<p>El escudo de la provincia del Chaco fue creado por el historiador y dibujante Carlos Primo L\u00f3pez Piacentini y adoptado oficialmente el 20 de diciembre de 1955. <\/p>\n","protected":false},"author":1,"featured_media":20370,"template":"","categoria_ficha":[2184],"class_list":["post-20369","ficha","type-ficha","status-publish","has-post-thumbnail","hentry","categoria_ficha-mapas-de-la-provincia-del-chaco"],"yoast_head":"<!-- This site is optimized with the Yoast SEO plugin v27.4 - https:\/\/yoast.com\/product\/yoast-seo-wordpress\/ -->\n<title>Escudo de la provincia del Chaco - Galer\u00eda de mapas<\/title>\n<meta name=\"robots\" content=\"index, follow, max-snippet:-1, max-image-preview:large, max-video-preview:-1\" \/>\n<link rel=\"canonical\" href=\"https:\/\/stesa.com\/mapas\/doc\/escudo-de-la-provincia-del-chaco\/\" \/>\n<meta property=\"og:locale\" content=\"es_ES\" \/>\n<meta property=\"og:type\" content=\"article\" \/>\n<meta property=\"og:title\" content=\"Escudo de la provincia del Chaco - Galer\u00eda de mapas\" \/>\n<meta property=\"og:description\" content=\"El escudo de la provincia del Chaco fue creado por el historiador y dibujante Carlos Primo L\u00f3pez Piacentini y adoptado oficialmente el 20 de diciembre de 1955.\" \/>\n<meta property=\"og:url\" content=\"https:\/\/stesa.com\/mapas\/doc\/escudo-de-la-provincia-del-chaco\/\" \/>\n<meta property=\"og:site_name\" content=\"Galer\u00eda de mapas\" \/>\n<meta property=\"og:image\" content=\"https:\/\/stesa.com\/mapas\/wp-content\/uploads\/20369\/Escudo-de-la-provincia-del-Chaco.png\" \/>\n\t<meta property=\"og:image:width\" content=\"1280\" \/>\n\t<meta property=\"og:image:height\" content=\"2323\" \/>\n\t<meta property=\"og:image:type\" content=\"image\/png\" \/>\n<meta name=\"twitter:card\" content=\"summary_large_image\" \/>\n<meta name=\"twitter:label1\" content=\"Tiempo de lectura\" \/>\n\t<meta name=\"twitter:data1\" content=\"1 minuto\" \/>\n<script type=\"application\/ld+json\" class=\"yoast-schema-graph\">{\"@context\":\"https:\\\/\\\/schema.org\",\"@graph\":[{\"@type\":\"WebPage\",\"@id\":\"https:\\\/\\\/stesa.com\\\/mapas\\\/doc\\\/escudo-de-la-provincia-del-chaco\\\/\",\"url\":\"https:\\\/\\\/stesa.com\\\/mapas\\\/doc\\\/escudo-de-la-provincia-del-chaco\\\/\",\"name\":\"Escudo de la provincia del Chaco - Galer\u00eda de mapas\",\"isPartOf\":{\"@id\":\"https:\\\/\\\/stesa.com\\\/mapas\\\/#website\"},\"primaryImageOfPage\":{\"@id\":\"https:\\\/\\\/stesa.com\\\/mapas\\\/doc\\\/escudo-de-la-provincia-del-chaco\\\/#primaryimage\"},\"image\":{\"@id\":\"https:\\\/\\\/stesa.com\\\/mapas\\\/doc\\\/escudo-de-la-provincia-del-chaco\\\/#primaryimage\"},\"thumbnailUrl\":\"https:\\\/\\\/stesa.com\\\/mapas\\\/wp-content\\\/uploads\\\/20369\\\/Escudo-de-la-provincia-del-Chaco.png\",\"datePublished\":\"2026-04-24T18:51:42+00:00\",\"breadcrumb\":{\"@id\":\"https:\\\/\\\/stesa.com\\\/mapas\\\/doc\\\/escudo-de-la-provincia-del-chaco\\\/#breadcrumb\"},\"inLanguage\":\"es\",\"potentialAction\":[{\"@type\":\"ReadAction\",\"target\":[\"https:\\\/\\\/stesa.com\\\/mapas\\\/doc\\\/escudo-de-la-provincia-del-chaco\\\/\"]}]},{\"@type\":\"ImageObject\",\"inLanguage\":\"es\",\"@id\":\"https:\\\/\\\/stesa.com\\\/mapas\\\/doc\\\/escudo-de-la-provincia-del-chaco\\\/#primaryimage\",\"url\":\"https:\\\/\\\/stesa.com\\\/mapas\\\/wp-content\\\/uploads\\\/20369\\\/Escudo-de-la-provincia-del-Chaco.png\",\"contentUrl\":\"https:\\\/\\\/stesa.com\\\/mapas\\\/wp-content\\\/uploads\\\/20369\\\/Escudo-de-la-provincia-del-Chaco.png\",\"width\":1280,\"height\":2323,\"caption\":\"Escudo de la provincia del Chaco.\"},{\"@type\":\"BreadcrumbList\",\"@id\":\"https:\\\/\\\/stesa.com\\\/mapas\\\/doc\\\/escudo-de-la-provincia-del-chaco\\\/#breadcrumb\",\"itemListElement\":[{\"@type\":\"ListItem\",\"position\":1,\"name\":\"Portada\",\"item\":\"https:\\\/\\\/gifex.com\\\/mapas\\\/\"},{\"@type\":\"ListItem\",\"position\":2,\"name\":\"Escudo de la provincia del Chaco\"}]},{\"@type\":\"WebSite\",\"@id\":\"https:\\\/\\\/stesa.com\\\/mapas\\\/#website\",\"url\":\"https:\\\/\\\/stesa.com\\\/mapas\\\/\",\"name\":\"Galer\u00eda de mapas\",\"description\":\"\",\"potentialAction\":[{\"@type\":\"SearchAction\",\"target\":{\"@type\":\"EntryPoint\",\"urlTemplate\":\"https:\\\/\\\/stesa.com\\\/mapas\\\/?s={search_term_string}\"},\"query-input\":{\"@type\":\"PropertyValueSpecification\",\"valueRequired\":true,\"valueName\":\"search_term_string\"}}],\"inLanguage\":\"es\"}]}<\/script>\n<!-- \/ Yoast SEO plugin. -->","yoast_head_json":{"title":"Escudo de la provincia del Chaco - Galer\u00eda de mapas","robots":{"index":"index","follow":"follow","max-snippet":"max-snippet:-1","max-image-preview":"max-image-preview:large","max-video-preview":"max-video-preview:-1"},"canonical":"https:\/\/stesa.com\/mapas\/doc\/escudo-de-la-provincia-del-chaco\/","og_locale":"es_ES","og_type":"article","og_title":"Escudo de la provincia del Chaco - Galer\u00eda de mapas","og_description":"El escudo de la provincia del Chaco fue creado por el historiador y dibujante Carlos Primo L\u00f3pez Piacentini y adoptado oficialmente el 20 de diciembre de 1955.","og_url":"https:\/\/stesa.com\/mapas\/doc\/escudo-de-la-provincia-del-chaco\/","og_site_name":"Galer\u00eda de mapas","og_image":[{"width":1280,"height":2323,"url":"https:\/\/stesa.com\/mapas\/wp-content\/uploads\/20369\/Escudo-de-la-provincia-del-Chaco.png","type":"image\/png"}],"twitter_card":"summary_large_image","twitter_misc":{"Tiempo de lectura":"1 minuto"},"schema":{"@context":"https:\/\/schema.org","@graph":[{"@type":"WebPage","@id":"https:\/\/stesa.com\/mapas\/doc\/escudo-de-la-provincia-del-chaco\/","url":"https:\/\/stesa.com\/mapas\/doc\/escudo-de-la-provincia-del-chaco\/","name":"Escudo de la provincia del Chaco - Galer\u00eda de mapas","isPartOf":{"@id":"https:\/\/stesa.com\/mapas\/#website"},"primaryImageOfPage":{"@id":"https:\/\/stesa.com\/mapas\/doc\/escudo-de-la-provincia-del-chaco\/#primaryimage"},"image":{"@id":"https:\/\/stesa.com\/mapas\/doc\/escudo-de-la-provincia-del-chaco\/#primaryimage"},"thumbnailUrl":"https:\/\/stesa.com\/mapas\/wp-content\/uploads\/20369\/Escudo-de-la-provincia-del-Chaco.png","datePublished":"2026-04-24T18:51:42+00:00","breadcrumb":{"@id":"https:\/\/stesa.com\/mapas\/doc\/escudo-de-la-provincia-del-chaco\/#breadcrumb"},"inLanguage":"es","potentialAction":[{"@type":"ReadAction","target":["https:\/\/stesa.com\/mapas\/doc\/escudo-de-la-provincia-del-chaco\/"]}]},{"@type":"ImageObject","inLanguage":"es","@id":"https:\/\/stesa.com\/mapas\/doc\/escudo-de-la-provincia-del-chaco\/#primaryimage","url":"https:\/\/stesa.com\/mapas\/wp-content\/uploads\/20369\/Escudo-de-la-provincia-del-Chaco.png","contentUrl":"https:\/\/stesa.com\/mapas\/wp-content\/uploads\/20369\/Escudo-de-la-provincia-del-Chaco.png","width":1280,"height":2323,"caption":"Escudo de la provincia del Chaco."},{"@type":"BreadcrumbList","@id":"https:\/\/stesa.com\/mapas\/doc\/escudo-de-la-provincia-del-chaco\/#breadcrumb","itemListElement":[{"@type":"ListItem","position":1,"name":"Portada","item":"https:\/\/gifex.com\/mapas\/"},{"@type":"ListItem","position":2,"name":"Escudo de la provincia del Chaco"}]},{"@type":"WebSite","@id":"https:\/\/stesa.com\/mapas\/#website","url":"https:\/\/stesa.com\/mapas\/","name":"Galer\u00eda de mapas","description":"","potentialAction":[{"@type":"SearchAction","target":{"@type":"EntryPoint","urlTemplate":"https:\/\/stesa.com\/mapas\/?s={search_term_string}"},"query-input":{"@type":"PropertyValueSpecification","valueRequired":true,"valueName":"search_term_string"}}],"inLanguage":"es"}]}},"_links":{"self":[{"href":"https:\/\/stesa.com\/mapas\/wp-json\/wp\/v2\/ficha\/20369","targetHints":{"allow":["GET"]}}],"collection":[{"href":"https:\/\/stesa.com\/mapas\/wp-json\/wp\/v2\/ficha"}],"about":[{"href":"https:\/\/stesa.com\/mapas\/wp-json\/wp\/v2\/types\/ficha"}],"author":[{"embeddable":true,"href":"https:\/\/stesa.com\/mapas\/wp-json\/wp\/v2\/users\/1"}],"version-history":[{"count":1,"href":"https:\/\/stesa.com\/mapas\/wp-json\/wp\/v2\/ficha\/20369\/revisions"}],"predecessor-version":[{"id":20371,"href":"https:\/\/stesa.com\/mapas\/wp-json\/wp\/v2\/ficha\/20369\/revisions\/20371"}],"wp:featuredmedia":[{"embeddable":true,"href":"https:\/\/stesa.com\/mapas\/wp-json\/wp\/v2\/media\/20370"}],"wp:attachment":[{"href":"https:\/\/stesa.com\/mapas\/wp-json\/wp\/v2\/media?parent=20369"}],"wp:term":[{"taxonomy":"categoria_ficha","embeddable":true,"href":"https:\/\/stesa.com\/mapas\/wp-json\/wp\/v2\/categoria_ficha?post=20369"}],"curies":[{"name":"wp","href":"https:\/\/api.w.org\/{rel}","templated":true}]}}

<p>El <strong>escudo de la provincia del Chaco</strong> fue creado por el historiador y dibujante Carlos Primo López Piacentini y adoptado oficialmente el 20 de diciembre de 1955. Su diseño se inspira en el escudo nacional argentino, pero reemplaza sus elementos centrales por símbolos que identifican la geografía y economía chaqueña.</p>
<p><strong>Composición y Significado</strong></p>
<p>El escudo tiene una forma ovalada dividida horizontalmente en dos campos:</p>
<ul>
<li><strong>Colores</strong>: El campo superior es celeste y el inferior es plata (blanco), representando los colores nacionales.</li>
<li><strong>Elementos Centrales</strong>:</li>
<li style="list-style-type: none;">
<ul>
<li><strong>La Palmera</strong>: Símbolo de la flora regional y del clima cálido del Chaco.</li>
<li><strong>El Arado</strong>: Representa la agricultura, base histórica de la riqueza y el trabajo rural en la provincia.</li>
</ul>
</li>
<li><strong>Ornamentos</strong>:</li>
<li style="list-style-type: none;">
<ul>
<li><strong>Sol Naciente</strong>: Ubicado en la parte superior, simboliza el nacimiento de la nueva provincia y la esperanza de prosperidad.</li>
<li><strong>Laureles</strong>: Dos ramas de laurel rodean el óvalo, representando la victoria, la gloria y la autonomía provincial.</li>
<li><strong>Cinta</strong>: Un lazo con los colores patrios une las ramas de laurel en la parte inferior.</li>
</ul>
</li>
</ul>
<p>Cada 20 de diciembre se celebra el Día del Escudo Chaqueño en conmemoración a su creación oficial.</p>

<p>El escudo de la provincia del Chaco fue creado por el historiador y dibujante Carlos Primo López Piacentini y adoptado oficialmente el 20 de diciembre de 1955. </p>

<!-- This site is optimized with the Yoast SEO plugin v27.4 - https://yoast.com/product/yoast-seo-wordpress/ -->
<title>Escudo de la provincia del Chaco - Galería de mapas</title>
<meta name="robots" content="index, follow, max-snippet:-1, max-image-preview:large, max-video-preview:-1" />
<link rel="canonical" href="https://stesa.com/mapas/doc/escudo-de-la-provincia-del-chaco/" />
<meta property="og:locale" content="es_ES" />
<meta property="og:type" content="article" />
<meta property="og:title" content="Escudo de la provincia del Chaco - Galería de mapas" />
<meta property="og:description" content="El escudo de la provincia del Chaco fue creado por el historiador y dibujante Carlos Primo López Piacentini y adoptado oficialmente el 20 de diciembre de 1955." />
<meta property="og:url" content="https://stesa.com/mapas/doc/escudo-de-la-provincia-del-chaco/" />
<meta property="og:site_name" content="Galería de mapas" />
<meta property="og:image" content="https://stesa.com/mapas/wp-content/uploads/20369/Escudo-de-la-provincia-del-Chaco.png" />
	<meta property="og:image:width" content="1280" />
	<meta property="og:image:height" content="2323" />
	<meta property="og:image:type" content="image/png" />
<meta name="twitter:card" content="summary_large_image" />
<meta name="twitter:label1" content="Tiempo de lectura" />
	<meta name="twitter:data1" content="1 minuto" />
<script type="application/ld+json" class="yoast-schema-graph">{"@context":"https:\/\/schema.org","@graph":[{"@type":"WebPage","@id":"https:\/\/stesa.com\/mapas\/doc\/escudo-de-la-provincia-del-chaco\/","url":"https:\/\/stesa.com\/mapas\/doc\/escudo-de-la-provincia-del-chaco\/","name":"Escudo de la provincia del Chaco - Galería de mapas","isPartOf":{"@id":"https:\/\/stesa.com\/mapas\/#website"},"primaryImageOfPage":{"@id":"https:\/\/stesa.com\/mapas\/doc\/escudo-de-la-provincia-del-chaco\/#primaryimage"},"image":{"@id":"https:\/\/stesa.com\/mapas\/doc\/escudo-de-la-provincia-del-chaco\/#primaryimage"},"thumbnailUrl":"https:\/\/stesa.com\/mapas\/wp-content\/uploads\/20369\/Escudo-de-la-provincia-del-Chaco.png","datePublished":"2026-04-24T18:51:42+00:00","breadcrumb":{"@id":"https:\/\/stesa.com\/mapas\/doc\/escudo-de-la-provincia-del-chaco\/#breadcrumb"},"inLanguage":"es","potentialAction":[{"@type":"ReadAction","target":["https:\/\/stesa.com\/mapas\/doc\/escudo-de-la-provincia-del-chaco\/"]}]},{"@type":"ImageObject","inLanguage":"es","@id":"https:\/\/stesa.com\/mapas\/doc\/escudo-de-la-provincia-del-chaco\/#primaryimage","url":"https:\/\/stesa.com\/mapas\/wp-content\/uploads\/20369\/Escudo-de-la-provincia-del-Chaco.png","contentUrl":"https:\/\/stesa.com\/mapas\/wp-content\/uploads\/20369\/Escudo-de-la-provincia-del-Chaco.png","width":1280,"height":2323,"caption":"Escudo de la provincia del Chaco."},{"@type":"BreadcrumbList","@id":"https:\/\/stesa.com\/mapas\/doc\/escudo-de-la-provincia-del-chaco\/#breadcrumb","itemListElement":[{"@type":"ListItem","position":1,"name":"Portada","item":"https:\/\/gifex.com\/mapas\/"},{"@type":"ListItem","position":2,"name":"Escudo de la provincia del Chaco"}]},{"@type":"WebSite","@id":"https:\/\/stesa.com\/mapas\/#website","url":"https:\/\/stesa.com\/mapas\/","name":"Galería de mapas","description":"","potentialAction":[{"@type":"SearchAction","target":{"@type":"EntryPoint","urlTemplate":"https:\/\/stesa.com\/mapas\/?s={search_term_string}"},"query-input":{"@type":"PropertyValueSpecification","valueRequired":true,"valueName":"search_term_string"}}],"inLanguage":"es"}]}</script>
<!-- / Yoast SEO plugin. -->

Escudo de la provincia del Chaco - Galería de mapas

El escudo de la provincia del Chaco fue creado por el historiador y dibujante Carlos Primo López Piacentini y adoptado oficialmente el 20 de diciembre de 1955.

Galería de mapas
