{"id":20316,"date":"2026-04-24T15:46:52","date_gmt":"2026-04-24T15:46:52","guid":{"rendered":"https:\/\/stesa.com\/mapas\/?post_type=ficha&#038;p=20316"},"modified":"2026-04-24T15:46:52","modified_gmt":"2026-04-24T15:46:52","slug":"escudo-de-la-provincia-de-tucuman","status":"publish","type":"ficha","link":"https:\/\/stesa.com\/mapas\/doc\/escudo-de-la-provincia-de-tucuman\/","title":{"rendered":"Escudo de la provincia de Tucum\u00e1n"},"content":{"rendered":"<p>El <strong>escudo de la provincia de Tucum\u00e1n<\/strong> es el emblema oficial que identifica a esta jurisdicci\u00f3n argentina. Su dise\u00f1o actual es muy similar al Escudo Nacional de Argentina, con la diferencia fundamental de que no posee el Sol de Mayo en la parte superior.<\/p>\n<p><strong>Elementos y Significado<\/strong><\/p>\n<p>Cada componente del blas\u00f3n tiene un simbolismo hist\u00f3rico y patri\u00f3tico:<\/p>\n<ul>\n<li><strong>Forma el\u00edptica<\/strong>: El \u00f3valo est\u00e1 dividido en dos campos: el superior de color azul celeste y el inferior blanco, representando los colores de la bandera nacional.<\/li>\n<li><strong>Antebrazos humanos<\/strong>: Dos brazos desnudos que se estrechan las manos diestras, simbolizando la uni\u00f3n y fraternidad de los pueblos de la provincia.<\/li>\n<li><strong>Pica y Gorro Frigio<\/strong>: Las manos sostienen una pica (lanza corta) que simboliza la defensa de la soberan\u00eda, rematada por un gorro frigio de color gules (rojo), emblema universal de la libertad.<\/li>\n<li><strong>Laureles<\/strong>: Dos ramas de laurel bordean el \u00f3valo, representando el triunfo y la gloria alcanzados en las batallas hist\u00f3ricas de la regi\u00f3n, como la Batalla de Tucum\u00e1n.<\/li>\n<li><strong>Cinta nacional<\/strong>: Las ramas est\u00e1n unidas en la base por un lazo con los colores azul celeste y blanco.<\/li>\n<\/ul>\n","protected":false},"excerpt":{"rendered":"<p>El escudo de la provincia de Tucum\u00e1n es el emblema oficial que identifica a esta jurisdicci\u00f3n argentina. Su dise\u00f1o actual es muy similar al Escudo Nacional &#8230;<\/p>\n","protected":false},"author":1,"featured_media":20317,"template":"","categoria_ficha":[2204],"class_list":["post-20316","ficha","type-ficha","status-publish","has-post-thumbnail","hentry","categoria_ficha-mapas-de-la-provincia-de-tucuman"],"yoast_head":"<!-- This site is optimized with the Yoast SEO plugin v27.4 - https:\/\/yoast.com\/product\/yoast-seo-wordpress\/ -->\n<title>Escudo de la provincia de Tucum\u00e1n - Galer\u00eda de mapas<\/title>\n<meta name=\"robots\" content=\"index, follow, max-snippet:-1, max-image-preview:large, max-video-preview:-1\" \/>\n<link rel=\"canonical\" href=\"https:\/\/stesa.com\/mapas\/doc\/escudo-de-la-provincia-de-tucuman\/\" \/>\n<meta property=\"og:locale\" content=\"es_ES\" \/>\n<meta property=\"og:type\" content=\"article\" \/>\n<meta property=\"og:title\" content=\"Escudo de la provincia de Tucum\u00e1n - Galer\u00eda de mapas\" \/>\n<meta property=\"og:description\" content=\"El escudo de la provincia de Tucum\u00e1n es el emblema oficial que identifica a esta jurisdicci\u00f3n argentina. Su dise\u00f1o actual es muy similar al Escudo Nacional ...\" \/>\n<meta property=\"og:url\" content=\"https:\/\/stesa.com\/mapas\/doc\/escudo-de-la-provincia-de-tucuman\/\" \/>\n<meta property=\"og:site_name\" content=\"Galer\u00eda de mapas\" \/>\n<meta property=\"og:image\" content=\"https:\/\/stesa.com\/mapas\/wp-content\/uploads\/20316\/Escudo-de-la-provincia-de-Tucuman.png\" \/>\n\t<meta property=\"og:image:width\" content=\"1920\" \/>\n\t<meta property=\"og:image:height\" content=\"2387\" \/>\n\t<meta property=\"og:image:type\" content=\"image\/png\" \/>\n<meta name=\"twitter:card\" content=\"summary_large_image\" \/>\n<meta name=\"twitter:label1\" content=\"Tiempo de lectura\" \/>\n\t<meta name=\"twitter:data1\" content=\"1 minuto\" \/>\n<script type=\"application\/ld+json\" class=\"yoast-schema-graph\">{\"@context\":\"https:\\\/\\\/schema.org\",\"@graph\":[{\"@type\":\"WebPage\",\"@id\":\"https:\\\/\\\/stesa.com\\\/mapas\\\/doc\\\/escudo-de-la-provincia-de-tucuman\\\/\",\"url\":\"https:\\\/\\\/stesa.com\\\/mapas\\\/doc\\\/escudo-de-la-provincia-de-tucuman\\\/\",\"name\":\"Escudo de la provincia de Tucum\u00e1n - Galer\u00eda de mapas\",\"isPartOf\":{\"@id\":\"https:\\\/\\\/stesa.com\\\/mapas\\\/#website\"},\"primaryImageOfPage\":{\"@id\":\"https:\\\/\\\/stesa.com\\\/mapas\\\/doc\\\/escudo-de-la-provincia-de-tucuman\\\/#primaryimage\"},\"image\":{\"@id\":\"https:\\\/\\\/stesa.com\\\/mapas\\\/doc\\\/escudo-de-la-provincia-de-tucuman\\\/#primaryimage\"},\"thumbnailUrl\":\"https:\\\/\\\/stesa.com\\\/mapas\\\/wp-content\\\/uploads\\\/20316\\\/Escudo-de-la-provincia-de-Tucuman.png\",\"datePublished\":\"2026-04-24T15:46:52+00:00\",\"breadcrumb\":{\"@id\":\"https:\\\/\\\/stesa.com\\\/mapas\\\/doc\\\/escudo-de-la-provincia-de-tucuman\\\/#breadcrumb\"},\"inLanguage\":\"es\",\"potentialAction\":[{\"@type\":\"ReadAction\",\"target\":[\"https:\\\/\\\/stesa.com\\\/mapas\\\/doc\\\/escudo-de-la-provincia-de-tucuman\\\/\"]}]},{\"@type\":\"ImageObject\",\"inLanguage\":\"es\",\"@id\":\"https:\\\/\\\/stesa.com\\\/mapas\\\/doc\\\/escudo-de-la-provincia-de-tucuman\\\/#primaryimage\",\"url\":\"https:\\\/\\\/stesa.com\\\/mapas\\\/wp-content\\\/uploads\\\/20316\\\/Escudo-de-la-provincia-de-Tucuman.png\",\"contentUrl\":\"https:\\\/\\\/stesa.com\\\/mapas\\\/wp-content\\\/uploads\\\/20316\\\/Escudo-de-la-provincia-de-Tucuman.png\",\"width\":1920,\"height\":2387,\"caption\":\"Escudo de la provincia de Tucum\u00e1n.\"},{\"@type\":\"BreadcrumbList\",\"@id\":\"https:\\\/\\\/stesa.com\\\/mapas\\\/doc\\\/escudo-de-la-provincia-de-tucuman\\\/#breadcrumb\",\"itemListElement\":[{\"@type\":\"ListItem\",\"position\":1,\"name\":\"Portada\",\"item\":\"https:\\\/\\\/gifex.com\\\/mapas\\\/\"},{\"@type\":\"ListItem\",\"position\":2,\"name\":\"Escudo de la provincia de Tucum\u00e1n\"}]},{\"@type\":\"WebSite\",\"@id\":\"https:\\\/\\\/stesa.com\\\/mapas\\\/#website\",\"url\":\"https:\\\/\\\/stesa.com\\\/mapas\\\/\",\"name\":\"Galer\u00eda de mapas\",\"description\":\"\",\"potentialAction\":[{\"@type\":\"SearchAction\",\"target\":{\"@type\":\"EntryPoint\",\"urlTemplate\":\"https:\\\/\\\/stesa.com\\\/mapas\\\/?s={search_term_string}\"},\"query-input\":{\"@type\":\"PropertyValueSpecification\",\"valueRequired\":true,\"valueName\":\"search_term_string\"}}],\"inLanguage\":\"es\"}]}<\/script>\n<!-- \/ Yoast SEO plugin. -->","yoast_head_json":{"title":"Escudo de la provincia de Tucum\u00e1n - Galer\u00eda de mapas","robots":{"index":"index","follow":"follow","max-snippet":"max-snippet:-1","max-image-preview":"max-image-preview:large","max-video-preview":"max-video-preview:-1"},"canonical":"https:\/\/stesa.com\/mapas\/doc\/escudo-de-la-provincia-de-tucuman\/","og_locale":"es_ES","og_type":"article","og_title":"Escudo de la provincia de Tucum\u00e1n - Galer\u00eda de mapas","og_description":"El escudo de la provincia de Tucum\u00e1n es el emblema oficial que identifica a esta jurisdicci\u00f3n argentina. Su dise\u00f1o actual es muy similar al Escudo Nacional ...","og_url":"https:\/\/stesa.com\/mapas\/doc\/escudo-de-la-provincia-de-tucuman\/","og_site_name":"Galer\u00eda de mapas","og_image":[{"width":1920,"height":2387,"url":"https:\/\/stesa.com\/mapas\/wp-content\/uploads\/20316\/Escudo-de-la-provincia-de-Tucuman.png","type":"image\/png"}],"twitter_card":"summary_large_image","twitter_misc":{"Tiempo de lectura":"1 minuto"},"schema":{"@context":"https:\/\/schema.org","@graph":[{"@type":"WebPage","@id":"https:\/\/stesa.com\/mapas\/doc\/escudo-de-la-provincia-de-tucuman\/","url":"https:\/\/stesa.com\/mapas\/doc\/escudo-de-la-provincia-de-tucuman\/","name":"Escudo de la provincia de Tucum\u00e1n - Galer\u00eda de mapas","isPartOf":{"@id":"https:\/\/stesa.com\/mapas\/#website"},"primaryImageOfPage":{"@id":"https:\/\/stesa.com\/mapas\/doc\/escudo-de-la-provincia-de-tucuman\/#primaryimage"},"image":{"@id":"https:\/\/stesa.com\/mapas\/doc\/escudo-de-la-provincia-de-tucuman\/#primaryimage"},"thumbnailUrl":"https:\/\/stesa.com\/mapas\/wp-content\/uploads\/20316\/Escudo-de-la-provincia-de-Tucuman.png","datePublished":"2026-04-24T15:46:52+00:00","breadcrumb":{"@id":"https:\/\/stesa.com\/mapas\/doc\/escudo-de-la-provincia-de-tucuman\/#breadcrumb"},"inLanguage":"es","potentialAction":[{"@type":"ReadAction","target":["https:\/\/stesa.com\/mapas\/doc\/escudo-de-la-provincia-de-tucuman\/"]}]},{"@type":"ImageObject","inLanguage":"es","@id":"https:\/\/stesa.com\/mapas\/doc\/escudo-de-la-provincia-de-tucuman\/#primaryimage","url":"https:\/\/stesa.com\/mapas\/wp-content\/uploads\/20316\/Escudo-de-la-provincia-de-Tucuman.png","contentUrl":"https:\/\/stesa.com\/mapas\/wp-content\/uploads\/20316\/Escudo-de-la-provincia-de-Tucuman.png","width":1920,"height":2387,"caption":"Escudo de la provincia de Tucum\u00e1n."},{"@type":"BreadcrumbList","@id":"https:\/\/stesa.com\/mapas\/doc\/escudo-de-la-provincia-de-tucuman\/#breadcrumb","itemListElement":[{"@type":"ListItem","position":1,"name":"Portada","item":"https:\/\/gifex.com\/mapas\/"},{"@type":"ListItem","position":2,"name":"Escudo de la provincia de Tucum\u00e1n"}]},{"@type":"WebSite","@id":"https:\/\/stesa.com\/mapas\/#website","url":"https:\/\/stesa.com\/mapas\/","name":"Galer\u00eda de mapas","description":"","potentialAction":[{"@type":"SearchAction","target":{"@type":"EntryPoint","urlTemplate":"https:\/\/stesa.com\/mapas\/?s={search_term_string}"},"query-input":{"@type":"PropertyValueSpecification","valueRequired":true,"valueName":"search_term_string"}}],"inLanguage":"es"}]}},"_links":{"self":[{"href":"https:\/\/stesa.com\/mapas\/wp-json\/wp\/v2\/ficha\/20316","targetHints":{"allow":["GET"]}}],"collection":[{"href":"https:\/\/stesa.com\/mapas\/wp-json\/wp\/v2\/ficha"}],"about":[{"href":"https:\/\/stesa.com\/mapas\/wp-json\/wp\/v2\/types\/ficha"}],"author":[{"embeddable":true,"href":"https:\/\/stesa.com\/mapas\/wp-json\/wp\/v2\/users\/1"}],"version-history":[{"count":1,"href":"https:\/\/stesa.com\/mapas\/wp-json\/wp\/v2\/ficha\/20316\/revisions"}],"predecessor-version":[{"id":20318,"href":"https:\/\/stesa.com\/mapas\/wp-json\/wp\/v2\/ficha\/20316\/revisions\/20318"}],"wp:featuredmedia":[{"embeddable":true,"href":"https:\/\/stesa.com\/mapas\/wp-json\/wp\/v2\/media\/20317"}],"wp:attachment":[{"href":"https:\/\/stesa.com\/mapas\/wp-json\/wp\/v2\/media?parent=20316"}],"wp:term":[{"taxonomy":"categoria_ficha","embeddable":true,"href":"https:\/\/stesa.com\/mapas\/wp-json\/wp\/v2\/categoria_ficha?post=20316"}],"curies":[{"name":"wp","href":"https:\/\/api.w.org\/{rel}","templated":true}]}}

Escudo de la provincia de Tucumán

<p>El <strong>escudo de la provincia de Tucumán</strong> es el emblema oficial que identifica a esta jurisdicción argentina. Su diseño actual es muy similar al Escudo Nacional de Argentina, con la diferencia fundamental de que no posee el Sol de Mayo en la parte superior.</p>
<p><strong>Elementos y Significado</strong></p>
<p>Cada componente del blasón tiene un simbolismo histórico y patriótico:</p>
<ul>
<li><strong>Forma elíptica</strong>: El óvalo está dividido en dos campos: el superior de color azul celeste y el inferior blanco, representando los colores de la bandera nacional.</li>
<li><strong>Antebrazos humanos</strong>: Dos brazos desnudos que se estrechan las manos diestras, simbolizando la unión y fraternidad de los pueblos de la provincia.</li>
<li><strong>Pica y Gorro Frigio</strong>: Las manos sostienen una pica (lanza corta) que simboliza la defensa de la soberanía, rematada por un gorro frigio de color gules (rojo), emblema universal de la libertad.</li>
<li><strong>Laureles</strong>: Dos ramas de laurel bordean el óvalo, representando el triunfo y la gloria alcanzados en las batallas históricas de la región, como la Batalla de Tucumán.</li>
<li><strong>Cinta nacional</strong>: Las ramas están unidas en la base por un lazo con los colores azul celeste y blanco.</li>
</ul>

<p>El escudo de la provincia de Tucumán es el emblema oficial que identifica a esta jurisdicción argentina. Su diseño actual es muy similar al Escudo Nacional &#8230;</p>

<!-- This site is optimized with the Yoast SEO plugin v27.4 - https://yoast.com/product/yoast-seo-wordpress/ -->
<title>Escudo de la provincia de Tucumán - Galería de mapas</title>
<meta name="robots" content="index, follow, max-snippet:-1, max-image-preview:large, max-video-preview:-1" />
<link rel="canonical" href="https://stesa.com/mapas/doc/escudo-de-la-provincia-de-tucuman/" />
<meta property="og:locale" content="es_ES" />
<meta property="og:type" content="article" />
<meta property="og:title" content="Escudo de la provincia de Tucumán - Galería de mapas" />
<meta property="og:description" content="El escudo de la provincia de Tucumán es el emblema oficial que identifica a esta jurisdicción argentina. Su diseño actual es muy similar al Escudo Nacional ..." />
<meta property="og:url" content="https://stesa.com/mapas/doc/escudo-de-la-provincia-de-tucuman/" />
<meta property="og:site_name" content="Galería de mapas" />
<meta property="og:image" content="https://stesa.com/mapas/wp-content/uploads/20316/Escudo-de-la-provincia-de-Tucuman.png" />
	<meta property="og:image:width" content="1920" />
	<meta property="og:image:height" content="2387" />
	<meta property="og:image:type" content="image/png" />
<meta name="twitter:card" content="summary_large_image" />
<meta name="twitter:label1" content="Tiempo de lectura" />
	<meta name="twitter:data1" content="1 minuto" />
<script type="application/ld+json" class="yoast-schema-graph">{"@context":"https:\/\/schema.org","@graph":[{"@type":"WebPage","@id":"https:\/\/stesa.com\/mapas\/doc\/escudo-de-la-provincia-de-tucuman\/","url":"https:\/\/stesa.com\/mapas\/doc\/escudo-de-la-provincia-de-tucuman\/","name":"Escudo de la provincia de Tucumán - Galería de mapas","isPartOf":{"@id":"https:\/\/stesa.com\/mapas\/#website"},"primaryImageOfPage":{"@id":"https:\/\/stesa.com\/mapas\/doc\/escudo-de-la-provincia-de-tucuman\/#primaryimage"},"image":{"@id":"https:\/\/stesa.com\/mapas\/doc\/escudo-de-la-provincia-de-tucuman\/#primaryimage"},"thumbnailUrl":"https:\/\/stesa.com\/mapas\/wp-content\/uploads\/20316\/Escudo-de-la-provincia-de-Tucuman.png","datePublished":"2026-04-24T15:46:52+00:00","breadcrumb":{"@id":"https:\/\/stesa.com\/mapas\/doc\/escudo-de-la-provincia-de-tucuman\/#breadcrumb"},"inLanguage":"es","potentialAction":[{"@type":"ReadAction","target":["https:\/\/stesa.com\/mapas\/doc\/escudo-de-la-provincia-de-tucuman\/"]}]},{"@type":"ImageObject","inLanguage":"es","@id":"https:\/\/stesa.com\/mapas\/doc\/escudo-de-la-provincia-de-tucuman\/#primaryimage","url":"https:\/\/stesa.com\/mapas\/wp-content\/uploads\/20316\/Escudo-de-la-provincia-de-Tucuman.png","contentUrl":"https:\/\/stesa.com\/mapas\/wp-content\/uploads\/20316\/Escudo-de-la-provincia-de-Tucuman.png","width":1920,"height":2387,"caption":"Escudo de la provincia de Tucumán."},{"@type":"BreadcrumbList","@id":"https:\/\/stesa.com\/mapas\/doc\/escudo-de-la-provincia-de-tucuman\/#breadcrumb","itemListElement":[{"@type":"ListItem","position":1,"name":"Portada","item":"https:\/\/gifex.com\/mapas\/"},{"@type":"ListItem","position":2,"name":"Escudo de la provincia de Tucumán"}]},{"@type":"WebSite","@id":"https:\/\/stesa.com\/mapas\/#website","url":"https:\/\/stesa.com\/mapas\/","name":"Galería de mapas","description":"","potentialAction":[{"@type":"SearchAction","target":{"@type":"EntryPoint","urlTemplate":"https:\/\/stesa.com\/mapas\/?s={search_term_string}"},"query-input":{"@type":"PropertyValueSpecification","valueRequired":true,"valueName":"search_term_string"}}],"inLanguage":"es"}]}</script>
<!-- / Yoast SEO plugin. -->

Escudo de la provincia de Tucumán - Galería de mapas

El escudo de la provincia de Tucumán es el emblema oficial que identifica a esta jurisdicción argentina. Su diseño actual es muy similar al Escudo Nacional ...

Galería de mapas

Escudo de la provincia de Tucumán.
