{"id":20207,"date":"2026-04-23T18:02:19","date_gmt":"2026-04-23T18:02:19","guid":{"rendered":"https:\/\/stesa.com\/mapas\/?post_type=ficha&#038;p=20207"},"modified":"2026-04-23T18:02:19","modified_gmt":"2026-04-23T18:02:19","slug":"escudo-de-la-provincia-de-santa-fe","status":"publish","type":"ficha","link":"https:\/\/stesa.com\/mapas\/doc\/escudo-de-la-provincia-de-santa-fe\/","title":{"rendered":"Escudo de la provincia de Santa Fe"},"content":{"rendered":"<p>El <strong>Escudo de la Provincia de Santa Fe<\/strong> es un s\u00edmbolo oficial de forma ovalada, dividido horizontalmente en dos campos: el superior de color azul (celeste) y el inferior de plata (blanco). Su dise\u00f1o actual fue establecido definitivamente por la Ley Provincial N.\u00ba 2537 en 1937, aunque sus elementos principales datan de la \u00e9poca del Brigadier General Estanislao L\u00f3pez.<\/p>\n<p><strong>Simbolismo de sus elementos<\/strong><\/p>\n<p>Cada componente del escudo tiene un significado hist\u00f3rico y pol\u00edtico profundo:<\/p>\n<ul>\n<li><strong>Las flechas y la lanza<\/strong>: Representan el triunfo de las armas del conquistador (la lanza, con la punta hacia arriba) sobre las de los ind\u00edgenas (las dos flechas, con las puntas hacia abajo y cruzadas).<\/li>\n<li><strong>Las 19 estrellas de oro<\/strong>: Simbolizan los 19 departamentos que integran actualmente la provincia de Santa Fe.<\/li>\n<li><strong>La cinta roja<\/strong>: Amarra las flechas y la lanza, representando el federalismo y el hist\u00f3rico cintillo federal.<\/li>\n<li><strong>Los laureles y la cinta argentina<\/strong>: Los gajos de laurel simbolizan la autonom\u00eda provincial y la gloria, mientras que la cinta con los colores nacionales en la base recuerda las victorias en las guerras de la Naci\u00f3n.<\/li>\n<\/ul>\n<p>Este escudo tambi\u00e9n aparece en el centro de la bandera provincial, acompa\u00f1ado frecuentemente por la inscripci\u00f3n \u00abProvincia Invencible de Santa Fe\u00bb.<\/p>\n","protected":false},"excerpt":{"rendered":"<p>El Escudo de la Provincia de Santa Fe es un s\u00edmbolo oficial de forma ovalada, dividido horizontalmente en dos campos: el superior de color azul (celeste) y &#8230;<\/p>\n","protected":false},"author":1,"featured_media":20208,"template":"","categoria_ficha":[2201],"class_list":["post-20207","ficha","type-ficha","status-publish","has-post-thumbnail","hentry","categoria_ficha-mapas-de-la-provincia-de-santa-fe"],"yoast_head":"<!-- This site is optimized with the Yoast SEO plugin v27.4 - https:\/\/yoast.com\/product\/yoast-seo-wordpress\/ -->\n<title>Escudo de la provincia de Santa Fe - Galer\u00eda de mapas<\/title>\n<meta name=\"robots\" content=\"index, follow, max-snippet:-1, max-image-preview:large, max-video-preview:-1\" \/>\n<link rel=\"canonical\" href=\"https:\/\/stesa.com\/mapas\/doc\/escudo-de-la-provincia-de-santa-fe\/\" \/>\n<meta property=\"og:locale\" content=\"es_ES\" \/>\n<meta property=\"og:type\" content=\"article\" \/>\n<meta property=\"og:title\" content=\"Escudo de la provincia de Santa Fe - Galer\u00eda de mapas\" \/>\n<meta property=\"og:description\" content=\"El Escudo de la Provincia de Santa Fe es un s\u00edmbolo oficial de forma ovalada, dividido horizontalmente en dos campos: el superior de color azul (celeste) y ...\" \/>\n<meta property=\"og:url\" content=\"https:\/\/stesa.com\/mapas\/doc\/escudo-de-la-provincia-de-santa-fe\/\" \/>\n<meta property=\"og:site_name\" content=\"Galer\u00eda de mapas\" \/>\n<meta property=\"og:image\" content=\"https:\/\/stesa.com\/mapas\/wp-content\/uploads\/20207\/Escudo-de-la-provincia-de-Santa-Fe.png\" \/>\n\t<meta property=\"og:image:width\" content=\"1920\" \/>\n\t<meta property=\"og:image:height\" content=\"2386\" \/>\n\t<meta property=\"og:image:type\" content=\"image\/png\" \/>\n<meta name=\"twitter:card\" content=\"summary_large_image\" \/>\n<meta name=\"twitter:label1\" content=\"Tiempo de lectura\" \/>\n\t<meta name=\"twitter:data1\" content=\"1 minuto\" \/>\n<script type=\"application\/ld+json\" class=\"yoast-schema-graph\">{\"@context\":\"https:\\\/\\\/schema.org\",\"@graph\":[{\"@type\":\"WebPage\",\"@id\":\"https:\\\/\\\/stesa.com\\\/mapas\\\/doc\\\/escudo-de-la-provincia-de-santa-fe\\\/\",\"url\":\"https:\\\/\\\/stesa.com\\\/mapas\\\/doc\\\/escudo-de-la-provincia-de-santa-fe\\\/\",\"name\":\"Escudo de la provincia de Santa Fe - Galer\u00eda de mapas\",\"isPartOf\":{\"@id\":\"https:\\\/\\\/stesa.com\\\/mapas\\\/#website\"},\"primaryImageOfPage\":{\"@id\":\"https:\\\/\\\/stesa.com\\\/mapas\\\/doc\\\/escudo-de-la-provincia-de-santa-fe\\\/#primaryimage\"},\"image\":{\"@id\":\"https:\\\/\\\/stesa.com\\\/mapas\\\/doc\\\/escudo-de-la-provincia-de-santa-fe\\\/#primaryimage\"},\"thumbnailUrl\":\"https:\\\/\\\/stesa.com\\\/mapas\\\/wp-content\\\/uploads\\\/20207\\\/Escudo-de-la-provincia-de-Santa-Fe.png\",\"datePublished\":\"2026-04-23T18:02:19+00:00\",\"breadcrumb\":{\"@id\":\"https:\\\/\\\/stesa.com\\\/mapas\\\/doc\\\/escudo-de-la-provincia-de-santa-fe\\\/#breadcrumb\"},\"inLanguage\":\"es\",\"potentialAction\":[{\"@type\":\"ReadAction\",\"target\":[\"https:\\\/\\\/stesa.com\\\/mapas\\\/doc\\\/escudo-de-la-provincia-de-santa-fe\\\/\"]}]},{\"@type\":\"ImageObject\",\"inLanguage\":\"es\",\"@id\":\"https:\\\/\\\/stesa.com\\\/mapas\\\/doc\\\/escudo-de-la-provincia-de-santa-fe\\\/#primaryimage\",\"url\":\"https:\\\/\\\/stesa.com\\\/mapas\\\/wp-content\\\/uploads\\\/20207\\\/Escudo-de-la-provincia-de-Santa-Fe.png\",\"contentUrl\":\"https:\\\/\\\/stesa.com\\\/mapas\\\/wp-content\\\/uploads\\\/20207\\\/Escudo-de-la-provincia-de-Santa-Fe.png\",\"width\":1920,\"height\":2386,\"caption\":\"Escudo de la provincia de Santa Fe.\"},{\"@type\":\"BreadcrumbList\",\"@id\":\"https:\\\/\\\/stesa.com\\\/mapas\\\/doc\\\/escudo-de-la-provincia-de-santa-fe\\\/#breadcrumb\",\"itemListElement\":[{\"@type\":\"ListItem\",\"position\":1,\"name\":\"Portada\",\"item\":\"https:\\\/\\\/gifex.com\\\/mapas\\\/\"},{\"@type\":\"ListItem\",\"position\":2,\"name\":\"Escudo de la provincia de Santa Fe\"}]},{\"@type\":\"WebSite\",\"@id\":\"https:\\\/\\\/stesa.com\\\/mapas\\\/#website\",\"url\":\"https:\\\/\\\/stesa.com\\\/mapas\\\/\",\"name\":\"Galer\u00eda de mapas\",\"description\":\"\",\"potentialAction\":[{\"@type\":\"SearchAction\",\"target\":{\"@type\":\"EntryPoint\",\"urlTemplate\":\"https:\\\/\\\/stesa.com\\\/mapas\\\/?s={search_term_string}\"},\"query-input\":{\"@type\":\"PropertyValueSpecification\",\"valueRequired\":true,\"valueName\":\"search_term_string\"}}],\"inLanguage\":\"es\"}]}<\/script>\n<!-- \/ Yoast SEO plugin. -->","yoast_head_json":{"title":"Escudo de la provincia de Santa Fe - Galer\u00eda de mapas","robots":{"index":"index","follow":"follow","max-snippet":"max-snippet:-1","max-image-preview":"max-image-preview:large","max-video-preview":"max-video-preview:-1"},"canonical":"https:\/\/stesa.com\/mapas\/doc\/escudo-de-la-provincia-de-santa-fe\/","og_locale":"es_ES","og_type":"article","og_title":"Escudo de la provincia de Santa Fe - Galer\u00eda de mapas","og_description":"El Escudo de la Provincia de Santa Fe es un s\u00edmbolo oficial de forma ovalada, dividido horizontalmente en dos campos: el superior de color azul (celeste) y ...","og_url":"https:\/\/stesa.com\/mapas\/doc\/escudo-de-la-provincia-de-santa-fe\/","og_site_name":"Galer\u00eda de mapas","og_image":[{"width":1920,"height":2386,"url":"https:\/\/stesa.com\/mapas\/wp-content\/uploads\/20207\/Escudo-de-la-provincia-de-Santa-Fe.png","type":"image\/png"}],"twitter_card":"summary_large_image","twitter_misc":{"Tiempo de lectura":"1 minuto"},"schema":{"@context":"https:\/\/schema.org","@graph":[{"@type":"WebPage","@id":"https:\/\/stesa.com\/mapas\/doc\/escudo-de-la-provincia-de-santa-fe\/","url":"https:\/\/stesa.com\/mapas\/doc\/escudo-de-la-provincia-de-santa-fe\/","name":"Escudo de la provincia de Santa Fe - Galer\u00eda de mapas","isPartOf":{"@id":"https:\/\/stesa.com\/mapas\/#website"},"primaryImageOfPage":{"@id":"https:\/\/stesa.com\/mapas\/doc\/escudo-de-la-provincia-de-santa-fe\/#primaryimage"},"image":{"@id":"https:\/\/stesa.com\/mapas\/doc\/escudo-de-la-provincia-de-santa-fe\/#primaryimage"},"thumbnailUrl":"https:\/\/stesa.com\/mapas\/wp-content\/uploads\/20207\/Escudo-de-la-provincia-de-Santa-Fe.png","datePublished":"2026-04-23T18:02:19+00:00","breadcrumb":{"@id":"https:\/\/stesa.com\/mapas\/doc\/escudo-de-la-provincia-de-santa-fe\/#breadcrumb"},"inLanguage":"es","potentialAction":[{"@type":"ReadAction","target":["https:\/\/stesa.com\/mapas\/doc\/escudo-de-la-provincia-de-santa-fe\/"]}]},{"@type":"ImageObject","inLanguage":"es","@id":"https:\/\/stesa.com\/mapas\/doc\/escudo-de-la-provincia-de-santa-fe\/#primaryimage","url":"https:\/\/stesa.com\/mapas\/wp-content\/uploads\/20207\/Escudo-de-la-provincia-de-Santa-Fe.png","contentUrl":"https:\/\/stesa.com\/mapas\/wp-content\/uploads\/20207\/Escudo-de-la-provincia-de-Santa-Fe.png","width":1920,"height":2386,"caption":"Escudo de la provincia de Santa Fe."},{"@type":"BreadcrumbList","@id":"https:\/\/stesa.com\/mapas\/doc\/escudo-de-la-provincia-de-santa-fe\/#breadcrumb","itemListElement":[{"@type":"ListItem","position":1,"name":"Portada","item":"https:\/\/gifex.com\/mapas\/"},{"@type":"ListItem","position":2,"name":"Escudo de la provincia de Santa Fe"}]},{"@type":"WebSite","@id":"https:\/\/stesa.com\/mapas\/#website","url":"https:\/\/stesa.com\/mapas\/","name":"Galer\u00eda de mapas","description":"","potentialAction":[{"@type":"SearchAction","target":{"@type":"EntryPoint","urlTemplate":"https:\/\/stesa.com\/mapas\/?s={search_term_string}"},"query-input":{"@type":"PropertyValueSpecification","valueRequired":true,"valueName":"search_term_string"}}],"inLanguage":"es"}]}},"_links":{"self":[{"href":"https:\/\/stesa.com\/mapas\/wp-json\/wp\/v2\/ficha\/20207","targetHints":{"allow":["GET"]}}],"collection":[{"href":"https:\/\/stesa.com\/mapas\/wp-json\/wp\/v2\/ficha"}],"about":[{"href":"https:\/\/stesa.com\/mapas\/wp-json\/wp\/v2\/types\/ficha"}],"author":[{"embeddable":true,"href":"https:\/\/stesa.com\/mapas\/wp-json\/wp\/v2\/users\/1"}],"version-history":[{"count":1,"href":"https:\/\/stesa.com\/mapas\/wp-json\/wp\/v2\/ficha\/20207\/revisions"}],"predecessor-version":[{"id":20209,"href":"https:\/\/stesa.com\/mapas\/wp-json\/wp\/v2\/ficha\/20207\/revisions\/20209"}],"wp:featuredmedia":[{"embeddable":true,"href":"https:\/\/stesa.com\/mapas\/wp-json\/wp\/v2\/media\/20208"}],"wp:attachment":[{"href":"https:\/\/stesa.com\/mapas\/wp-json\/wp\/v2\/media?parent=20207"}],"wp:term":[{"taxonomy":"categoria_ficha","embeddable":true,"href":"https:\/\/stesa.com\/mapas\/wp-json\/wp\/v2\/categoria_ficha?post=20207"}],"curies":[{"name":"wp","href":"https:\/\/api.w.org\/{rel}","templated":true}]}}

<p>El <strong>Escudo de la Provincia de Santa Fe</strong> es un símbolo oficial de forma ovalada, dividido horizontalmente en dos campos: el superior de color azul (celeste) y el inferior de plata (blanco). Su diseño actual fue establecido definitivamente por la Ley Provincial N.º 2537 en 1937, aunque sus elementos principales datan de la época del Brigadier General Estanislao López.</p>
<p><strong>Simbolismo de sus elementos</strong></p>
<p>Cada componente del escudo tiene un significado histórico y político profundo:</p>
<ul>
<li><strong>Las flechas y la lanza</strong>: Representan el triunfo de las armas del conquistador (la lanza, con la punta hacia arriba) sobre las de los indígenas (las dos flechas, con las puntas hacia abajo y cruzadas).</li>
<li><strong>Las 19 estrellas de oro</strong>: Simbolizan los 19 departamentos que integran actualmente la provincia de Santa Fe.</li>
<li><strong>La cinta roja</strong>: Amarra las flechas y la lanza, representando el federalismo y el histórico cintillo federal.</li>
<li><strong>Los laureles y la cinta argentina</strong>: Los gajos de laurel simbolizan la autonomía provincial y la gloria, mientras que la cinta con los colores nacionales en la base recuerda las victorias en las guerras de la Nación.</li>
</ul>
<p>Este escudo también aparece en el centro de la bandera provincial, acompañado frecuentemente por la inscripción «Provincia Invencible de Santa Fe».</p>

<p>El Escudo de la Provincia de Santa Fe es un símbolo oficial de forma ovalada, dividido horizontalmente en dos campos: el superior de color azul (celeste) y &#8230;</p>

<!-- This site is optimized with the Yoast SEO plugin v27.4 - https://yoast.com/product/yoast-seo-wordpress/ -->
<title>Escudo de la provincia de Santa Fe - Galería de mapas</title>
<meta name="robots" content="index, follow, max-snippet:-1, max-image-preview:large, max-video-preview:-1" />
<link rel="canonical" href="https://stesa.com/mapas/doc/escudo-de-la-provincia-de-santa-fe/" />
<meta property="og:locale" content="es_ES" />
<meta property="og:type" content="article" />
<meta property="og:title" content="Escudo de la provincia de Santa Fe - Galería de mapas" />
<meta property="og:description" content="El Escudo de la Provincia de Santa Fe es un símbolo oficial de forma ovalada, dividido horizontalmente en dos campos: el superior de color azul (celeste) y ..." />
<meta property="og:url" content="https://stesa.com/mapas/doc/escudo-de-la-provincia-de-santa-fe/" />
<meta property="og:site_name" content="Galería de mapas" />
<meta property="og:image" content="https://stesa.com/mapas/wp-content/uploads/20207/Escudo-de-la-provincia-de-Santa-Fe.png" />
	<meta property="og:image:width" content="1920" />
	<meta property="og:image:height" content="2386" />
	<meta property="og:image:type" content="image/png" />
<meta name="twitter:card" content="summary_large_image" />
<meta name="twitter:label1" content="Tiempo de lectura" />
	<meta name="twitter:data1" content="1 minuto" />
<script type="application/ld+json" class="yoast-schema-graph">{"@context":"https:\/\/schema.org","@graph":[{"@type":"WebPage","@id":"https:\/\/stesa.com\/mapas\/doc\/escudo-de-la-provincia-de-santa-fe\/","url":"https:\/\/stesa.com\/mapas\/doc\/escudo-de-la-provincia-de-santa-fe\/","name":"Escudo de la provincia de Santa Fe - Galería de mapas","isPartOf":{"@id":"https:\/\/stesa.com\/mapas\/#website"},"primaryImageOfPage":{"@id":"https:\/\/stesa.com\/mapas\/doc\/escudo-de-la-provincia-de-santa-fe\/#primaryimage"},"image":{"@id":"https:\/\/stesa.com\/mapas\/doc\/escudo-de-la-provincia-de-santa-fe\/#primaryimage"},"thumbnailUrl":"https:\/\/stesa.com\/mapas\/wp-content\/uploads\/20207\/Escudo-de-la-provincia-de-Santa-Fe.png","datePublished":"2026-04-23T18:02:19+00:00","breadcrumb":{"@id":"https:\/\/stesa.com\/mapas\/doc\/escudo-de-la-provincia-de-santa-fe\/#breadcrumb"},"inLanguage":"es","potentialAction":[{"@type":"ReadAction","target":["https:\/\/stesa.com\/mapas\/doc\/escudo-de-la-provincia-de-santa-fe\/"]}]},{"@type":"ImageObject","inLanguage":"es","@id":"https:\/\/stesa.com\/mapas\/doc\/escudo-de-la-provincia-de-santa-fe\/#primaryimage","url":"https:\/\/stesa.com\/mapas\/wp-content\/uploads\/20207\/Escudo-de-la-provincia-de-Santa-Fe.png","contentUrl":"https:\/\/stesa.com\/mapas\/wp-content\/uploads\/20207\/Escudo-de-la-provincia-de-Santa-Fe.png","width":1920,"height":2386,"caption":"Escudo de la provincia de Santa Fe."},{"@type":"BreadcrumbList","@id":"https:\/\/stesa.com\/mapas\/doc\/escudo-de-la-provincia-de-santa-fe\/#breadcrumb","itemListElement":[{"@type":"ListItem","position":1,"name":"Portada","item":"https:\/\/gifex.com\/mapas\/"},{"@type":"ListItem","position":2,"name":"Escudo de la provincia de Santa Fe"}]},{"@type":"WebSite","@id":"https:\/\/stesa.com\/mapas\/#website","url":"https:\/\/stesa.com\/mapas\/","name":"Galería de mapas","description":"","potentialAction":[{"@type":"SearchAction","target":{"@type":"EntryPoint","urlTemplate":"https:\/\/stesa.com\/mapas\/?s={search_term_string}"},"query-input":{"@type":"PropertyValueSpecification","valueRequired":true,"valueName":"search_term_string"}}],"inLanguage":"es"}]}</script>
<!-- / Yoast SEO plugin. -->

Escudo de la provincia de Santa Fe - Galería de mapas

El Escudo de la Provincia de Santa Fe es un símbolo oficial de forma ovalada, dividido horizontalmente en dos campos: el superior de color azul (celeste) y ...

Galería de mapas
