{"id":20196,"date":"2026-04-23T14:31:33","date_gmt":"2026-04-23T14:31:33","guid":{"rendered":"https:\/\/stesa.com\/mapas\/?post_type=ficha&#038;p=20196"},"modified":"2026-04-23T14:32:48","modified_gmt":"2026-04-23T14:32:48","slug":"glaciar-viedma-desembocando-en-el-lago-viedma","status":"publish","type":"ficha","link":"https:\/\/stesa.com\/mapas\/doc\/glaciar-viedma-desembocando-en-el-lago-viedma\/","title":{"rendered":"Glaciar Viedma desembocando en el lago Viedma"},"content":{"rendered":"<p style=\"text-align: center;\"><label style=\"font-size: 15px;\">Glaciar Viedma desembocando en el lago Viedma en 2002 <a href=\"https:\/\/stesa.com\/mapas\/wp-content\/uploads\/20196\/Glaciar-Viedma-desembocando-en-el-lago-Viedma-2002.pdf\" target=\"_blank\" rel=\"noopener\">(formato PDF)<\/a>.<\/label><\/p>\n<p>El campo de hielo patag\u00f3nico se encuentra en el Parque Nacional Los Glaciares, Argentina. Es el campo de hielo continental m\u00e1s grande fuera de la Ant\u00e1rtida (Groenlandia es una isla). Con una longitud de aproximadamente 600 kil\u00f3metros y una superficie de casi 2300 kil\u00f3metros cuadrados, esta \u00e1rea es cuatro veces mayor que los Alpes.<\/p>\n<p>La imagen arriba muestra el glaciar Viedma desembocando en el lago Viedma. El color corresponde a la altitud, seg\u00fan datos obtenidos por la Misi\u00f3n Topogr\u00e1fica de Radar del Transbordador Espacial (SRTM). La exploradora Antonia de Viedma visit\u00f3 esta regi\u00f3n por primera vez en 1782. En la parte superior de la imagen, justo a la derecha del glaciar, se encuentra el monte Fitz Roy o cerro Chalt\u00e9n, de 3375 metros de altura. Debido a la pronunciada pendiente de la monta\u00f1a y a las condiciones clim\u00e1ticas persistentemente adversas, escalarlo es muy dif\u00edcil.<\/p>\n","protected":false},"excerpt":{"rendered":"<p>La imagen arriba muestra el glaciar Viedma desembocando en el lago Viedma. El color corresponde a la altitud, seg\u00fan datos obtenidos por la Misi\u00f3n Topogr\u00e1fica <\/p>\n","protected":false},"author":1,"featured_media":20199,"template":"","categoria_ficha":[2200],"class_list":["post-20196","ficha","type-ficha","status-publish","has-post-thumbnail","hentry","categoria_ficha-mapas-de-la-provincia-de-santa-cruz-argentina"],"yoast_head":"<!-- This site is optimized with the Yoast SEO plugin v27.4 - https:\/\/yoast.com\/product\/yoast-seo-wordpress\/ -->\n<title>Glaciar Viedma desembocando en el lago Viedma - Galer\u00eda de mapas<\/title>\n<meta name=\"robots\" content=\"index, follow, max-snippet:-1, max-image-preview:large, max-video-preview:-1\" \/>\n<link rel=\"canonical\" href=\"https:\/\/stesa.com\/mapas\/doc\/glaciar-viedma-desembocando-en-el-lago-viedma\/\" \/>\n<meta property=\"og:locale\" content=\"es_ES\" \/>\n<meta property=\"og:type\" content=\"article\" \/>\n<meta property=\"og:title\" content=\"Glaciar Viedma desembocando en el lago Viedma - Galer\u00eda de mapas\" \/>\n<meta property=\"og:description\" content=\"La imagen arriba muestra el glaciar Viedma desembocando en el lago Viedma. El color corresponde a la altitud, seg\u00fan datos obtenidos por la Misi\u00f3n Topogr\u00e1fica\" \/>\n<meta property=\"og:url\" content=\"https:\/\/stesa.com\/mapas\/doc\/glaciar-viedma-desembocando-en-el-lago-viedma\/\" \/>\n<meta property=\"og:site_name\" content=\"Galer\u00eda de mapas\" \/>\n<meta property=\"article:modified_time\" content=\"2026-04-23T14:32:48+00:00\" \/>\n<meta property=\"og:image\" content=\"https:\/\/stesa.com\/mapas\/wp-content\/uploads\/20196\/Glaciar-Viedma-desembocando-en-el-lago-Viedma-2002.jpg\" \/>\n\t<meta property=\"og:image:width\" content=\"1200\" \/>\n\t<meta property=\"og:image:height\" content=\"1200\" \/>\n\t<meta property=\"og:image:type\" content=\"image\/jpeg\" \/>\n<meta name=\"twitter:card\" content=\"summary_large_image\" \/>\n<meta name=\"twitter:label1\" content=\"Tiempo de lectura\" \/>\n\t<meta name=\"twitter:data1\" content=\"1 minuto\" \/>\n<script type=\"application\/ld+json\" class=\"yoast-schema-graph\">{\"@context\":\"https:\\\/\\\/schema.org\",\"@graph\":[{\"@type\":\"WebPage\",\"@id\":\"https:\\\/\\\/stesa.com\\\/mapas\\\/doc\\\/glaciar-viedma-desembocando-en-el-lago-viedma\\\/\",\"url\":\"https:\\\/\\\/stesa.com\\\/mapas\\\/doc\\\/glaciar-viedma-desembocando-en-el-lago-viedma\\\/\",\"name\":\"Glaciar Viedma desembocando en el lago Viedma - Galer\u00eda de mapas\",\"isPartOf\":{\"@id\":\"https:\\\/\\\/stesa.com\\\/mapas\\\/#website\"},\"primaryImageOfPage\":{\"@id\":\"https:\\\/\\\/stesa.com\\\/mapas\\\/doc\\\/glaciar-viedma-desembocando-en-el-lago-viedma\\\/#primaryimage\"},\"image\":{\"@id\":\"https:\\\/\\\/stesa.com\\\/mapas\\\/doc\\\/glaciar-viedma-desembocando-en-el-lago-viedma\\\/#primaryimage\"},\"thumbnailUrl\":\"https:\\\/\\\/stesa.com\\\/mapas\\\/wp-content\\\/uploads\\\/20196\\\/Glaciar-Viedma-desembocando-en-el-lago-Viedma-2002.jpg\",\"datePublished\":\"2026-04-23T14:31:33+00:00\",\"dateModified\":\"2026-04-23T14:32:48+00:00\",\"breadcrumb\":{\"@id\":\"https:\\\/\\\/stesa.com\\\/mapas\\\/doc\\\/glaciar-viedma-desembocando-en-el-lago-viedma\\\/#breadcrumb\"},\"inLanguage\":\"es\",\"potentialAction\":[{\"@type\":\"ReadAction\",\"target\":[\"https:\\\/\\\/stesa.com\\\/mapas\\\/doc\\\/glaciar-viedma-desembocando-en-el-lago-viedma\\\/\"]}]},{\"@type\":\"ImageObject\",\"inLanguage\":\"es\",\"@id\":\"https:\\\/\\\/stesa.com\\\/mapas\\\/doc\\\/glaciar-viedma-desembocando-en-el-lago-viedma\\\/#primaryimage\",\"url\":\"https:\\\/\\\/stesa.com\\\/mapas\\\/wp-content\\\/uploads\\\/20196\\\/Glaciar-Viedma-desembocando-en-el-lago-Viedma-2002.jpg\",\"contentUrl\":\"https:\\\/\\\/stesa.com\\\/mapas\\\/wp-content\\\/uploads\\\/20196\\\/Glaciar-Viedma-desembocando-en-el-lago-Viedma-2002.jpg\",\"width\":1200,\"height\":1200,\"caption\":\"Glaciar Viedma desembocando en el lago Viedma.\"},{\"@type\":\"BreadcrumbList\",\"@id\":\"https:\\\/\\\/stesa.com\\\/mapas\\\/doc\\\/glaciar-viedma-desembocando-en-el-lago-viedma\\\/#breadcrumb\",\"itemListElement\":[{\"@type\":\"ListItem\",\"position\":1,\"name\":\"Portada\",\"item\":\"https:\\\/\\\/gifex.com\\\/mapas\\\/\"},{\"@type\":\"ListItem\",\"position\":2,\"name\":\"Glaciar Viedma desembocando en el lago Viedma\"}]},{\"@type\":\"WebSite\",\"@id\":\"https:\\\/\\\/stesa.com\\\/mapas\\\/#website\",\"url\":\"https:\\\/\\\/stesa.com\\\/mapas\\\/\",\"name\":\"Galer\u00eda de mapas\",\"description\":\"\",\"potentialAction\":[{\"@type\":\"SearchAction\",\"target\":{\"@type\":\"EntryPoint\",\"urlTemplate\":\"https:\\\/\\\/stesa.com\\\/mapas\\\/?s={search_term_string}\"},\"query-input\":{\"@type\":\"PropertyValueSpecification\",\"valueRequired\":true,\"valueName\":\"search_term_string\"}}],\"inLanguage\":\"es\"}]}<\/script>\n<!-- \/ Yoast SEO plugin. -->","yoast_head_json":{"title":"Glaciar Viedma desembocando en el lago Viedma - Galer\u00eda de mapas","robots":{"index":"index","follow":"follow","max-snippet":"max-snippet:-1","max-image-preview":"max-image-preview:large","max-video-preview":"max-video-preview:-1"},"canonical":"https:\/\/stesa.com\/mapas\/doc\/glaciar-viedma-desembocando-en-el-lago-viedma\/","og_locale":"es_ES","og_type":"article","og_title":"Glaciar Viedma desembocando en el lago Viedma - Galer\u00eda de mapas","og_description":"La imagen arriba muestra el glaciar Viedma desembocando en el lago Viedma. El color corresponde a la altitud, seg\u00fan datos obtenidos por la Misi\u00f3n Topogr\u00e1fica","og_url":"https:\/\/stesa.com\/mapas\/doc\/glaciar-viedma-desembocando-en-el-lago-viedma\/","og_site_name":"Galer\u00eda de mapas","article_modified_time":"2026-04-23T14:32:48+00:00","og_image":[{"width":1200,"height":1200,"url":"https:\/\/stesa.com\/mapas\/wp-content\/uploads\/20196\/Glaciar-Viedma-desembocando-en-el-lago-Viedma-2002.jpg","type":"image\/jpeg"}],"twitter_card":"summary_large_image","twitter_misc":{"Tiempo de lectura":"1 minuto"},"schema":{"@context":"https:\/\/schema.org","@graph":[{"@type":"WebPage","@id":"https:\/\/stesa.com\/mapas\/doc\/glaciar-viedma-desembocando-en-el-lago-viedma\/","url":"https:\/\/stesa.com\/mapas\/doc\/glaciar-viedma-desembocando-en-el-lago-viedma\/","name":"Glaciar Viedma desembocando en el lago Viedma - Galer\u00eda de mapas","isPartOf":{"@id":"https:\/\/stesa.com\/mapas\/#website"},"primaryImageOfPage":{"@id":"https:\/\/stesa.com\/mapas\/doc\/glaciar-viedma-desembocando-en-el-lago-viedma\/#primaryimage"},"image":{"@id":"https:\/\/stesa.com\/mapas\/doc\/glaciar-viedma-desembocando-en-el-lago-viedma\/#primaryimage"},"thumbnailUrl":"https:\/\/stesa.com\/mapas\/wp-content\/uploads\/20196\/Glaciar-Viedma-desembocando-en-el-lago-Viedma-2002.jpg","datePublished":"2026-04-23T14:31:33+00:00","dateModified":"2026-04-23T14:32:48+00:00","breadcrumb":{"@id":"https:\/\/stesa.com\/mapas\/doc\/glaciar-viedma-desembocando-en-el-lago-viedma\/#breadcrumb"},"inLanguage":"es","potentialAction":[{"@type":"ReadAction","target":["https:\/\/stesa.com\/mapas\/doc\/glaciar-viedma-desembocando-en-el-lago-viedma\/"]}]},{"@type":"ImageObject","inLanguage":"es","@id":"https:\/\/stesa.com\/mapas\/doc\/glaciar-viedma-desembocando-en-el-lago-viedma\/#primaryimage","url":"https:\/\/stesa.com\/mapas\/wp-content\/uploads\/20196\/Glaciar-Viedma-desembocando-en-el-lago-Viedma-2002.jpg","contentUrl":"https:\/\/stesa.com\/mapas\/wp-content\/uploads\/20196\/Glaciar-Viedma-desembocando-en-el-lago-Viedma-2002.jpg","width":1200,"height":1200,"caption":"Glaciar Viedma desembocando en el lago Viedma."},{"@type":"BreadcrumbList","@id":"https:\/\/stesa.com\/mapas\/doc\/glaciar-viedma-desembocando-en-el-lago-viedma\/#breadcrumb","itemListElement":[{"@type":"ListItem","position":1,"name":"Portada","item":"https:\/\/gifex.com\/mapas\/"},{"@type":"ListItem","position":2,"name":"Glaciar Viedma desembocando en el lago Viedma"}]},{"@type":"WebSite","@id":"https:\/\/stesa.com\/mapas\/#website","url":"https:\/\/stesa.com\/mapas\/","name":"Galer\u00eda de mapas","description":"","potentialAction":[{"@type":"SearchAction","target":{"@type":"EntryPoint","urlTemplate":"https:\/\/stesa.com\/mapas\/?s={search_term_string}"},"query-input":{"@type":"PropertyValueSpecification","valueRequired":true,"valueName":"search_term_string"}}],"inLanguage":"es"}]}},"_links":{"self":[{"href":"https:\/\/stesa.com\/mapas\/wp-json\/wp\/v2\/ficha\/20196","targetHints":{"allow":["GET"]}}],"collection":[{"href":"https:\/\/stesa.com\/mapas\/wp-json\/wp\/v2\/ficha"}],"about":[{"href":"https:\/\/stesa.com\/mapas\/wp-json\/wp\/v2\/types\/ficha"}],"author":[{"embeddable":true,"href":"https:\/\/stesa.com\/mapas\/wp-json\/wp\/v2\/users\/1"}],"version-history":[{"count":1,"href":"https:\/\/stesa.com\/mapas\/wp-json\/wp\/v2\/ficha\/20196\/revisions"}],"predecessor-version":[{"id":20198,"href":"https:\/\/stesa.com\/mapas\/wp-json\/wp\/v2\/ficha\/20196\/revisions\/20198"}],"wp:featuredmedia":[{"embeddable":true,"href":"https:\/\/stesa.com\/mapas\/wp-json\/wp\/v2\/media\/20199"}],"wp:attachment":[{"href":"https:\/\/stesa.com\/mapas\/wp-json\/wp\/v2\/media?parent=20196"}],"wp:term":[{"taxonomy":"categoria_ficha","embeddable":true,"href":"https:\/\/stesa.com\/mapas\/wp-json\/wp\/v2\/categoria_ficha?post=20196"}],"curies":[{"name":"wp","href":"https:\/\/api.w.org\/{rel}","templated":true}]}}

<p style="text-align: center;"><label style="font-size: 15px;">Glaciar Viedma desembocando en el lago Viedma en 2002 <a href="https://stesa.com/mapas/wp-content/uploads/20196/Glaciar-Viedma-desembocando-en-el-lago-Viedma-2002.pdf" target="_blank" rel="noopener">(formato PDF)</a>.</label></p>
<p>El campo de hielo patagónico se encuentra en el Parque Nacional Los Glaciares, Argentina. Es el campo de hielo continental más grande fuera de la Antártida (Groenlandia es una isla). Con una longitud de aproximadamente 600 kilómetros y una superficie de casi 2300 kilómetros cuadrados, esta área es cuatro veces mayor que los Alpes.</p>
<p>La imagen arriba muestra el glaciar Viedma desembocando en el lago Viedma. El color corresponde a la altitud, según datos obtenidos por la Misión Topográfica de Radar del Transbordador Espacial (SRTM). La exploradora Antonia de Viedma visitó esta región por primera vez en 1782. En la parte superior de la imagen, justo a la derecha del glaciar, se encuentra el monte Fitz Roy o cerro Chaltén, de 3375 metros de altura. Debido a la pronunciada pendiente de la montaña y a las condiciones climáticas persistentemente adversas, escalarlo es muy difícil.</p>

<p>La imagen arriba muestra el glaciar Viedma desembocando en el lago Viedma. El color corresponde a la altitud, según datos obtenidos por la Misión Topográfica </p>

<!-- This site is optimized with the Yoast SEO plugin v27.4 - https://yoast.com/product/yoast-seo-wordpress/ -->
<title>Glaciar Viedma desembocando en el lago Viedma - Galería de mapas</title>
<meta name="robots" content="index, follow, max-snippet:-1, max-image-preview:large, max-video-preview:-1" />
<link rel="canonical" href="https://stesa.com/mapas/doc/glaciar-viedma-desembocando-en-el-lago-viedma/" />
<meta property="og:locale" content="es_ES" />
<meta property="og:type" content="article" />
<meta property="og:title" content="Glaciar Viedma desembocando en el lago Viedma - Galería de mapas" />
<meta property="og:description" content="La imagen arriba muestra el glaciar Viedma desembocando en el lago Viedma. El color corresponde a la altitud, según datos obtenidos por la Misión Topográfica" />
<meta property="og:url" content="https://stesa.com/mapas/doc/glaciar-viedma-desembocando-en-el-lago-viedma/" />
<meta property="og:site_name" content="Galería de mapas" />
<meta property="article:modified_time" content="2026-04-23T14:32:48+00:00" />
<meta property="og:image" content="https://stesa.com/mapas/wp-content/uploads/20196/Glaciar-Viedma-desembocando-en-el-lago-Viedma-2002.jpg" />
	<meta property="og:image:width" content="1200" />
	<meta property="og:image:height" content="1200" />
	<meta property="og:image:type" content="image/jpeg" />
<meta name="twitter:card" content="summary_large_image" />
<meta name="twitter:label1" content="Tiempo de lectura" />
	<meta name="twitter:data1" content="1 minuto" />
<script type="application/ld+json" class="yoast-schema-graph">{"@context":"https:\/\/schema.org","@graph":[{"@type":"WebPage","@id":"https:\/\/stesa.com\/mapas\/doc\/glaciar-viedma-desembocando-en-el-lago-viedma\/","url":"https:\/\/stesa.com\/mapas\/doc\/glaciar-viedma-desembocando-en-el-lago-viedma\/","name":"Glaciar Viedma desembocando en el lago Viedma - Galería de mapas","isPartOf":{"@id":"https:\/\/stesa.com\/mapas\/#website"},"primaryImageOfPage":{"@id":"https:\/\/stesa.com\/mapas\/doc\/glaciar-viedma-desembocando-en-el-lago-viedma\/#primaryimage"},"image":{"@id":"https:\/\/stesa.com\/mapas\/doc\/glaciar-viedma-desembocando-en-el-lago-viedma\/#primaryimage"},"thumbnailUrl":"https:\/\/stesa.com\/mapas\/wp-content\/uploads\/20196\/Glaciar-Viedma-desembocando-en-el-lago-Viedma-2002.jpg","datePublished":"2026-04-23T14:31:33+00:00","dateModified":"2026-04-23T14:32:48+00:00","breadcrumb":{"@id":"https:\/\/stesa.com\/mapas\/doc\/glaciar-viedma-desembocando-en-el-lago-viedma\/#breadcrumb"},"inLanguage":"es","potentialAction":[{"@type":"ReadAction","target":["https:\/\/stesa.com\/mapas\/doc\/glaciar-viedma-desembocando-en-el-lago-viedma\/"]}]},{"@type":"ImageObject","inLanguage":"es","@id":"https:\/\/stesa.com\/mapas\/doc\/glaciar-viedma-desembocando-en-el-lago-viedma\/#primaryimage","url":"https:\/\/stesa.com\/mapas\/wp-content\/uploads\/20196\/Glaciar-Viedma-desembocando-en-el-lago-Viedma-2002.jpg","contentUrl":"https:\/\/stesa.com\/mapas\/wp-content\/uploads\/20196\/Glaciar-Viedma-desembocando-en-el-lago-Viedma-2002.jpg","width":1200,"height":1200,"caption":"Glaciar Viedma desembocando en el lago Viedma."},{"@type":"BreadcrumbList","@id":"https:\/\/stesa.com\/mapas\/doc\/glaciar-viedma-desembocando-en-el-lago-viedma\/#breadcrumb","itemListElement":[{"@type":"ListItem","position":1,"name":"Portada","item":"https:\/\/gifex.com\/mapas\/"},{"@type":"ListItem","position":2,"name":"Glaciar Viedma desembocando en el lago Viedma"}]},{"@type":"WebSite","@id":"https:\/\/stesa.com\/mapas\/#website","url":"https:\/\/stesa.com\/mapas\/","name":"Galería de mapas","description":"","potentialAction":[{"@type":"SearchAction","target":{"@type":"EntryPoint","urlTemplate":"https:\/\/stesa.com\/mapas\/?s={search_term_string}"},"query-input":{"@type":"PropertyValueSpecification","valueRequired":true,"valueName":"search_term_string"}}],"inLanguage":"es"}]}</script>
<!-- / Yoast SEO plugin. -->

Glaciar Viedma desembocando en el lago Viedma - Galería de mapas

La imagen arriba muestra el glaciar Viedma desembocando en el lago Viedma. El color corresponde a la altitud, según datos obtenidos por la Misión Topográfica

Galería de mapas
