{"id":20192,"date":"2026-04-23T14:20:39","date_gmt":"2026-04-23T14:20:39","guid":{"rendered":"https:\/\/stesa.com\/mapas\/?post_type=ficha&#038;p=20192"},"modified":"2026-04-23T14:20:39","modified_gmt":"2026-04-23T14:20:39","slug":"glaciar-viedma-provincia-de-santa-cruz-sur-de-argentina","status":"publish","type":"ficha","link":"https:\/\/stesa.com\/mapas\/doc\/glaciar-viedma-provincia-de-santa-cruz-sur-de-argentina\/","title":{"rendered":"Glaciar Viedma, provincia de Santa Cruz, sur de Argentina"},"content":{"rendered":"<p style=\"text-align: center;\"><label style=\"font-size: 15px;\">Glaciar Viedma <a href=\"https:\/\/stesa.com\/mapas\/wp-content\/uploads\/20192\/Glaciar-Viedma-provincia-de-Santa-Cruz-sur-de-Argentina-2004.pdf\" target=\"_blank\" rel=\"noopener\">(formato PDF)<\/a>, provincia de Santa Cruz, sur de Argentina.<\/label><\/p>\n<p>Esta vista detallada fue tomada con un objetivo de 800 mm desde la Estaci\u00f3n Espacial Internacional el 10 de enero de 2004. La imagen muestra el extremo inferior del <strong>glaciar Viedma<\/strong>, que desemboca en el lago Viedma, uno de los tres principales lagos de origen glaciar en la vertiente patag\u00f3nica del manto de hielo andino meridional, a 50 grados de latitud sur.<\/p>\n<p>La imagen revela las delgadas l\u00edneas oscuras de material rocoso (morrena) que son transportadas por el hielo que fluye lentamente. Las l\u00edneas m\u00e1s claras en \u00e1ngulo recto son patrones de grietas. El glaciar se bifurca en dos lagos donde se pueden observar icebergs desprendidos flotando.<\/p>\n<p>El glaciar en este punto tiene aproximadamente 1,8 km de ancho. La morrena m\u00e1s gruesa discurre paralela al lado norte del valle. Esta morrena separa el hielo de color m\u00e1s claro al sur (en la parte principal del glaciar) del hielo m\u00e1s oscuro a lo largo del margen norte (entre las flechas). El hielo es m\u00e1s oscuro debido a la mayor proporci\u00f3n de material rocoso mezclado con \u00e9l. El hielo en el margen norte fluye hacia las ensenadas en la pared del valle (centro superior y parte superior izquierda), lo que resulta en una mayor distancia de flujo y, por lo tanto, m\u00e1s tiempo para que el hielo se impregne con material rocoso del fondo y las paredes del valle.<\/p>\n","protected":false},"excerpt":{"rendered":"<p>Esta vista detallada fue tomada con un objetivo de 800 mm desde la Estaci\u00f3n Espacial Internacional el 10 de enero de 2004. La imagen muestra el extremo inferior<\/p>\n","protected":false},"author":1,"featured_media":20193,"template":"","categoria_ficha":[2200],"class_list":["post-20192","ficha","type-ficha","status-publish","has-post-thumbnail","hentry","categoria_ficha-mapas-de-la-provincia-de-santa-cruz-argentina"],"yoast_head":"<!-- This site is optimized with the Yoast SEO plugin v27.4 - https:\/\/yoast.com\/product\/yoast-seo-wordpress\/ -->\n<title>Glaciar Viedma, provincia de Santa Cruz, sur de Argentina - Galer\u00eda de mapas<\/title>\n<meta name=\"robots\" content=\"index, follow, max-snippet:-1, max-image-preview:large, max-video-preview:-1\" \/>\n<link rel=\"canonical\" href=\"https:\/\/stesa.com\/mapas\/doc\/glaciar-viedma-provincia-de-santa-cruz-sur-de-argentina\/\" \/>\n<meta property=\"og:locale\" content=\"es_ES\" \/>\n<meta property=\"og:type\" content=\"article\" \/>\n<meta property=\"og:title\" content=\"Glaciar Viedma, provincia de Santa Cruz, sur de Argentina - Galer\u00eda de mapas\" \/>\n<meta property=\"og:description\" content=\"Esta vista detallada fue tomada con un objetivo de 800 mm desde la Estaci\u00f3n Espacial Internacional el 10 de enero de 2004. La imagen muestra el extremo inferior\" \/>\n<meta property=\"og:url\" content=\"https:\/\/stesa.com\/mapas\/doc\/glaciar-viedma-provincia-de-santa-cruz-sur-de-argentina\/\" \/>\n<meta property=\"og:site_name\" content=\"Galer\u00eda de mapas\" \/>\n<meta property=\"og:image\" content=\"https:\/\/stesa.com\/mapas\/wp-content\/uploads\/20192\/Glaciar-Viedma-provincia-de-Santa-Cruz-sur-de-Argentina-2004.jpg\" \/>\n\t<meta property=\"og:image:width\" content=\"3032\" \/>\n\t<meta property=\"og:image:height\" content=\"2004\" \/>\n\t<meta property=\"og:image:type\" content=\"image\/jpeg\" \/>\n<meta name=\"twitter:card\" content=\"summary_large_image\" \/>\n<meta name=\"twitter:label1\" content=\"Tiempo de lectura\" \/>\n\t<meta name=\"twitter:data1\" content=\"2 minutos\" \/>\n<script type=\"application\/ld+json\" class=\"yoast-schema-graph\">{\"@context\":\"https:\\\/\\\/schema.org\",\"@graph\":[{\"@type\":\"WebPage\",\"@id\":\"https:\\\/\\\/stesa.com\\\/mapas\\\/doc\\\/glaciar-viedma-provincia-de-santa-cruz-sur-de-argentina\\\/\",\"url\":\"https:\\\/\\\/stesa.com\\\/mapas\\\/doc\\\/glaciar-viedma-provincia-de-santa-cruz-sur-de-argentina\\\/\",\"name\":\"Glaciar Viedma, provincia de Santa Cruz, sur de Argentina - Galer\u00eda de mapas\",\"isPartOf\":{\"@id\":\"https:\\\/\\\/stesa.com\\\/mapas\\\/#website\"},\"primaryImageOfPage\":{\"@id\":\"https:\\\/\\\/stesa.com\\\/mapas\\\/doc\\\/glaciar-viedma-provincia-de-santa-cruz-sur-de-argentina\\\/#primaryimage\"},\"image\":{\"@id\":\"https:\\\/\\\/stesa.com\\\/mapas\\\/doc\\\/glaciar-viedma-provincia-de-santa-cruz-sur-de-argentina\\\/#primaryimage\"},\"thumbnailUrl\":\"https:\\\/\\\/stesa.com\\\/mapas\\\/wp-content\\\/uploads\\\/20192\\\/Glaciar-Viedma-provincia-de-Santa-Cruz-sur-de-Argentina-2004.jpg\",\"datePublished\":\"2026-04-23T14:20:39+00:00\",\"breadcrumb\":{\"@id\":\"https:\\\/\\\/stesa.com\\\/mapas\\\/doc\\\/glaciar-viedma-provincia-de-santa-cruz-sur-de-argentina\\\/#breadcrumb\"},\"inLanguage\":\"es\",\"potentialAction\":[{\"@type\":\"ReadAction\",\"target\":[\"https:\\\/\\\/stesa.com\\\/mapas\\\/doc\\\/glaciar-viedma-provincia-de-santa-cruz-sur-de-argentina\\\/\"]}]},{\"@type\":\"ImageObject\",\"inLanguage\":\"es\",\"@id\":\"https:\\\/\\\/stesa.com\\\/mapas\\\/doc\\\/glaciar-viedma-provincia-de-santa-cruz-sur-de-argentina\\\/#primaryimage\",\"url\":\"https:\\\/\\\/stesa.com\\\/mapas\\\/wp-content\\\/uploads\\\/20192\\\/Glaciar-Viedma-provincia-de-Santa-Cruz-sur-de-Argentina-2004.jpg\",\"contentUrl\":\"https:\\\/\\\/stesa.com\\\/mapas\\\/wp-content\\\/uploads\\\/20192\\\/Glaciar-Viedma-provincia-de-Santa-Cruz-sur-de-Argentina-2004.jpg\",\"width\":3032,\"height\":2004,\"caption\":\"Glaciar Viedma, provincia de Santa Cruz, sur de Argentina.\"},{\"@type\":\"BreadcrumbList\",\"@id\":\"https:\\\/\\\/stesa.com\\\/mapas\\\/doc\\\/glaciar-viedma-provincia-de-santa-cruz-sur-de-argentina\\\/#breadcrumb\",\"itemListElement\":[{\"@type\":\"ListItem\",\"position\":1,\"name\":\"Portada\",\"item\":\"https:\\\/\\\/gifex.com\\\/mapas\\\/\"},{\"@type\":\"ListItem\",\"position\":2,\"name\":\"Glaciar Viedma, provincia de Santa Cruz, sur de Argentina\"}]},{\"@type\":\"WebSite\",\"@id\":\"https:\\\/\\\/stesa.com\\\/mapas\\\/#website\",\"url\":\"https:\\\/\\\/stesa.com\\\/mapas\\\/\",\"name\":\"Galer\u00eda de mapas\",\"description\":\"\",\"potentialAction\":[{\"@type\":\"SearchAction\",\"target\":{\"@type\":\"EntryPoint\",\"urlTemplate\":\"https:\\\/\\\/stesa.com\\\/mapas\\\/?s={search_term_string}\"},\"query-input\":{\"@type\":\"PropertyValueSpecification\",\"valueRequired\":true,\"valueName\":\"search_term_string\"}}],\"inLanguage\":\"es\"}]}<\/script>\n<!-- \/ Yoast SEO plugin. -->","yoast_head_json":{"title":"Glaciar Viedma, provincia de Santa Cruz, sur de Argentina - Galer\u00eda de mapas","robots":{"index":"index","follow":"follow","max-snippet":"max-snippet:-1","max-image-preview":"max-image-preview:large","max-video-preview":"max-video-preview:-1"},"canonical":"https:\/\/stesa.com\/mapas\/doc\/glaciar-viedma-provincia-de-santa-cruz-sur-de-argentina\/","og_locale":"es_ES","og_type":"article","og_title":"Glaciar Viedma, provincia de Santa Cruz, sur de Argentina - Galer\u00eda de mapas","og_description":"Esta vista detallada fue tomada con un objetivo de 800 mm desde la Estaci\u00f3n Espacial Internacional el 10 de enero de 2004. La imagen muestra el extremo inferior","og_url":"https:\/\/stesa.com\/mapas\/doc\/glaciar-viedma-provincia-de-santa-cruz-sur-de-argentina\/","og_site_name":"Galer\u00eda de mapas","og_image":[{"width":3032,"height":2004,"url":"https:\/\/stesa.com\/mapas\/wp-content\/uploads\/20192\/Glaciar-Viedma-provincia-de-Santa-Cruz-sur-de-Argentina-2004.jpg","type":"image\/jpeg"}],"twitter_card":"summary_large_image","twitter_misc":{"Tiempo de lectura":"2 minutos"},"schema":{"@context":"https:\/\/schema.org","@graph":[{"@type":"WebPage","@id":"https:\/\/stesa.com\/mapas\/doc\/glaciar-viedma-provincia-de-santa-cruz-sur-de-argentina\/","url":"https:\/\/stesa.com\/mapas\/doc\/glaciar-viedma-provincia-de-santa-cruz-sur-de-argentina\/","name":"Glaciar Viedma, provincia de Santa Cruz, sur de Argentina - Galer\u00eda de mapas","isPartOf":{"@id":"https:\/\/stesa.com\/mapas\/#website"},"primaryImageOfPage":{"@id":"https:\/\/stesa.com\/mapas\/doc\/glaciar-viedma-provincia-de-santa-cruz-sur-de-argentina\/#primaryimage"},"image":{"@id":"https:\/\/stesa.com\/mapas\/doc\/glaciar-viedma-provincia-de-santa-cruz-sur-de-argentina\/#primaryimage"},"thumbnailUrl":"https:\/\/stesa.com\/mapas\/wp-content\/uploads\/20192\/Glaciar-Viedma-provincia-de-Santa-Cruz-sur-de-Argentina-2004.jpg","datePublished":"2026-04-23T14:20:39+00:00","breadcrumb":{"@id":"https:\/\/stesa.com\/mapas\/doc\/glaciar-viedma-provincia-de-santa-cruz-sur-de-argentina\/#breadcrumb"},"inLanguage":"es","potentialAction":[{"@type":"ReadAction","target":["https:\/\/stesa.com\/mapas\/doc\/glaciar-viedma-provincia-de-santa-cruz-sur-de-argentina\/"]}]},{"@type":"ImageObject","inLanguage":"es","@id":"https:\/\/stesa.com\/mapas\/doc\/glaciar-viedma-provincia-de-santa-cruz-sur-de-argentina\/#primaryimage","url":"https:\/\/stesa.com\/mapas\/wp-content\/uploads\/20192\/Glaciar-Viedma-provincia-de-Santa-Cruz-sur-de-Argentina-2004.jpg","contentUrl":"https:\/\/stesa.com\/mapas\/wp-content\/uploads\/20192\/Glaciar-Viedma-provincia-de-Santa-Cruz-sur-de-Argentina-2004.jpg","width":3032,"height":2004,"caption":"Glaciar Viedma, provincia de Santa Cruz, sur de Argentina."},{"@type":"BreadcrumbList","@id":"https:\/\/stesa.com\/mapas\/doc\/glaciar-viedma-provincia-de-santa-cruz-sur-de-argentina\/#breadcrumb","itemListElement":[{"@type":"ListItem","position":1,"name":"Portada","item":"https:\/\/gifex.com\/mapas\/"},{"@type":"ListItem","position":2,"name":"Glaciar Viedma, provincia de Santa Cruz, sur de Argentina"}]},{"@type":"WebSite","@id":"https:\/\/stesa.com\/mapas\/#website","url":"https:\/\/stesa.com\/mapas\/","name":"Galer\u00eda de mapas","description":"","potentialAction":[{"@type":"SearchAction","target":{"@type":"EntryPoint","urlTemplate":"https:\/\/stesa.com\/mapas\/?s={search_term_string}"},"query-input":{"@type":"PropertyValueSpecification","valueRequired":true,"valueName":"search_term_string"}}],"inLanguage":"es"}]}},"_links":{"self":[{"href":"https:\/\/stesa.com\/mapas\/wp-json\/wp\/v2\/ficha\/20192","targetHints":{"allow":["GET"]}}],"collection":[{"href":"https:\/\/stesa.com\/mapas\/wp-json\/wp\/v2\/ficha"}],"about":[{"href":"https:\/\/stesa.com\/mapas\/wp-json\/wp\/v2\/types\/ficha"}],"author":[{"embeddable":true,"href":"https:\/\/stesa.com\/mapas\/wp-json\/wp\/v2\/users\/1"}],"version-history":[{"count":1,"href":"https:\/\/stesa.com\/mapas\/wp-json\/wp\/v2\/ficha\/20192\/revisions"}],"predecessor-version":[{"id":20195,"href":"https:\/\/stesa.com\/mapas\/wp-json\/wp\/v2\/ficha\/20192\/revisions\/20195"}],"wp:featuredmedia":[{"embeddable":true,"href":"https:\/\/stesa.com\/mapas\/wp-json\/wp\/v2\/media\/20193"}],"wp:attachment":[{"href":"https:\/\/stesa.com\/mapas\/wp-json\/wp\/v2\/media?parent=20192"}],"wp:term":[{"taxonomy":"categoria_ficha","embeddable":true,"href":"https:\/\/stesa.com\/mapas\/wp-json\/wp\/v2\/categoria_ficha?post=20192"}],"curies":[{"name":"wp","href":"https:\/\/api.w.org\/{rel}","templated":true}]}}

<p style="text-align: center;"><label style="font-size: 15px;">Glaciar Viedma <a href="https://stesa.com/mapas/wp-content/uploads/20192/Glaciar-Viedma-provincia-de-Santa-Cruz-sur-de-Argentina-2004.pdf" target="_blank" rel="noopener">(formato PDF)</a>, provincia de Santa Cruz, sur de Argentina.</label></p>
<p>Esta vista detallada fue tomada con un objetivo de 800 mm desde la Estación Espacial Internacional el 10 de enero de 2004. La imagen muestra el extremo inferior del <strong>glaciar Viedma</strong>, que desemboca en el lago Viedma, uno de los tres principales lagos de origen glaciar en la vertiente patagónica del manto de hielo andino meridional, a 50 grados de latitud sur.</p>
<p>La imagen revela las delgadas líneas oscuras de material rocoso (morrena) que son transportadas por el hielo que fluye lentamente. Las líneas más claras en ángulo recto son patrones de grietas. El glaciar se bifurca en dos lagos donde se pueden observar icebergs desprendidos flotando.</p>
<p>El glaciar en este punto tiene aproximadamente 1,8 km de ancho. La morrena más gruesa discurre paralela al lado norte del valle. Esta morrena separa el hielo de color más claro al sur (en la parte principal del glaciar) del hielo más oscuro a lo largo del margen norte (entre las flechas). El hielo es más oscuro debido a la mayor proporción de material rocoso mezclado con él. El hielo en el margen norte fluye hacia las ensenadas en la pared del valle (centro superior y parte superior izquierda), lo que resulta en una mayor distancia de flujo y, por lo tanto, más tiempo para que el hielo se impregne con material rocoso del fondo y las paredes del valle.</p>

<p>Esta vista detallada fue tomada con un objetivo de 800 mm desde la Estación Espacial Internacional el 10 de enero de 2004. La imagen muestra el extremo inferior</p>

<!-- This site is optimized with the Yoast SEO plugin v27.4 - https://yoast.com/product/yoast-seo-wordpress/ -->
<title>Glaciar Viedma, provincia de Santa Cruz, sur de Argentina - Galería de mapas</title>
<meta name="robots" content="index, follow, max-snippet:-1, max-image-preview:large, max-video-preview:-1" />
<link rel="canonical" href="https://stesa.com/mapas/doc/glaciar-viedma-provincia-de-santa-cruz-sur-de-argentina/" />
<meta property="og:locale" content="es_ES" />
<meta property="og:type" content="article" />
<meta property="og:title" content="Glaciar Viedma, provincia de Santa Cruz, sur de Argentina - Galería de mapas" />
<meta property="og:description" content="Esta vista detallada fue tomada con un objetivo de 800 mm desde la Estación Espacial Internacional el 10 de enero de 2004. La imagen muestra el extremo inferior" />
<meta property="og:url" content="https://stesa.com/mapas/doc/glaciar-viedma-provincia-de-santa-cruz-sur-de-argentina/" />
<meta property="og:site_name" content="Galería de mapas" />
<meta property="og:image" content="https://stesa.com/mapas/wp-content/uploads/20192/Glaciar-Viedma-provincia-de-Santa-Cruz-sur-de-Argentina-2004.jpg" />
	<meta property="og:image:width" content="3032" />
	<meta property="og:image:height" content="2004" />
	<meta property="og:image:type" content="image/jpeg" />
<meta name="twitter:card" content="summary_large_image" />
<meta name="twitter:label1" content="Tiempo de lectura" />
	<meta name="twitter:data1" content="2 minutos" />
<script type="application/ld+json" class="yoast-schema-graph">{"@context":"https:\/\/schema.org","@graph":[{"@type":"WebPage","@id":"https:\/\/stesa.com\/mapas\/doc\/glaciar-viedma-provincia-de-santa-cruz-sur-de-argentina\/","url":"https:\/\/stesa.com\/mapas\/doc\/glaciar-viedma-provincia-de-santa-cruz-sur-de-argentina\/","name":"Glaciar Viedma, provincia de Santa Cruz, sur de Argentina - Galería de mapas","isPartOf":{"@id":"https:\/\/stesa.com\/mapas\/#website"},"primaryImageOfPage":{"@id":"https:\/\/stesa.com\/mapas\/doc\/glaciar-viedma-provincia-de-santa-cruz-sur-de-argentina\/#primaryimage"},"image":{"@id":"https:\/\/stesa.com\/mapas\/doc\/glaciar-viedma-provincia-de-santa-cruz-sur-de-argentina\/#primaryimage"},"thumbnailUrl":"https:\/\/stesa.com\/mapas\/wp-content\/uploads\/20192\/Glaciar-Viedma-provincia-de-Santa-Cruz-sur-de-Argentina-2004.jpg","datePublished":"2026-04-23T14:20:39+00:00","breadcrumb":{"@id":"https:\/\/stesa.com\/mapas\/doc\/glaciar-viedma-provincia-de-santa-cruz-sur-de-argentina\/#breadcrumb"},"inLanguage":"es","potentialAction":[{"@type":"ReadAction","target":["https:\/\/stesa.com\/mapas\/doc\/glaciar-viedma-provincia-de-santa-cruz-sur-de-argentina\/"]}]},{"@type":"ImageObject","inLanguage":"es","@id":"https:\/\/stesa.com\/mapas\/doc\/glaciar-viedma-provincia-de-santa-cruz-sur-de-argentina\/#primaryimage","url":"https:\/\/stesa.com\/mapas\/wp-content\/uploads\/20192\/Glaciar-Viedma-provincia-de-Santa-Cruz-sur-de-Argentina-2004.jpg","contentUrl":"https:\/\/stesa.com\/mapas\/wp-content\/uploads\/20192\/Glaciar-Viedma-provincia-de-Santa-Cruz-sur-de-Argentina-2004.jpg","width":3032,"height":2004,"caption":"Glaciar Viedma, provincia de Santa Cruz, sur de Argentina."},{"@type":"BreadcrumbList","@id":"https:\/\/stesa.com\/mapas\/doc\/glaciar-viedma-provincia-de-santa-cruz-sur-de-argentina\/#breadcrumb","itemListElement":[{"@type":"ListItem","position":1,"name":"Portada","item":"https:\/\/gifex.com\/mapas\/"},{"@type":"ListItem","position":2,"name":"Glaciar Viedma, provincia de Santa Cruz, sur de Argentina"}]},{"@type":"WebSite","@id":"https:\/\/stesa.com\/mapas\/#website","url":"https:\/\/stesa.com\/mapas\/","name":"Galería de mapas","description":"","potentialAction":[{"@type":"SearchAction","target":{"@type":"EntryPoint","urlTemplate":"https:\/\/stesa.com\/mapas\/?s={search_term_string}"},"query-input":{"@type":"PropertyValueSpecification","valueRequired":true,"valueName":"search_term_string"}}],"inLanguage":"es"}]}</script>
<!-- / Yoast SEO plugin. -->

Glaciar Viedma, provincia de Santa Cruz, sur de Argentina - Galería de mapas

Esta vista detallada fue tomada con un objetivo de 800 mm desde la Estación Espacial Internacional el 10 de enero de 2004. La imagen muestra el extremo inferior

Galería de mapas
