{"id":20188,"date":"2026-04-23T14:10:41","date_gmt":"2026-04-23T14:10:41","guid":{"rendered":"https:\/\/stesa.com\/mapas\/?post_type=ficha&#038;p=20188"},"modified":"2026-04-23T14:11:18","modified_gmt":"2026-04-23T14:11:18","slug":"glaciar-upsala-desde-la-estacion-espacial-internacional","status":"publish","type":"ficha","link":"https:\/\/stesa.com\/mapas\/doc\/glaciar-upsala-desde-la-estacion-espacial-internacional\/","title":{"rendered":"Glaciar Upsala desde la Estaci\u00f3n Espacial Internacional"},"content":{"rendered":"<p style=\"text-align: center;\"><label style=\"font-size: 15px;\">Glaciar Upsala <a href=\"https:\/\/stesa.com\/mapas\/wp-content\/uploads\/20188\/Glaciar-Upsala-desde-la-Estacion-Espacial-Internacional-2009.pdf\" target=\"_blank\" rel=\"noopener\">(formato PDF)<\/a> visto desde la Estaci\u00f3n Espacial Internacional en 2009.<\/label><\/p>\n<p>El Campo de Hielo Patag\u00f3nico Sur de Argentina y Chile es el remanente meridional del manto de hielo patag\u00f3nico que cubri\u00f3 la cordillera de los Andes meridionales durante la \u00faltima glaciaci\u00f3n. Esta detallada fotograf\u00eda tomada por un astronauta muestra el frente de uno de los muchos glaciares espectaculares del campo de hielo: el <strong>glaciar Upsala<\/strong>, ubicado en el lado oriental. Upsala es el tercer glaciar m\u00e1s grande del campo de hielo y, al igual que la mayor\u00eda de los glaciares de la regi\u00f3n, ha experimentado un retroceso significativo durante el \u00faltimo siglo.<\/p>\n<p>Esta imagen fue tomada durante la primavera en el hemisferio sur, cuando se observaba el desprendimiento de icebergs del frente del glaciar hacia las aguas del Lago Argentino (a la derecha de la imagen). Dos icebergs resultan especialmente interesantes porque conservan fragmentos de la morrena (detritos rocosos) que forma una l\u00ednea oscura a lo largo de la superficie superior del glaciar. La presencia de la morrena ilustra c\u00f3mo las rocas y los sedimentos terrestres pueden terminar en los sedimentos oce\u00e1nicos lejos de la costa.<\/p>\n<p>Las morrenas se forman a partir de detritos de roca y tierra que se acumulan a lo largo del frente y los costados de un glaciar en movimiento. El glaciar act\u00faa como una excavadora que empuja la tierra y la roca a su paso, dejando detritos a ambos lados. Cuando dos glaciares se unen (al centro de la imagen), las morrenas de sus bordes pueden unirse para formar una morrena medial que se extiende a lo largo de la superficie superior del nuevo glaciar.<\/p>\n<p>La morrena puede ser transportada intacta hasta el frente glaciar e incorporada a icebergs que luego se alejan flotando, dejando caer los fragmentos gruesos a medida que el iceberg se derrite. Si bien los icebergs producidos por el glaciar Upsala no llegan al oc\u00e9ano, muchos glaciares actuales s\u00ed lo hacen. La existencia de antiguos glaciares y capas de hielo queda registrada por capas o bolsas de sedimentos gruesos de origen terrestre dentro de sedimentos marinos de grano m\u00e1s fino, ubicados lejos de cualquier costa actual (o antigua).<\/p>\n<p>Fotograf\u00eda de la NASA n.\u00ba ISS021-E-15243<\/p>\n","protected":false},"excerpt":{"rendered":"<p>Upsala es el tercer glaciar m\u00e1s grande del campo de hielo y, al igual que la mayor\u00eda de los glaciares de la regi\u00f3n, ha experimentado un retroceso &#8230;<\/p>\n","protected":false},"author":1,"featured_media":20189,"template":"","categoria_ficha":[2200],"class_list":["post-20188","ficha","type-ficha","status-publish","has-post-thumbnail","hentry","categoria_ficha-mapas-de-la-provincia-de-santa-cruz-argentina"],"yoast_head":"<!-- This site is optimized with the Yoast SEO plugin v27.4 - https:\/\/yoast.com\/product\/yoast-seo-wordpress\/ -->\n<title>Glaciar Upsala desde la Estaci\u00f3n Espacial Internacional - Galer\u00eda de mapas<\/title>\n<meta name=\"robots\" content=\"index, follow, max-snippet:-1, max-image-preview:large, max-video-preview:-1\" \/>\n<link rel=\"canonical\" href=\"https:\/\/stesa.com\/mapas\/doc\/glaciar-upsala-desde-la-estacion-espacial-internacional\/\" \/>\n<meta property=\"og:locale\" content=\"es_ES\" \/>\n<meta property=\"og:type\" content=\"article\" \/>\n<meta property=\"og:title\" content=\"Glaciar Upsala desde la Estaci\u00f3n Espacial Internacional - Galer\u00eda de mapas\" \/>\n<meta property=\"og:description\" content=\"Upsala es el tercer glaciar m\u00e1s grande del campo de hielo y, al igual que la mayor\u00eda de los glaciares de la regi\u00f3n, ha experimentado un retroceso ...\" \/>\n<meta property=\"og:url\" content=\"https:\/\/stesa.com\/mapas\/doc\/glaciar-upsala-desde-la-estacion-espacial-internacional\/\" \/>\n<meta property=\"og:site_name\" content=\"Galer\u00eda de mapas\" \/>\n<meta property=\"article:modified_time\" content=\"2026-04-23T14:11:18+00:00\" \/>\n<meta property=\"og:image\" content=\"https:\/\/stesa.com\/mapas\/wp-content\/uploads\/20188\/Glaciar-Upsala-desde-la-Estacion-Espacial-Internacional-2009-1024x680.jpg\" \/>\n\t<meta property=\"og:image:width\" content=\"1024\" \/>\n\t<meta property=\"og:image:height\" content=\"680\" \/>\n\t<meta property=\"og:image:type\" content=\"image\/jpeg\" \/>\n<meta name=\"twitter:card\" content=\"summary_large_image\" \/>\n<meta name=\"twitter:label1\" content=\"Tiempo de lectura\" \/>\n\t<meta name=\"twitter:data1\" content=\"2 minutos\" \/>\n<script type=\"application\/ld+json\" class=\"yoast-schema-graph\">{\"@context\":\"https:\\\/\\\/schema.org\",\"@graph\":[{\"@type\":\"WebPage\",\"@id\":\"https:\\\/\\\/stesa.com\\\/mapas\\\/doc\\\/glaciar-upsala-desde-la-estacion-espacial-internacional\\\/\",\"url\":\"https:\\\/\\\/stesa.com\\\/mapas\\\/doc\\\/glaciar-upsala-desde-la-estacion-espacial-internacional\\\/\",\"name\":\"Glaciar Upsala desde la Estaci\u00f3n Espacial Internacional - Galer\u00eda de mapas\",\"isPartOf\":{\"@id\":\"https:\\\/\\\/stesa.com\\\/mapas\\\/#website\"},\"primaryImageOfPage\":{\"@id\":\"https:\\\/\\\/stesa.com\\\/mapas\\\/doc\\\/glaciar-upsala-desde-la-estacion-espacial-internacional\\\/#primaryimage\"},\"image\":{\"@id\":\"https:\\\/\\\/stesa.com\\\/mapas\\\/doc\\\/glaciar-upsala-desde-la-estacion-espacial-internacional\\\/#primaryimage\"},\"thumbnailUrl\":\"https:\\\/\\\/stesa.com\\\/mapas\\\/wp-content\\\/uploads\\\/20188\\\/Glaciar-Upsala-desde-la-Estacion-Espacial-Internacional-2009.jpg\",\"datePublished\":\"2026-04-23T14:10:41+00:00\",\"dateModified\":\"2026-04-23T14:11:18+00:00\",\"breadcrumb\":{\"@id\":\"https:\\\/\\\/stesa.com\\\/mapas\\\/doc\\\/glaciar-upsala-desde-la-estacion-espacial-internacional\\\/#breadcrumb\"},\"inLanguage\":\"es\",\"potentialAction\":[{\"@type\":\"ReadAction\",\"target\":[\"https:\\\/\\\/stesa.com\\\/mapas\\\/doc\\\/glaciar-upsala-desde-la-estacion-espacial-internacional\\\/\"]}]},{\"@type\":\"ImageObject\",\"inLanguage\":\"es\",\"@id\":\"https:\\\/\\\/stesa.com\\\/mapas\\\/doc\\\/glaciar-upsala-desde-la-estacion-espacial-internacional\\\/#primaryimage\",\"url\":\"https:\\\/\\\/stesa.com\\\/mapas\\\/wp-content\\\/uploads\\\/20188\\\/Glaciar-Upsala-desde-la-Estacion-Espacial-Internacional-2009.jpg\",\"contentUrl\":\"https:\\\/\\\/stesa.com\\\/mapas\\\/wp-content\\\/uploads\\\/20188\\\/Glaciar-Upsala-desde-la-Estacion-Espacial-Internacional-2009.jpg\",\"width\":4288,\"height\":2848,\"caption\":\"Glaciar Upsala visto desde la Estaci\u00f3n Espacial Internacional en 2009.\"},{\"@type\":\"BreadcrumbList\",\"@id\":\"https:\\\/\\\/stesa.com\\\/mapas\\\/doc\\\/glaciar-upsala-desde-la-estacion-espacial-internacional\\\/#breadcrumb\",\"itemListElement\":[{\"@type\":\"ListItem\",\"position\":1,\"name\":\"Portada\",\"item\":\"https:\\\/\\\/gifex.com\\\/mapas\\\/\"},{\"@type\":\"ListItem\",\"position\":2,\"name\":\"Glaciar Upsala desde la Estaci\u00f3n Espacial Internacional\"}]},{\"@type\":\"WebSite\",\"@id\":\"https:\\\/\\\/stesa.com\\\/mapas\\\/#website\",\"url\":\"https:\\\/\\\/stesa.com\\\/mapas\\\/\",\"name\":\"Galer\u00eda de mapas\",\"description\":\"\",\"potentialAction\":[{\"@type\":\"SearchAction\",\"target\":{\"@type\":\"EntryPoint\",\"urlTemplate\":\"https:\\\/\\\/stesa.com\\\/mapas\\\/?s={search_term_string}\"},\"query-input\":{\"@type\":\"PropertyValueSpecification\",\"valueRequired\":true,\"valueName\":\"search_term_string\"}}],\"inLanguage\":\"es\"}]}<\/script>\n<!-- \/ Yoast SEO plugin. -->","yoast_head_json":{"title":"Glaciar Upsala desde la Estaci\u00f3n Espacial Internacional - Galer\u00eda de mapas","robots":{"index":"index","follow":"follow","max-snippet":"max-snippet:-1","max-image-preview":"max-image-preview:large","max-video-preview":"max-video-preview:-1"},"canonical":"https:\/\/stesa.com\/mapas\/doc\/glaciar-upsala-desde-la-estacion-espacial-internacional\/","og_locale":"es_ES","og_type":"article","og_title":"Glaciar Upsala desde la Estaci\u00f3n Espacial Internacional - Galer\u00eda de mapas","og_description":"Upsala es el tercer glaciar m\u00e1s grande del campo de hielo y, al igual que la mayor\u00eda de los glaciares de la regi\u00f3n, ha experimentado un retroceso ...","og_url":"https:\/\/stesa.com\/mapas\/doc\/glaciar-upsala-desde-la-estacion-espacial-internacional\/","og_site_name":"Galer\u00eda de mapas","article_modified_time":"2026-04-23T14:11:18+00:00","og_image":[{"width":1024,"height":680,"url":"https:\/\/stesa.com\/mapas\/wp-content\/uploads\/20188\/Glaciar-Upsala-desde-la-Estacion-Espacial-Internacional-2009-1024x680.jpg","type":"image\/jpeg"}],"twitter_card":"summary_large_image","twitter_misc":{"Tiempo de lectura":"2 minutos"},"schema":{"@context":"https:\/\/schema.org","@graph":[{"@type":"WebPage","@id":"https:\/\/stesa.com\/mapas\/doc\/glaciar-upsala-desde-la-estacion-espacial-internacional\/","url":"https:\/\/stesa.com\/mapas\/doc\/glaciar-upsala-desde-la-estacion-espacial-internacional\/","name":"Glaciar Upsala desde la Estaci\u00f3n Espacial Internacional - Galer\u00eda de mapas","isPartOf":{"@id":"https:\/\/stesa.com\/mapas\/#website"},"primaryImageOfPage":{"@id":"https:\/\/stesa.com\/mapas\/doc\/glaciar-upsala-desde-la-estacion-espacial-internacional\/#primaryimage"},"image":{"@id":"https:\/\/stesa.com\/mapas\/doc\/glaciar-upsala-desde-la-estacion-espacial-internacional\/#primaryimage"},"thumbnailUrl":"https:\/\/stesa.com\/mapas\/wp-content\/uploads\/20188\/Glaciar-Upsala-desde-la-Estacion-Espacial-Internacional-2009.jpg","datePublished":"2026-04-23T14:10:41+00:00","dateModified":"2026-04-23T14:11:18+00:00","breadcrumb":{"@id":"https:\/\/stesa.com\/mapas\/doc\/glaciar-upsala-desde-la-estacion-espacial-internacional\/#breadcrumb"},"inLanguage":"es","potentialAction":[{"@type":"ReadAction","target":["https:\/\/stesa.com\/mapas\/doc\/glaciar-upsala-desde-la-estacion-espacial-internacional\/"]}]},{"@type":"ImageObject","inLanguage":"es","@id":"https:\/\/stesa.com\/mapas\/doc\/glaciar-upsala-desde-la-estacion-espacial-internacional\/#primaryimage","url":"https:\/\/stesa.com\/mapas\/wp-content\/uploads\/20188\/Glaciar-Upsala-desde-la-Estacion-Espacial-Internacional-2009.jpg","contentUrl":"https:\/\/stesa.com\/mapas\/wp-content\/uploads\/20188\/Glaciar-Upsala-desde-la-Estacion-Espacial-Internacional-2009.jpg","width":4288,"height":2848,"caption":"Glaciar Upsala visto desde la Estaci\u00f3n Espacial Internacional en 2009."},{"@type":"BreadcrumbList","@id":"https:\/\/stesa.com\/mapas\/doc\/glaciar-upsala-desde-la-estacion-espacial-internacional\/#breadcrumb","itemListElement":[{"@type":"ListItem","position":1,"name":"Portada","item":"https:\/\/gifex.com\/mapas\/"},{"@type":"ListItem","position":2,"name":"Glaciar Upsala desde la Estaci\u00f3n Espacial Internacional"}]},{"@type":"WebSite","@id":"https:\/\/stesa.com\/mapas\/#website","url":"https:\/\/stesa.com\/mapas\/","name":"Galer\u00eda de mapas","description":"","potentialAction":[{"@type":"SearchAction","target":{"@type":"EntryPoint","urlTemplate":"https:\/\/stesa.com\/mapas\/?s={search_term_string}"},"query-input":{"@type":"PropertyValueSpecification","valueRequired":true,"valueName":"search_term_string"}}],"inLanguage":"es"}]}},"_links":{"self":[{"href":"https:\/\/stesa.com\/mapas\/wp-json\/wp\/v2\/ficha\/20188","targetHints":{"allow":["GET"]}}],"collection":[{"href":"https:\/\/stesa.com\/mapas\/wp-json\/wp\/v2\/ficha"}],"about":[{"href":"https:\/\/stesa.com\/mapas\/wp-json\/wp\/v2\/types\/ficha"}],"author":[{"embeddable":true,"href":"https:\/\/stesa.com\/mapas\/wp-json\/wp\/v2\/users\/1"}],"version-history":[{"count":1,"href":"https:\/\/stesa.com\/mapas\/wp-json\/wp\/v2\/ficha\/20188\/revisions"}],"predecessor-version":[{"id":20191,"href":"https:\/\/stesa.com\/mapas\/wp-json\/wp\/v2\/ficha\/20188\/revisions\/20191"}],"wp:featuredmedia":[{"embeddable":true,"href":"https:\/\/stesa.com\/mapas\/wp-json\/wp\/v2\/media\/20189"}],"wp:attachment":[{"href":"https:\/\/stesa.com\/mapas\/wp-json\/wp\/v2\/media?parent=20188"}],"wp:term":[{"taxonomy":"categoria_ficha","embeddable":true,"href":"https:\/\/stesa.com\/mapas\/wp-json\/wp\/v2\/categoria_ficha?post=20188"}],"curies":[{"name":"wp","href":"https:\/\/api.w.org\/{rel}","templated":true}]}}

Glaciar Upsala desde la Estación Espacial Internacional

<p style="text-align: center;"><label style="font-size: 15px;">Glaciar Upsala <a href="https://stesa.com/mapas/wp-content/uploads/20188/Glaciar-Upsala-desde-la-Estacion-Espacial-Internacional-2009.pdf" target="_blank" rel="noopener">(formato PDF)</a> visto desde la Estación Espacial Internacional en 2009.</label></p>
<p>El Campo de Hielo Patagónico Sur de Argentina y Chile es el remanente meridional del manto de hielo patagónico que cubrió la cordillera de los Andes meridionales durante la última glaciación. Esta detallada fotografía tomada por un astronauta muestra el frente de uno de los muchos glaciares espectaculares del campo de hielo: el <strong>glaciar Upsala</strong>, ubicado en el lado oriental. Upsala es el tercer glaciar más grande del campo de hielo y, al igual que la mayoría de los glaciares de la región, ha experimentado un retroceso significativo durante el último siglo.</p>
<p>Esta imagen fue tomada durante la primavera en el hemisferio sur, cuando se observaba el desprendimiento de icebergs del frente del glaciar hacia las aguas del Lago Argentino (a la derecha de la imagen). Dos icebergs resultan especialmente interesantes porque conservan fragmentos de la morrena (detritos rocosos) que forma una línea oscura a lo largo de la superficie superior del glaciar. La presencia de la morrena ilustra cómo las rocas y los sedimentos terrestres pueden terminar en los sedimentos oceánicos lejos de la costa.</p>
<p>Las morrenas se forman a partir de detritos de roca y tierra que se acumulan a lo largo del frente y los costados de un glaciar en movimiento. El glaciar actúa como una excavadora que empuja la tierra y la roca a su paso, dejando detritos a ambos lados. Cuando dos glaciares se unen (al centro de la imagen), las morrenas de sus bordes pueden unirse para formar una morrena medial que se extiende a lo largo de la superficie superior del nuevo glaciar.</p>
<p>La morrena puede ser transportada intacta hasta el frente glaciar e incorporada a icebergs que luego se alejan flotando, dejando caer los fragmentos gruesos a medida que el iceberg se derrite. Si bien los icebergs producidos por el glaciar Upsala no llegan al océano, muchos glaciares actuales sí lo hacen. La existencia de antiguos glaciares y capas de hielo queda registrada por capas o bolsas de sedimentos gruesos de origen terrestre dentro de sedimentos marinos de grano más fino, ubicados lejos de cualquier costa actual (o antigua).</p>
<p>Fotografía de la NASA n.º ISS021-E-15243</p>

<p>Upsala es el tercer glaciar más grande del campo de hielo y, al igual que la mayoría de los glaciares de la región, ha experimentado un retroceso &#8230;</p>

<!-- This site is optimized with the Yoast SEO plugin v27.4 - https://yoast.com/product/yoast-seo-wordpress/ -->
<title>Glaciar Upsala desde la Estación Espacial Internacional - Galería de mapas</title>
<meta name="robots" content="index, follow, max-snippet:-1, max-image-preview:large, max-video-preview:-1" />
<link rel="canonical" href="https://stesa.com/mapas/doc/glaciar-upsala-desde-la-estacion-espacial-internacional/" />
<meta property="og:locale" content="es_ES" />
<meta property="og:type" content="article" />
<meta property="og:title" content="Glaciar Upsala desde la Estación Espacial Internacional - Galería de mapas" />
<meta property="og:description" content="Upsala es el tercer glaciar más grande del campo de hielo y, al igual que la mayoría de los glaciares de la región, ha experimentado un retroceso ..." />
<meta property="og:url" content="https://stesa.com/mapas/doc/glaciar-upsala-desde-la-estacion-espacial-internacional/" />
<meta property="og:site_name" content="Galería de mapas" />
<meta property="article:modified_time" content="2026-04-23T14:11:18+00:00" />
<meta property="og:image" content="https://stesa.com/mapas/wp-content/uploads/20188/Glaciar-Upsala-desde-la-Estacion-Espacial-Internacional-2009-1024x680.jpg" />
	<meta property="og:image:width" content="1024" />
	<meta property="og:image:height" content="680" />
	<meta property="og:image:type" content="image/jpeg" />
<meta name="twitter:card" content="summary_large_image" />
<meta name="twitter:label1" content="Tiempo de lectura" />
	<meta name="twitter:data1" content="2 minutos" />
<script type="application/ld+json" class="yoast-schema-graph">{"@context":"https:\/\/schema.org","@graph":[{"@type":"WebPage","@id":"https:\/\/stesa.com\/mapas\/doc\/glaciar-upsala-desde-la-estacion-espacial-internacional\/","url":"https:\/\/stesa.com\/mapas\/doc\/glaciar-upsala-desde-la-estacion-espacial-internacional\/","name":"Glaciar Upsala desde la Estación Espacial Internacional - Galería de mapas","isPartOf":{"@id":"https:\/\/stesa.com\/mapas\/#website"},"primaryImageOfPage":{"@id":"https:\/\/stesa.com\/mapas\/doc\/glaciar-upsala-desde-la-estacion-espacial-internacional\/#primaryimage"},"image":{"@id":"https:\/\/stesa.com\/mapas\/doc\/glaciar-upsala-desde-la-estacion-espacial-internacional\/#primaryimage"},"thumbnailUrl":"https:\/\/stesa.com\/mapas\/wp-content\/uploads\/20188\/Glaciar-Upsala-desde-la-Estacion-Espacial-Internacional-2009.jpg","datePublished":"2026-04-23T14:10:41+00:00","dateModified":"2026-04-23T14:11:18+00:00","breadcrumb":{"@id":"https:\/\/stesa.com\/mapas\/doc\/glaciar-upsala-desde-la-estacion-espacial-internacional\/#breadcrumb"},"inLanguage":"es","potentialAction":[{"@type":"ReadAction","target":["https:\/\/stesa.com\/mapas\/doc\/glaciar-upsala-desde-la-estacion-espacial-internacional\/"]}]},{"@type":"ImageObject","inLanguage":"es","@id":"https:\/\/stesa.com\/mapas\/doc\/glaciar-upsala-desde-la-estacion-espacial-internacional\/#primaryimage","url":"https:\/\/stesa.com\/mapas\/wp-content\/uploads\/20188\/Glaciar-Upsala-desde-la-Estacion-Espacial-Internacional-2009.jpg","contentUrl":"https:\/\/stesa.com\/mapas\/wp-content\/uploads\/20188\/Glaciar-Upsala-desde-la-Estacion-Espacial-Internacional-2009.jpg","width":4288,"height":2848,"caption":"Glaciar Upsala visto desde la Estación Espacial Internacional en 2009."},{"@type":"BreadcrumbList","@id":"https:\/\/stesa.com\/mapas\/doc\/glaciar-upsala-desde-la-estacion-espacial-internacional\/#breadcrumb","itemListElement":[{"@type":"ListItem","position":1,"name":"Portada","item":"https:\/\/gifex.com\/mapas\/"},{"@type":"ListItem","position":2,"name":"Glaciar Upsala desde la Estación Espacial Internacional"}]},{"@type":"WebSite","@id":"https:\/\/stesa.com\/mapas\/#website","url":"https:\/\/stesa.com\/mapas\/","name":"Galería de mapas","description":"","potentialAction":[{"@type":"SearchAction","target":{"@type":"EntryPoint","urlTemplate":"https:\/\/stesa.com\/mapas\/?s={search_term_string}"},"query-input":{"@type":"PropertyValueSpecification","valueRequired":true,"valueName":"search_term_string"}}],"inLanguage":"es"}]}</script>
<!-- / Yoast SEO plugin. -->

Glaciar Upsala desde la Estación Espacial Internacional - Galería de mapas

Upsala es el tercer glaciar más grande del campo de hielo y, al igual que la mayoría de los glaciares de la región, ha experimentado un retroceso ...

Galería de mapas

Glaciar Upsala visto desde la Estación Espacial Internacional en 2009.
