{"id":20088,"date":"2026-04-22T19:23:33","date_gmt":"2026-04-22T19:23:33","guid":{"rendered":"https:\/\/stesa.com\/mapas\/?post_type=ficha&#038;p=20088"},"modified":"2026-04-22T19:23:33","modified_gmt":"2026-04-22T19:23:33","slug":"escudo-de-la-provincia-de-san-luis","status":"publish","type":"ficha","link":"https:\/\/stesa.com\/mapas\/doc\/escudo-de-la-provincia-de-san-luis\/","title":{"rendered":"Escudo de la provincia de San Luis"},"content":{"rendered":"<p>El <strong>escudo de la provincia de San Luis<\/strong> es un s\u00edmbolo de forma ovalada que representa la identidad, geograf\u00eda e historia de esta provincia argentina. Su dise\u00f1o actual fue oficializado definitivamente el 27 de octubre de 1939 mediante la Ley Provincial N\u00ba 1640.<\/p>\n<p><strong>Significado de sus elementos<\/strong><\/p>\n<p>Cada componente del escudo encierra un mensaje espec\u00edfico sobre la provincia:<\/p>\n<ul>\n<li><strong>Dos venados enfrentados<\/strong>: Ubicados en el valle al pie de las sierras, son un homenaje a la fauna local y al nombre original de la ciudad capital: San Luis de la Punta de los Venados.<\/li>\n<li><strong>Sierras (Cerros)<\/strong>: Representan la fortaleza y la abundancia de recursos minerales de la regi\u00f3n. Est\u00e1n inspiradas espec\u00edficamente en el Cerro del Rosario.<\/li>\n<li><strong>Sol naciente<\/strong>: Simboliza la libertad, la independencia y un futuro brillante para el nuevo estado.<\/li>\n<li><strong>Ramas de laurel<\/strong>: Rodean el \u00f3valo y representan la gloria, la victoria y la inspiraci\u00f3n.<\/li>\n<li><strong>Lazo celeste y blanco<\/strong>: Une las ramas de laurel en la parte inferior, simbolizando la unidad de los habitantes de San Luis con la naci\u00f3n argentina.<\/li>\n<li><strong>Fondo azul<\/strong>: Representa la pureza del cielo de las regiones monta\u00f1osas.<\/li>\n<\/ul>\n<p>El D\u00eda del Escudo de San Luis se celebra anualmente el 27 de octubre, conmemorando la fecha de su sanci\u00f3n legal definitiva.<\/p>\n","protected":false},"excerpt":{"rendered":"<p>El escudo de la provincia de San Luis es un s\u00edmbolo de forma ovalada que representa la identidad, geograf\u00eda e historia de esta provincia argentina. <\/p>\n","protected":false},"author":1,"featured_media":20089,"template":"","categoria_ficha":[2199],"class_list":["post-20088","ficha","type-ficha","status-publish","has-post-thumbnail","hentry","categoria_ficha-mapas-de-la-provincia-de-san-luis"],"yoast_head":"<!-- This site is optimized with the Yoast SEO plugin v27.4 - https:\/\/yoast.com\/product\/yoast-seo-wordpress\/ -->\n<title>Escudo de la provincia de San Luis - Galer\u00eda de mapas<\/title>\n<meta name=\"robots\" content=\"index, follow, max-snippet:-1, max-image-preview:large, max-video-preview:-1\" \/>\n<link rel=\"canonical\" href=\"https:\/\/stesa.com\/mapas\/doc\/escudo-de-la-provincia-de-san-luis\/\" \/>\n<meta property=\"og:locale\" content=\"es_ES\" \/>\n<meta property=\"og:type\" content=\"article\" \/>\n<meta property=\"og:title\" content=\"Escudo de la provincia de San Luis - Galer\u00eda de mapas\" \/>\n<meta property=\"og:description\" content=\"El escudo de la provincia de San Luis es un s\u00edmbolo de forma ovalada que representa la identidad, geograf\u00eda e historia de esta provincia argentina.\" \/>\n<meta property=\"og:url\" content=\"https:\/\/stesa.com\/mapas\/doc\/escudo-de-la-provincia-de-san-luis\/\" \/>\n<meta property=\"og:site_name\" content=\"Galer\u00eda de mapas\" \/>\n<meta property=\"og:image\" content=\"https:\/\/stesa.com\/mapas\/wp-content\/uploads\/20088\/Escudo-de-la-provincia-de-San-Luis.png\" \/>\n\t<meta property=\"og:image:width\" content=\"1920\" \/>\n\t<meta property=\"og:image:height\" content=\"2391\" \/>\n\t<meta property=\"og:image:type\" content=\"image\/png\" \/>\n<meta name=\"twitter:card\" content=\"summary_large_image\" \/>\n<meta name=\"twitter:label1\" content=\"Tiempo de lectura\" \/>\n\t<meta name=\"twitter:data1\" content=\"1 minuto\" \/>\n<script type=\"application\/ld+json\" class=\"yoast-schema-graph\">{\"@context\":\"https:\\\/\\\/schema.org\",\"@graph\":[{\"@type\":\"WebPage\",\"@id\":\"https:\\\/\\\/stesa.com\\\/mapas\\\/doc\\\/escudo-de-la-provincia-de-san-luis\\\/\",\"url\":\"https:\\\/\\\/stesa.com\\\/mapas\\\/doc\\\/escudo-de-la-provincia-de-san-luis\\\/\",\"name\":\"Escudo de la provincia de San Luis - Galer\u00eda de mapas\",\"isPartOf\":{\"@id\":\"https:\\\/\\\/stesa.com\\\/mapas\\\/#website\"},\"primaryImageOfPage\":{\"@id\":\"https:\\\/\\\/stesa.com\\\/mapas\\\/doc\\\/escudo-de-la-provincia-de-san-luis\\\/#primaryimage\"},\"image\":{\"@id\":\"https:\\\/\\\/stesa.com\\\/mapas\\\/doc\\\/escudo-de-la-provincia-de-san-luis\\\/#primaryimage\"},\"thumbnailUrl\":\"https:\\\/\\\/stesa.com\\\/mapas\\\/wp-content\\\/uploads\\\/20088\\\/Escudo-de-la-provincia-de-San-Luis.png\",\"datePublished\":\"2026-04-22T19:23:33+00:00\",\"breadcrumb\":{\"@id\":\"https:\\\/\\\/stesa.com\\\/mapas\\\/doc\\\/escudo-de-la-provincia-de-san-luis\\\/#breadcrumb\"},\"inLanguage\":\"es\",\"potentialAction\":[{\"@type\":\"ReadAction\",\"target\":[\"https:\\\/\\\/stesa.com\\\/mapas\\\/doc\\\/escudo-de-la-provincia-de-san-luis\\\/\"]}]},{\"@type\":\"ImageObject\",\"inLanguage\":\"es\",\"@id\":\"https:\\\/\\\/stesa.com\\\/mapas\\\/doc\\\/escudo-de-la-provincia-de-san-luis\\\/#primaryimage\",\"url\":\"https:\\\/\\\/stesa.com\\\/mapas\\\/wp-content\\\/uploads\\\/20088\\\/Escudo-de-la-provincia-de-San-Luis.png\",\"contentUrl\":\"https:\\\/\\\/stesa.com\\\/mapas\\\/wp-content\\\/uploads\\\/20088\\\/Escudo-de-la-provincia-de-San-Luis.png\",\"width\":1920,\"height\":2391,\"caption\":\"Escudo de la provincia de San Luis.\"},{\"@type\":\"BreadcrumbList\",\"@id\":\"https:\\\/\\\/stesa.com\\\/mapas\\\/doc\\\/escudo-de-la-provincia-de-san-luis\\\/#breadcrumb\",\"itemListElement\":[{\"@type\":\"ListItem\",\"position\":1,\"name\":\"Portada\",\"item\":\"https:\\\/\\\/gifex.com\\\/mapas\\\/\"},{\"@type\":\"ListItem\",\"position\":2,\"name\":\"Escudo de la provincia de San Luis\"}]},{\"@type\":\"WebSite\",\"@id\":\"https:\\\/\\\/stesa.com\\\/mapas\\\/#website\",\"url\":\"https:\\\/\\\/stesa.com\\\/mapas\\\/\",\"name\":\"Galer\u00eda de mapas\",\"description\":\"\",\"potentialAction\":[{\"@type\":\"SearchAction\",\"target\":{\"@type\":\"EntryPoint\",\"urlTemplate\":\"https:\\\/\\\/stesa.com\\\/mapas\\\/?s={search_term_string}\"},\"query-input\":{\"@type\":\"PropertyValueSpecification\",\"valueRequired\":true,\"valueName\":\"search_term_string\"}}],\"inLanguage\":\"es\"}]}<\/script>\n<!-- \/ Yoast SEO plugin. -->","yoast_head_json":{"title":"Escudo de la provincia de San Luis - Galer\u00eda de mapas","robots":{"index":"index","follow":"follow","max-snippet":"max-snippet:-1","max-image-preview":"max-image-preview:large","max-video-preview":"max-video-preview:-1"},"canonical":"https:\/\/stesa.com\/mapas\/doc\/escudo-de-la-provincia-de-san-luis\/","og_locale":"es_ES","og_type":"article","og_title":"Escudo de la provincia de San Luis - Galer\u00eda de mapas","og_description":"El escudo de la provincia de San Luis es un s\u00edmbolo de forma ovalada que representa la identidad, geograf\u00eda e historia de esta provincia argentina.","og_url":"https:\/\/stesa.com\/mapas\/doc\/escudo-de-la-provincia-de-san-luis\/","og_site_name":"Galer\u00eda de mapas","og_image":[{"width":1920,"height":2391,"url":"https:\/\/stesa.com\/mapas\/wp-content\/uploads\/20088\/Escudo-de-la-provincia-de-San-Luis.png","type":"image\/png"}],"twitter_card":"summary_large_image","twitter_misc":{"Tiempo de lectura":"1 minuto"},"schema":{"@context":"https:\/\/schema.org","@graph":[{"@type":"WebPage","@id":"https:\/\/stesa.com\/mapas\/doc\/escudo-de-la-provincia-de-san-luis\/","url":"https:\/\/stesa.com\/mapas\/doc\/escudo-de-la-provincia-de-san-luis\/","name":"Escudo de la provincia de San Luis - Galer\u00eda de mapas","isPartOf":{"@id":"https:\/\/stesa.com\/mapas\/#website"},"primaryImageOfPage":{"@id":"https:\/\/stesa.com\/mapas\/doc\/escudo-de-la-provincia-de-san-luis\/#primaryimage"},"image":{"@id":"https:\/\/stesa.com\/mapas\/doc\/escudo-de-la-provincia-de-san-luis\/#primaryimage"},"thumbnailUrl":"https:\/\/stesa.com\/mapas\/wp-content\/uploads\/20088\/Escudo-de-la-provincia-de-San-Luis.png","datePublished":"2026-04-22T19:23:33+00:00","breadcrumb":{"@id":"https:\/\/stesa.com\/mapas\/doc\/escudo-de-la-provincia-de-san-luis\/#breadcrumb"},"inLanguage":"es","potentialAction":[{"@type":"ReadAction","target":["https:\/\/stesa.com\/mapas\/doc\/escudo-de-la-provincia-de-san-luis\/"]}]},{"@type":"ImageObject","inLanguage":"es","@id":"https:\/\/stesa.com\/mapas\/doc\/escudo-de-la-provincia-de-san-luis\/#primaryimage","url":"https:\/\/stesa.com\/mapas\/wp-content\/uploads\/20088\/Escudo-de-la-provincia-de-San-Luis.png","contentUrl":"https:\/\/stesa.com\/mapas\/wp-content\/uploads\/20088\/Escudo-de-la-provincia-de-San-Luis.png","width":1920,"height":2391,"caption":"Escudo de la provincia de San Luis."},{"@type":"BreadcrumbList","@id":"https:\/\/stesa.com\/mapas\/doc\/escudo-de-la-provincia-de-san-luis\/#breadcrumb","itemListElement":[{"@type":"ListItem","position":1,"name":"Portada","item":"https:\/\/gifex.com\/mapas\/"},{"@type":"ListItem","position":2,"name":"Escudo de la provincia de San Luis"}]},{"@type":"WebSite","@id":"https:\/\/stesa.com\/mapas\/#website","url":"https:\/\/stesa.com\/mapas\/","name":"Galer\u00eda de mapas","description":"","potentialAction":[{"@type":"SearchAction","target":{"@type":"EntryPoint","urlTemplate":"https:\/\/stesa.com\/mapas\/?s={search_term_string}"},"query-input":{"@type":"PropertyValueSpecification","valueRequired":true,"valueName":"search_term_string"}}],"inLanguage":"es"}]}},"_links":{"self":[{"href":"https:\/\/stesa.com\/mapas\/wp-json\/wp\/v2\/ficha\/20088","targetHints":{"allow":["GET"]}}],"collection":[{"href":"https:\/\/stesa.com\/mapas\/wp-json\/wp\/v2\/ficha"}],"about":[{"href":"https:\/\/stesa.com\/mapas\/wp-json\/wp\/v2\/types\/ficha"}],"author":[{"embeddable":true,"href":"https:\/\/stesa.com\/mapas\/wp-json\/wp\/v2\/users\/1"}],"version-history":[{"count":1,"href":"https:\/\/stesa.com\/mapas\/wp-json\/wp\/v2\/ficha\/20088\/revisions"}],"predecessor-version":[{"id":20090,"href":"https:\/\/stesa.com\/mapas\/wp-json\/wp\/v2\/ficha\/20088\/revisions\/20090"}],"wp:featuredmedia":[{"embeddable":true,"href":"https:\/\/stesa.com\/mapas\/wp-json\/wp\/v2\/media\/20089"}],"wp:attachment":[{"href":"https:\/\/stesa.com\/mapas\/wp-json\/wp\/v2\/media?parent=20088"}],"wp:term":[{"taxonomy":"categoria_ficha","embeddable":true,"href":"https:\/\/stesa.com\/mapas\/wp-json\/wp\/v2\/categoria_ficha?post=20088"}],"curies":[{"name":"wp","href":"https:\/\/api.w.org\/{rel}","templated":true}]}}

<p>El <strong>escudo de la provincia de San Luis</strong> es un símbolo de forma ovalada que representa la identidad, geografía e historia de esta provincia argentina. Su diseño actual fue oficializado definitivamente el 27 de octubre de 1939 mediante la Ley Provincial Nº 1640.</p>
<p><strong>Significado de sus elementos</strong></p>
<p>Cada componente del escudo encierra un mensaje específico sobre la provincia:</p>
<ul>
<li><strong>Dos venados enfrentados</strong>: Ubicados en el valle al pie de las sierras, son un homenaje a la fauna local y al nombre original de la ciudad capital: San Luis de la Punta de los Venados.</li>
<li><strong>Sierras (Cerros)</strong>: Representan la fortaleza y la abundancia de recursos minerales de la región. Están inspiradas específicamente en el Cerro del Rosario.</li>
<li><strong>Sol naciente</strong>: Simboliza la libertad, la independencia y un futuro brillante para el nuevo estado.</li>
<li><strong>Ramas de laurel</strong>: Rodean el óvalo y representan la gloria, la victoria y la inspiración.</li>
<li><strong>Lazo celeste y blanco</strong>: Une las ramas de laurel en la parte inferior, simbolizando la unidad de los habitantes de San Luis con la nación argentina.</li>
<li><strong>Fondo azul</strong>: Representa la pureza del cielo de las regiones montañosas.</li>
</ul>
<p>El Día del Escudo de San Luis se celebra anualmente el 27 de octubre, conmemorando la fecha de su sanción legal definitiva.</p>

<p>El escudo de la provincia de San Luis es un símbolo de forma ovalada que representa la identidad, geografía e historia de esta provincia argentina. </p>

<!-- This site is optimized with the Yoast SEO plugin v27.4 - https://yoast.com/product/yoast-seo-wordpress/ -->
<title>Escudo de la provincia de San Luis - Galería de mapas</title>
<meta name="robots" content="index, follow, max-snippet:-1, max-image-preview:large, max-video-preview:-1" />
<link rel="canonical" href="https://stesa.com/mapas/doc/escudo-de-la-provincia-de-san-luis/" />
<meta property="og:locale" content="es_ES" />
<meta property="og:type" content="article" />
<meta property="og:title" content="Escudo de la provincia de San Luis - Galería de mapas" />
<meta property="og:description" content="El escudo de la provincia de San Luis es un símbolo de forma ovalada que representa la identidad, geografía e historia de esta provincia argentina." />
<meta property="og:url" content="https://stesa.com/mapas/doc/escudo-de-la-provincia-de-san-luis/" />
<meta property="og:site_name" content="Galería de mapas" />
<meta property="og:image" content="https://stesa.com/mapas/wp-content/uploads/20088/Escudo-de-la-provincia-de-San-Luis.png" />
	<meta property="og:image:width" content="1920" />
	<meta property="og:image:height" content="2391" />
	<meta property="og:image:type" content="image/png" />
<meta name="twitter:card" content="summary_large_image" />
<meta name="twitter:label1" content="Tiempo de lectura" />
	<meta name="twitter:data1" content="1 minuto" />
<script type="application/ld+json" class="yoast-schema-graph">{"@context":"https:\/\/schema.org","@graph":[{"@type":"WebPage","@id":"https:\/\/stesa.com\/mapas\/doc\/escudo-de-la-provincia-de-san-luis\/","url":"https:\/\/stesa.com\/mapas\/doc\/escudo-de-la-provincia-de-san-luis\/","name":"Escudo de la provincia de San Luis - Galería de mapas","isPartOf":{"@id":"https:\/\/stesa.com\/mapas\/#website"},"primaryImageOfPage":{"@id":"https:\/\/stesa.com\/mapas\/doc\/escudo-de-la-provincia-de-san-luis\/#primaryimage"},"image":{"@id":"https:\/\/stesa.com\/mapas\/doc\/escudo-de-la-provincia-de-san-luis\/#primaryimage"},"thumbnailUrl":"https:\/\/stesa.com\/mapas\/wp-content\/uploads\/20088\/Escudo-de-la-provincia-de-San-Luis.png","datePublished":"2026-04-22T19:23:33+00:00","breadcrumb":{"@id":"https:\/\/stesa.com\/mapas\/doc\/escudo-de-la-provincia-de-san-luis\/#breadcrumb"},"inLanguage":"es","potentialAction":[{"@type":"ReadAction","target":["https:\/\/stesa.com\/mapas\/doc\/escudo-de-la-provincia-de-san-luis\/"]}]},{"@type":"ImageObject","inLanguage":"es","@id":"https:\/\/stesa.com\/mapas\/doc\/escudo-de-la-provincia-de-san-luis\/#primaryimage","url":"https:\/\/stesa.com\/mapas\/wp-content\/uploads\/20088\/Escudo-de-la-provincia-de-San-Luis.png","contentUrl":"https:\/\/stesa.com\/mapas\/wp-content\/uploads\/20088\/Escudo-de-la-provincia-de-San-Luis.png","width":1920,"height":2391,"caption":"Escudo de la provincia de San Luis."},{"@type":"BreadcrumbList","@id":"https:\/\/stesa.com\/mapas\/doc\/escudo-de-la-provincia-de-san-luis\/#breadcrumb","itemListElement":[{"@type":"ListItem","position":1,"name":"Portada","item":"https:\/\/gifex.com\/mapas\/"},{"@type":"ListItem","position":2,"name":"Escudo de la provincia de San Luis"}]},{"@type":"WebSite","@id":"https:\/\/stesa.com\/mapas\/#website","url":"https:\/\/stesa.com\/mapas\/","name":"Galería de mapas","description":"","potentialAction":[{"@type":"SearchAction","target":{"@type":"EntryPoint","urlTemplate":"https:\/\/stesa.com\/mapas\/?s={search_term_string}"},"query-input":{"@type":"PropertyValueSpecification","valueRequired":true,"valueName":"search_term_string"}}],"inLanguage":"es"}]}</script>
<!-- / Yoast SEO plugin. -->

Escudo de la provincia de San Luis - Galería de mapas

El escudo de la provincia de San Luis es un símbolo de forma ovalada que representa la identidad, geografía e historia de esta provincia argentina.

Galería de mapas
