{"id":19986,"date":"2026-04-21T20:19:41","date_gmt":"2026-04-21T20:19:41","guid":{"rendered":"https:\/\/stesa.com\/mapas\/?post_type=ficha&#038;p=19986"},"modified":"2026-04-21T20:19:41","modified_gmt":"2026-04-21T20:19:41","slug":"escudo-de-la-provincia-de-salta","status":"publish","type":"ficha","link":"https:\/\/stesa.com\/mapas\/doc\/escudo-de-la-provincia-de-salta\/","title":{"rendered":"Escudo de la provincia de Salta"},"content":{"rendered":"<p>El <strong>escudo de la provincia de Salta<\/strong> es un s\u00edmbolo ovalado que comparte la forma general del escudo nacional argentino y fue adoptado oficialmente mediante la Ley Provincial N\u00b0 2027 en 1946.<\/p>\n<p><strong>Significado de sus componentes<\/strong><\/p>\n<p>Cada elemento del dise\u00f1o tiene un simbolismo hist\u00f3rico y patri\u00f3tico espec\u00edfico:<\/p>\n<ul>\n<li><strong>Campo Azul Celeste<\/strong>: El color del fondo alude a la justicia, la lealtad, la verdad y la fraternidad.<\/li>\n<li><strong>Estrella Plateada<\/strong>: Ubicada en el centro, es una estrella de seis puntas que representa el honor y la defensa de la ciudad. Sus puntas simbolizan a los seis h\u00e9roes destacados en la tercera defensa de Salta.<\/li>\n<li><strong>Sol Dorado<\/strong>: Se encuentra en el coraz\u00f3n de la estrella y representa la independencia, la libertad y la identidad americana.<\/li>\n<li><strong>Laureles<\/strong>: Rodean la elipse y simbolizan la victoria obtenida en la Batalla de Salta durante la guerra de independencia.<\/li>\n<li><strong>Lazo<\/strong>: En la base, un lazo une las ramas de laurel, reforzando la uni\u00f3n y el triunfo.<\/li>\n<\/ul>\n<p>Este escudo sintetiza el \u00abesp\u00edritu g\u00fcemesiano\u00bb y el sacrificio de quienes lucharon por un pa\u00eds soberano. Tambi\u00e9n aparece como elemento central en la bandera de la provincia, rodeado por 23 estrellas que representan a los departamentos salte\u00f1os.<\/p>\n","protected":false},"excerpt":{"rendered":"<p>El escudo de la provincia de Salta es un s\u00edmbolo ovalado que comparte la forma general del escudo nacional argentino y fue adoptado oficialmente mediante la Ley<\/p>\n","protected":false},"author":1,"featured_media":19987,"template":"","categoria_ficha":[2197],"class_list":["post-19986","ficha","type-ficha","status-publish","has-post-thumbnail","hentry","categoria_ficha-mapas-de-la-provincia-de-salta"],"yoast_head":"<!-- This site is optimized with the Yoast SEO plugin v27.4 - https:\/\/yoast.com\/product\/yoast-seo-wordpress\/ -->\n<title>Escudo de la provincia de Salta - Galer\u00eda de mapas<\/title>\n<meta name=\"robots\" content=\"index, follow, max-snippet:-1, max-image-preview:large, max-video-preview:-1\" \/>\n<link rel=\"canonical\" href=\"https:\/\/stesa.com\/mapas\/doc\/escudo-de-la-provincia-de-salta\/\" \/>\n<meta property=\"og:locale\" content=\"es_ES\" \/>\n<meta property=\"og:type\" content=\"article\" \/>\n<meta property=\"og:title\" content=\"Escudo de la provincia de Salta - Galer\u00eda de mapas\" \/>\n<meta property=\"og:description\" content=\"El escudo de la provincia de Salta es un s\u00edmbolo ovalado que comparte la forma general del escudo nacional argentino y fue adoptado oficialmente mediante la Ley\" \/>\n<meta property=\"og:url\" content=\"https:\/\/stesa.com\/mapas\/doc\/escudo-de-la-provincia-de-salta\/\" \/>\n<meta property=\"og:site_name\" content=\"Galer\u00eda de mapas\" \/>\n<meta property=\"og:image\" content=\"https:\/\/stesa.com\/mapas\/wp-content\/uploads\/19986\/Escudo-de-la-provincia-de-Salta.png\" \/>\n\t<meta property=\"og:image:width\" content=\"1920\" \/>\n\t<meta property=\"og:image:height\" content=\"2532\" \/>\n\t<meta property=\"og:image:type\" content=\"image\/png\" \/>\n<meta name=\"twitter:card\" content=\"summary_large_image\" \/>\n<meta name=\"twitter:label1\" content=\"Tiempo de lectura\" \/>\n\t<meta name=\"twitter:data1\" content=\"1 minuto\" \/>\n<script type=\"application\/ld+json\" class=\"yoast-schema-graph\">{\"@context\":\"https:\\\/\\\/schema.org\",\"@graph\":[{\"@type\":\"WebPage\",\"@id\":\"https:\\\/\\\/stesa.com\\\/mapas\\\/doc\\\/escudo-de-la-provincia-de-salta\\\/\",\"url\":\"https:\\\/\\\/stesa.com\\\/mapas\\\/doc\\\/escudo-de-la-provincia-de-salta\\\/\",\"name\":\"Escudo de la provincia de Salta - Galer\u00eda de mapas\",\"isPartOf\":{\"@id\":\"https:\\\/\\\/stesa.com\\\/mapas\\\/#website\"},\"primaryImageOfPage\":{\"@id\":\"https:\\\/\\\/stesa.com\\\/mapas\\\/doc\\\/escudo-de-la-provincia-de-salta\\\/#primaryimage\"},\"image\":{\"@id\":\"https:\\\/\\\/stesa.com\\\/mapas\\\/doc\\\/escudo-de-la-provincia-de-salta\\\/#primaryimage\"},\"thumbnailUrl\":\"https:\\\/\\\/stesa.com\\\/mapas\\\/wp-content\\\/uploads\\\/19986\\\/Escudo-de-la-provincia-de-Salta.png\",\"datePublished\":\"2026-04-21T20:19:41+00:00\",\"breadcrumb\":{\"@id\":\"https:\\\/\\\/stesa.com\\\/mapas\\\/doc\\\/escudo-de-la-provincia-de-salta\\\/#breadcrumb\"},\"inLanguage\":\"es\",\"potentialAction\":[{\"@type\":\"ReadAction\",\"target\":[\"https:\\\/\\\/stesa.com\\\/mapas\\\/doc\\\/escudo-de-la-provincia-de-salta\\\/\"]}]},{\"@type\":\"ImageObject\",\"inLanguage\":\"es\",\"@id\":\"https:\\\/\\\/stesa.com\\\/mapas\\\/doc\\\/escudo-de-la-provincia-de-salta\\\/#primaryimage\",\"url\":\"https:\\\/\\\/stesa.com\\\/mapas\\\/wp-content\\\/uploads\\\/19986\\\/Escudo-de-la-provincia-de-Salta.png\",\"contentUrl\":\"https:\\\/\\\/stesa.com\\\/mapas\\\/wp-content\\\/uploads\\\/19986\\\/Escudo-de-la-provincia-de-Salta.png\",\"width\":1920,\"height\":2532,\"caption\":\"Escudo de la provincia de Salta.\"},{\"@type\":\"BreadcrumbList\",\"@id\":\"https:\\\/\\\/stesa.com\\\/mapas\\\/doc\\\/escudo-de-la-provincia-de-salta\\\/#breadcrumb\",\"itemListElement\":[{\"@type\":\"ListItem\",\"position\":1,\"name\":\"Portada\",\"item\":\"https:\\\/\\\/gifex.com\\\/mapas\\\/\"},{\"@type\":\"ListItem\",\"position\":2,\"name\":\"Escudo de la provincia de Salta\"}]},{\"@type\":\"WebSite\",\"@id\":\"https:\\\/\\\/stesa.com\\\/mapas\\\/#website\",\"url\":\"https:\\\/\\\/stesa.com\\\/mapas\\\/\",\"name\":\"Galer\u00eda de mapas\",\"description\":\"\",\"potentialAction\":[{\"@type\":\"SearchAction\",\"target\":{\"@type\":\"EntryPoint\",\"urlTemplate\":\"https:\\\/\\\/stesa.com\\\/mapas\\\/?s={search_term_string}\"},\"query-input\":{\"@type\":\"PropertyValueSpecification\",\"valueRequired\":true,\"valueName\":\"search_term_string\"}}],\"inLanguage\":\"es\"}]}<\/script>\n<!-- \/ Yoast SEO plugin. -->","yoast_head_json":{"title":"Escudo de la provincia de Salta - Galer\u00eda de mapas","robots":{"index":"index","follow":"follow","max-snippet":"max-snippet:-1","max-image-preview":"max-image-preview:large","max-video-preview":"max-video-preview:-1"},"canonical":"https:\/\/stesa.com\/mapas\/doc\/escudo-de-la-provincia-de-salta\/","og_locale":"es_ES","og_type":"article","og_title":"Escudo de la provincia de Salta - Galer\u00eda de mapas","og_description":"El escudo de la provincia de Salta es un s\u00edmbolo ovalado que comparte la forma general del escudo nacional argentino y fue adoptado oficialmente mediante la Ley","og_url":"https:\/\/stesa.com\/mapas\/doc\/escudo-de-la-provincia-de-salta\/","og_site_name":"Galer\u00eda de mapas","og_image":[{"width":1920,"height":2532,"url":"https:\/\/stesa.com\/mapas\/wp-content\/uploads\/19986\/Escudo-de-la-provincia-de-Salta.png","type":"image\/png"}],"twitter_card":"summary_large_image","twitter_misc":{"Tiempo de lectura":"1 minuto"},"schema":{"@context":"https:\/\/schema.org","@graph":[{"@type":"WebPage","@id":"https:\/\/stesa.com\/mapas\/doc\/escudo-de-la-provincia-de-salta\/","url":"https:\/\/stesa.com\/mapas\/doc\/escudo-de-la-provincia-de-salta\/","name":"Escudo de la provincia de Salta - Galer\u00eda de mapas","isPartOf":{"@id":"https:\/\/stesa.com\/mapas\/#website"},"primaryImageOfPage":{"@id":"https:\/\/stesa.com\/mapas\/doc\/escudo-de-la-provincia-de-salta\/#primaryimage"},"image":{"@id":"https:\/\/stesa.com\/mapas\/doc\/escudo-de-la-provincia-de-salta\/#primaryimage"},"thumbnailUrl":"https:\/\/stesa.com\/mapas\/wp-content\/uploads\/19986\/Escudo-de-la-provincia-de-Salta.png","datePublished":"2026-04-21T20:19:41+00:00","breadcrumb":{"@id":"https:\/\/stesa.com\/mapas\/doc\/escudo-de-la-provincia-de-salta\/#breadcrumb"},"inLanguage":"es","potentialAction":[{"@type":"ReadAction","target":["https:\/\/stesa.com\/mapas\/doc\/escudo-de-la-provincia-de-salta\/"]}]},{"@type":"ImageObject","inLanguage":"es","@id":"https:\/\/stesa.com\/mapas\/doc\/escudo-de-la-provincia-de-salta\/#primaryimage","url":"https:\/\/stesa.com\/mapas\/wp-content\/uploads\/19986\/Escudo-de-la-provincia-de-Salta.png","contentUrl":"https:\/\/stesa.com\/mapas\/wp-content\/uploads\/19986\/Escudo-de-la-provincia-de-Salta.png","width":1920,"height":2532,"caption":"Escudo de la provincia de Salta."},{"@type":"BreadcrumbList","@id":"https:\/\/stesa.com\/mapas\/doc\/escudo-de-la-provincia-de-salta\/#breadcrumb","itemListElement":[{"@type":"ListItem","position":1,"name":"Portada","item":"https:\/\/gifex.com\/mapas\/"},{"@type":"ListItem","position":2,"name":"Escudo de la provincia de Salta"}]},{"@type":"WebSite","@id":"https:\/\/stesa.com\/mapas\/#website","url":"https:\/\/stesa.com\/mapas\/","name":"Galer\u00eda de mapas","description":"","potentialAction":[{"@type":"SearchAction","target":{"@type":"EntryPoint","urlTemplate":"https:\/\/stesa.com\/mapas\/?s={search_term_string}"},"query-input":{"@type":"PropertyValueSpecification","valueRequired":true,"valueName":"search_term_string"}}],"inLanguage":"es"}]}},"_links":{"self":[{"href":"https:\/\/stesa.com\/mapas\/wp-json\/wp\/v2\/ficha\/19986","targetHints":{"allow":["GET"]}}],"collection":[{"href":"https:\/\/stesa.com\/mapas\/wp-json\/wp\/v2\/ficha"}],"about":[{"href":"https:\/\/stesa.com\/mapas\/wp-json\/wp\/v2\/types\/ficha"}],"author":[{"embeddable":true,"href":"https:\/\/stesa.com\/mapas\/wp-json\/wp\/v2\/users\/1"}],"version-history":[{"count":1,"href":"https:\/\/stesa.com\/mapas\/wp-json\/wp\/v2\/ficha\/19986\/revisions"}],"predecessor-version":[{"id":19988,"href":"https:\/\/stesa.com\/mapas\/wp-json\/wp\/v2\/ficha\/19986\/revisions\/19988"}],"wp:featuredmedia":[{"embeddable":true,"href":"https:\/\/stesa.com\/mapas\/wp-json\/wp\/v2\/media\/19987"}],"wp:attachment":[{"href":"https:\/\/stesa.com\/mapas\/wp-json\/wp\/v2\/media?parent=19986"}],"wp:term":[{"taxonomy":"categoria_ficha","embeddable":true,"href":"https:\/\/stesa.com\/mapas\/wp-json\/wp\/v2\/categoria_ficha?post=19986"}],"curies":[{"name":"wp","href":"https:\/\/api.w.org\/{rel}","templated":true}]}}

<p>El <strong>escudo de la provincia de Salta</strong> es un símbolo ovalado que comparte la forma general del escudo nacional argentino y fue adoptado oficialmente mediante la Ley Provincial N° 2027 en 1946.</p>
<p><strong>Significado de sus componentes</strong></p>
<p>Cada elemento del diseño tiene un simbolismo histórico y patriótico específico:</p>
<ul>
<li><strong>Campo Azul Celeste</strong>: El color del fondo alude a la justicia, la lealtad, la verdad y la fraternidad.</li>
<li><strong>Estrella Plateada</strong>: Ubicada en el centro, es una estrella de seis puntas que representa el honor y la defensa de la ciudad. Sus puntas simbolizan a los seis héroes destacados en la tercera defensa de Salta.</li>
<li><strong>Sol Dorado</strong>: Se encuentra en el corazón de la estrella y representa la independencia, la libertad y la identidad americana.</li>
<li><strong>Laureles</strong>: Rodean la elipse y simbolizan la victoria obtenida en la Batalla de Salta durante la guerra de independencia.</li>
<li><strong>Lazo</strong>: En la base, un lazo une las ramas de laurel, reforzando la unión y el triunfo.</li>
</ul>
<p>Este escudo sintetiza el «espíritu güemesiano» y el sacrificio de quienes lucharon por un país soberano. También aparece como elemento central en la bandera de la provincia, rodeado por 23 estrellas que representan a los departamentos salteños.</p>

<p>El escudo de la provincia de Salta es un símbolo ovalado que comparte la forma general del escudo nacional argentino y fue adoptado oficialmente mediante la Ley</p>

<!-- This site is optimized with the Yoast SEO plugin v27.4 - https://yoast.com/product/yoast-seo-wordpress/ -->
<title>Escudo de la provincia de Salta - Galería de mapas</title>
<meta name="robots" content="index, follow, max-snippet:-1, max-image-preview:large, max-video-preview:-1" />
<link rel="canonical" href="https://stesa.com/mapas/doc/escudo-de-la-provincia-de-salta/" />
<meta property="og:locale" content="es_ES" />
<meta property="og:type" content="article" />
<meta property="og:title" content="Escudo de la provincia de Salta - Galería de mapas" />
<meta property="og:description" content="El escudo de la provincia de Salta es un símbolo ovalado que comparte la forma general del escudo nacional argentino y fue adoptado oficialmente mediante la Ley" />
<meta property="og:url" content="https://stesa.com/mapas/doc/escudo-de-la-provincia-de-salta/" />
<meta property="og:site_name" content="Galería de mapas" />
<meta property="og:image" content="https://stesa.com/mapas/wp-content/uploads/19986/Escudo-de-la-provincia-de-Salta.png" />
	<meta property="og:image:width" content="1920" />
	<meta property="og:image:height" content="2532" />
	<meta property="og:image:type" content="image/png" />
<meta name="twitter:card" content="summary_large_image" />
<meta name="twitter:label1" content="Tiempo de lectura" />
	<meta name="twitter:data1" content="1 minuto" />
<script type="application/ld+json" class="yoast-schema-graph">{"@context":"https:\/\/schema.org","@graph":[{"@type":"WebPage","@id":"https:\/\/stesa.com\/mapas\/doc\/escudo-de-la-provincia-de-salta\/","url":"https:\/\/stesa.com\/mapas\/doc\/escudo-de-la-provincia-de-salta\/","name":"Escudo de la provincia de Salta - Galería de mapas","isPartOf":{"@id":"https:\/\/stesa.com\/mapas\/#website"},"primaryImageOfPage":{"@id":"https:\/\/stesa.com\/mapas\/doc\/escudo-de-la-provincia-de-salta\/#primaryimage"},"image":{"@id":"https:\/\/stesa.com\/mapas\/doc\/escudo-de-la-provincia-de-salta\/#primaryimage"},"thumbnailUrl":"https:\/\/stesa.com\/mapas\/wp-content\/uploads\/19986\/Escudo-de-la-provincia-de-Salta.png","datePublished":"2026-04-21T20:19:41+00:00","breadcrumb":{"@id":"https:\/\/stesa.com\/mapas\/doc\/escudo-de-la-provincia-de-salta\/#breadcrumb"},"inLanguage":"es","potentialAction":[{"@type":"ReadAction","target":["https:\/\/stesa.com\/mapas\/doc\/escudo-de-la-provincia-de-salta\/"]}]},{"@type":"ImageObject","inLanguage":"es","@id":"https:\/\/stesa.com\/mapas\/doc\/escudo-de-la-provincia-de-salta\/#primaryimage","url":"https:\/\/stesa.com\/mapas\/wp-content\/uploads\/19986\/Escudo-de-la-provincia-de-Salta.png","contentUrl":"https:\/\/stesa.com\/mapas\/wp-content\/uploads\/19986\/Escudo-de-la-provincia-de-Salta.png","width":1920,"height":2532,"caption":"Escudo de la provincia de Salta."},{"@type":"BreadcrumbList","@id":"https:\/\/stesa.com\/mapas\/doc\/escudo-de-la-provincia-de-salta\/#breadcrumb","itemListElement":[{"@type":"ListItem","position":1,"name":"Portada","item":"https:\/\/gifex.com\/mapas\/"},{"@type":"ListItem","position":2,"name":"Escudo de la provincia de Salta"}]},{"@type":"WebSite","@id":"https:\/\/stesa.com\/mapas\/#website","url":"https:\/\/stesa.com\/mapas\/","name":"Galería de mapas","description":"","potentialAction":[{"@type":"SearchAction","target":{"@type":"EntryPoint","urlTemplate":"https:\/\/stesa.com\/mapas\/?s={search_term_string}"},"query-input":{"@type":"PropertyValueSpecification","valueRequired":true,"valueName":"search_term_string"}}],"inLanguage":"es"}]}</script>
<!-- / Yoast SEO plugin. -->

Escudo de la provincia de Salta - Galería de mapas

El escudo de la provincia de Salta es un símbolo ovalado que comparte la forma general del escudo nacional argentino y fue adoptado oficialmente mediante la Ley

Galería de mapas
