{"id":19965,"date":"2026-04-21T19:33:03","date_gmt":"2026-04-21T19:33:03","guid":{"rendered":"https:\/\/stesa.com\/mapas\/?post_type=ficha&#038;p=19965"},"modified":"2026-04-21T19:33:03","modified_gmt":"2026-04-21T19:33:03","slug":"mapa-geologico-de-la-provincia-de-rio-negro","status":"publish","type":"ficha","link":"https:\/\/stesa.com\/mapas\/doc\/mapa-geologico-de-la-provincia-de-rio-negro\/","title":{"rendered":"Mapa geol\u00f3gico de la provincia de R\u00edo Negro"},"content":{"rendered":"<p style=\"text-align: center;\"><label style=\"font-size: 15px;\">Mapa geol\u00f3gico de la provincia de R\u00edo Negro <a href=\"https:\/\/stesa.com\/mapas\/wp-content\/uploads\/19965\/Mapa-geologico-de-la-provincia-de-Rio-Negro.pdf\" target=\"_blank\" rel=\"noopener\">(formato PDF)<\/a>.<\/label><\/p>\n<p><strong>Geolog\u00eda de la provincia de R\u00edo Negro<\/strong><\/p>\n<p>La Provincia de R\u00edo Negro posee una geolog\u00eda muy diversa, resultado de procesos tect\u00f3nicos, volc\u00e1nicos, sedimentarios y erosivos desarrollados a lo largo de millones de a\u00f1os. Su territorio se extiende desde la cordillera andina hasta las mesetas y costas atl\u00e1nticas, lo que explica la variedad de paisajes y formaciones rocosas.<\/p>\n<p><strong>Unidades geol\u00f3gicas principales<\/strong><\/p>\n<p><strong>Cordillera andina<\/strong><\/p>\n<p>En el oeste provincial.<\/p>\n<ul>\n<li>Predominan rocas \u00edgneas, metam\u00f3rficas y sedimentarias deformadas por la orogenia andina.<\/li>\n<li>Presencia de lagos glaciarios, valles en U y morenas.<\/li>\n<li>Actividad tect\u00f3nica relativamente reciente.<\/li>\n<\/ul>\n<p><strong>Mesetas patag\u00f3nicas<\/strong><\/p>\n<p>Ocupan gran parte del centro y sur.<\/p>\n<ul>\n<li>Formadas por capas sedimentarias y mantos bas\u00e1lticos.<\/li>\n<li>Amplias planicies elevadas modeladas por erosi\u00f3n e\u00f3lica e h\u00eddrica.<\/li>\n<li>Escarpes y ca\u00f1adones frecuentes.<\/li>\n<\/ul>\n<p><strong>Valles fluviales<\/strong><\/p>\n<p>Especialmente el valle del R\u00edo Negro.<\/p>\n<ul>\n<li>Sedimentos aluviales f\u00e9rtiles acumulados por antiguos cursos de agua.<\/li>\n<li>Terrazas fluviales y planicies de inundaci\u00f3n.<\/li>\n<\/ul>\n<p><strong>Costa atl\u00e1ntica<\/strong><\/p>\n<ul>\n<li>Acantilados marinos, playas y dep\u00f3sitos costeros.<\/li>\n<li>Restos f\u00f3siles marinos y continentales en distintos sectores.<\/li>\n<\/ul>\n<p><strong>Volcanismo<\/strong><\/p>\n<p>Varias \u00e1reas presentan rocas volc\u00e1nicas antiguas:<\/p>\n<ul>\n<li>Basaltos extensos en mesetas.<\/li>\n<li>Conos y campos volc\u00e1nicos en sectores patag\u00f3nicos cercanos.<\/li>\n<li>Relieves escalonados asociados a coladas de lava.<\/li>\n<\/ul>\n<p><strong>Recursos naturales<\/strong><\/p>\n<ul>\n<li>Petr\u00f3leo y gas en \u00e1reas del norte.<\/li>\n<li>Minerales no metal\u00edferos.<\/li>\n<li>Rocas para construcci\u00f3n.<\/li>\n<li>Suelos f\u00e9rtiles en valles irrigados.<\/li>\n<\/ul>\n<p><strong>Riesgos geol\u00f3gicos<\/strong><\/p>\n<ul>\n<li>Sismicidad baja a moderada (mayor hacia el oeste andino).<\/li>\n<li>Erosi\u00f3n e\u00f3lica en mesetas \u00e1ridas.<\/li>\n<li>Deslizamientos en laderas cordilleranas.<\/li>\n<li>Inundaciones localizadas en valles.<\/li>\n<\/ul>\n","protected":false},"excerpt":{"rendered":"<p>La Provincia de R\u00edo Negro posee una geolog\u00eda muy diversa, resultado de procesos tect\u00f3nicos, volc\u00e1nicos, sedimentarios y erosivos desarrollados a lo largo de &#8230;<\/p>\n","protected":false},"author":1,"featured_media":19967,"template":"","categoria_ficha":[2196],"class_list":["post-19965","ficha","type-ficha","status-publish","has-post-thumbnail","hentry","categoria_ficha-mapas-de-la-provincia-de-rio-negro"],"yoast_head":"<!-- This site is optimized with the Yoast SEO plugin v27.4 - https:\/\/yoast.com\/product\/yoast-seo-wordpress\/ -->\n<title>Mapa geol\u00f3gico de la provincia de R\u00edo Negro - Galer\u00eda de mapas<\/title>\n<meta name=\"robots\" content=\"index, follow, max-snippet:-1, max-image-preview:large, max-video-preview:-1\" \/>\n<link rel=\"canonical\" href=\"https:\/\/stesa.com\/mapas\/doc\/mapa-geologico-de-la-provincia-de-rio-negro\/\" \/>\n<meta property=\"og:locale\" content=\"es_ES\" \/>\n<meta property=\"og:type\" content=\"article\" \/>\n<meta property=\"og:title\" content=\"Mapa geol\u00f3gico de la provincia de R\u00edo Negro - Galer\u00eda de mapas\" \/>\n<meta property=\"og:description\" content=\"La Provincia de R\u00edo Negro posee una geolog\u00eda muy diversa, resultado de procesos tect\u00f3nicos, volc\u00e1nicos, sedimentarios y erosivos desarrollados a lo largo de ...\" \/>\n<meta property=\"og:url\" content=\"https:\/\/stesa.com\/mapas\/doc\/mapa-geologico-de-la-provincia-de-rio-negro\/\" \/>\n<meta property=\"og:site_name\" content=\"Galer\u00eda de mapas\" \/>\n<meta property=\"og:image\" content=\"https:\/\/stesa.com\/mapas\/wp-content\/uploads\/19965\/Mapa-geologico-de-la-provincia-de-Rio-Negro-1024x666.png\" \/>\n\t<meta property=\"og:image:width\" content=\"1024\" \/>\n\t<meta property=\"og:image:height\" content=\"666\" \/>\n\t<meta property=\"og:image:type\" content=\"image\/png\" \/>\n<meta name=\"twitter:card\" content=\"summary_large_image\" \/>\n<meta name=\"twitter:label1\" content=\"Tiempo de lectura\" \/>\n\t<meta name=\"twitter:data1\" content=\"2 minutos\" \/>\n<script type=\"application\/ld+json\" class=\"yoast-schema-graph\">{\"@context\":\"https:\\\/\\\/schema.org\",\"@graph\":[{\"@type\":\"WebPage\",\"@id\":\"https:\\\/\\\/stesa.com\\\/mapas\\\/doc\\\/mapa-geologico-de-la-provincia-de-rio-negro\\\/\",\"url\":\"https:\\\/\\\/stesa.com\\\/mapas\\\/doc\\\/mapa-geologico-de-la-provincia-de-rio-negro\\\/\",\"name\":\"Mapa geol\u00f3gico de la provincia de R\u00edo Negro - Galer\u00eda de mapas\",\"isPartOf\":{\"@id\":\"https:\\\/\\\/stesa.com\\\/mapas\\\/#website\"},\"primaryImageOfPage\":{\"@id\":\"https:\\\/\\\/stesa.com\\\/mapas\\\/doc\\\/mapa-geologico-de-la-provincia-de-rio-negro\\\/#primaryimage\"},\"image\":{\"@id\":\"https:\\\/\\\/stesa.com\\\/mapas\\\/doc\\\/mapa-geologico-de-la-provincia-de-rio-negro\\\/#primaryimage\"},\"thumbnailUrl\":\"https:\\\/\\\/stesa.com\\\/mapas\\\/wp-content\\\/uploads\\\/19965\\\/Mapa-geologico-de-la-provincia-de-Rio-Negro.png\",\"datePublished\":\"2026-04-21T19:33:03+00:00\",\"breadcrumb\":{\"@id\":\"https:\\\/\\\/stesa.com\\\/mapas\\\/doc\\\/mapa-geologico-de-la-provincia-de-rio-negro\\\/#breadcrumb\"},\"inLanguage\":\"es\",\"potentialAction\":[{\"@type\":\"ReadAction\",\"target\":[\"https:\\\/\\\/stesa.com\\\/mapas\\\/doc\\\/mapa-geologico-de-la-provincia-de-rio-negro\\\/\"]}]},{\"@type\":\"ImageObject\",\"inLanguage\":\"es\",\"@id\":\"https:\\\/\\\/stesa.com\\\/mapas\\\/doc\\\/mapa-geologico-de-la-provincia-de-rio-negro\\\/#primaryimage\",\"url\":\"https:\\\/\\\/stesa.com\\\/mapas\\\/wp-content\\\/uploads\\\/19965\\\/Mapa-geologico-de-la-provincia-de-Rio-Negro.png\",\"contentUrl\":\"https:\\\/\\\/stesa.com\\\/mapas\\\/wp-content\\\/uploads\\\/19965\\\/Mapa-geologico-de-la-provincia-de-Rio-Negro.png\",\"width\":6386,\"height\":4153,\"caption\":\"Mapa geol\u00f3gico de la provincia de R\u00edo Negro.\"},{\"@type\":\"BreadcrumbList\",\"@id\":\"https:\\\/\\\/stesa.com\\\/mapas\\\/doc\\\/mapa-geologico-de-la-provincia-de-rio-negro\\\/#breadcrumb\",\"itemListElement\":[{\"@type\":\"ListItem\",\"position\":1,\"name\":\"Portada\",\"item\":\"https:\\\/\\\/gifex.com\\\/mapas\\\/\"},{\"@type\":\"ListItem\",\"position\":2,\"name\":\"Mapa geol\u00f3gico de la provincia de R\u00edo Negro\"}]},{\"@type\":\"WebSite\",\"@id\":\"https:\\\/\\\/stesa.com\\\/mapas\\\/#website\",\"url\":\"https:\\\/\\\/stesa.com\\\/mapas\\\/\",\"name\":\"Galer\u00eda de mapas\",\"description\":\"\",\"potentialAction\":[{\"@type\":\"SearchAction\",\"target\":{\"@type\":\"EntryPoint\",\"urlTemplate\":\"https:\\\/\\\/stesa.com\\\/mapas\\\/?s={search_term_string}\"},\"query-input\":{\"@type\":\"PropertyValueSpecification\",\"valueRequired\":true,\"valueName\":\"search_term_string\"}}],\"inLanguage\":\"es\"}]}<\/script>\n<!-- \/ Yoast SEO plugin. -->","yoast_head_json":{"title":"Mapa geol\u00f3gico de la provincia de R\u00edo Negro - Galer\u00eda de mapas","robots":{"index":"index","follow":"follow","max-snippet":"max-snippet:-1","max-image-preview":"max-image-preview:large","max-video-preview":"max-video-preview:-1"},"canonical":"https:\/\/stesa.com\/mapas\/doc\/mapa-geologico-de-la-provincia-de-rio-negro\/","og_locale":"es_ES","og_type":"article","og_title":"Mapa geol\u00f3gico de la provincia de R\u00edo Negro - Galer\u00eda de mapas","og_description":"La Provincia de R\u00edo Negro posee una geolog\u00eda muy diversa, resultado de procesos tect\u00f3nicos, volc\u00e1nicos, sedimentarios y erosivos desarrollados a lo largo de ...","og_url":"https:\/\/stesa.com\/mapas\/doc\/mapa-geologico-de-la-provincia-de-rio-negro\/","og_site_name":"Galer\u00eda de mapas","og_image":[{"width":1024,"height":666,"url":"https:\/\/stesa.com\/mapas\/wp-content\/uploads\/19965\/Mapa-geologico-de-la-provincia-de-Rio-Negro-1024x666.png","type":"image\/png"}],"twitter_card":"summary_large_image","twitter_misc":{"Tiempo de lectura":"2 minutos"},"schema":{"@context":"https:\/\/schema.org","@graph":[{"@type":"WebPage","@id":"https:\/\/stesa.com\/mapas\/doc\/mapa-geologico-de-la-provincia-de-rio-negro\/","url":"https:\/\/stesa.com\/mapas\/doc\/mapa-geologico-de-la-provincia-de-rio-negro\/","name":"Mapa geol\u00f3gico de la provincia de R\u00edo Negro - Galer\u00eda de mapas","isPartOf":{"@id":"https:\/\/stesa.com\/mapas\/#website"},"primaryImageOfPage":{"@id":"https:\/\/stesa.com\/mapas\/doc\/mapa-geologico-de-la-provincia-de-rio-negro\/#primaryimage"},"image":{"@id":"https:\/\/stesa.com\/mapas\/doc\/mapa-geologico-de-la-provincia-de-rio-negro\/#primaryimage"},"thumbnailUrl":"https:\/\/stesa.com\/mapas\/wp-content\/uploads\/19965\/Mapa-geologico-de-la-provincia-de-Rio-Negro.png","datePublished":"2026-04-21T19:33:03+00:00","breadcrumb":{"@id":"https:\/\/stesa.com\/mapas\/doc\/mapa-geologico-de-la-provincia-de-rio-negro\/#breadcrumb"},"inLanguage":"es","potentialAction":[{"@type":"ReadAction","target":["https:\/\/stesa.com\/mapas\/doc\/mapa-geologico-de-la-provincia-de-rio-negro\/"]}]},{"@type":"ImageObject","inLanguage":"es","@id":"https:\/\/stesa.com\/mapas\/doc\/mapa-geologico-de-la-provincia-de-rio-negro\/#primaryimage","url":"https:\/\/stesa.com\/mapas\/wp-content\/uploads\/19965\/Mapa-geologico-de-la-provincia-de-Rio-Negro.png","contentUrl":"https:\/\/stesa.com\/mapas\/wp-content\/uploads\/19965\/Mapa-geologico-de-la-provincia-de-Rio-Negro.png","width":6386,"height":4153,"caption":"Mapa geol\u00f3gico de la provincia de R\u00edo Negro."},{"@type":"BreadcrumbList","@id":"https:\/\/stesa.com\/mapas\/doc\/mapa-geologico-de-la-provincia-de-rio-negro\/#breadcrumb","itemListElement":[{"@type":"ListItem","position":1,"name":"Portada","item":"https:\/\/gifex.com\/mapas\/"},{"@type":"ListItem","position":2,"name":"Mapa geol\u00f3gico de la provincia de R\u00edo Negro"}]},{"@type":"WebSite","@id":"https:\/\/stesa.com\/mapas\/#website","url":"https:\/\/stesa.com\/mapas\/","name":"Galer\u00eda de mapas","description":"","potentialAction":[{"@type":"SearchAction","target":{"@type":"EntryPoint","urlTemplate":"https:\/\/stesa.com\/mapas\/?s={search_term_string}"},"query-input":{"@type":"PropertyValueSpecification","valueRequired":true,"valueName":"search_term_string"}}],"inLanguage":"es"}]}},"_links":{"self":[{"href":"https:\/\/stesa.com\/mapas\/wp-json\/wp\/v2\/ficha\/19965","targetHints":{"allow":["GET"]}}],"collection":[{"href":"https:\/\/stesa.com\/mapas\/wp-json\/wp\/v2\/ficha"}],"about":[{"href":"https:\/\/stesa.com\/mapas\/wp-json\/wp\/v2\/types\/ficha"}],"author":[{"embeddable":true,"href":"https:\/\/stesa.com\/mapas\/wp-json\/wp\/v2\/users\/1"}],"version-history":[{"count":1,"href":"https:\/\/stesa.com\/mapas\/wp-json\/wp\/v2\/ficha\/19965\/revisions"}],"predecessor-version":[{"id":19969,"href":"https:\/\/stesa.com\/mapas\/wp-json\/wp\/v2\/ficha\/19965\/revisions\/19969"}],"wp:featuredmedia":[{"embeddable":true,"href":"https:\/\/stesa.com\/mapas\/wp-json\/wp\/v2\/media\/19967"}],"wp:attachment":[{"href":"https:\/\/stesa.com\/mapas\/wp-json\/wp\/v2\/media?parent=19965"}],"wp:term":[{"taxonomy":"categoria_ficha","embeddable":true,"href":"https:\/\/stesa.com\/mapas\/wp-json\/wp\/v2\/categoria_ficha?post=19965"}],"curies":[{"name":"wp","href":"https:\/\/api.w.org\/{rel}","templated":true}]}}

Mapa geológico de la provincia de Río Negro

<p style="text-align: center;"><label style="font-size: 15px;">Mapa geológico de la provincia de Río Negro <a href="https://stesa.com/mapas/wp-content/uploads/19965/Mapa-geologico-de-la-provincia-de-Rio-Negro.pdf" target="_blank" rel="noopener">(formato PDF)</a>.</label></p>
<p><strong>Geología de la provincia de Río Negro</strong></p>
<p>La Provincia de Río Negro posee una geología muy diversa, resultado de procesos tectónicos, volcánicos, sedimentarios y erosivos desarrollados a lo largo de millones de años. Su territorio se extiende desde la cordillera andina hasta las mesetas y costas atlánticas, lo que explica la variedad de paisajes y formaciones rocosas.</p>
<p><strong>Unidades geológicas principales</strong></p>
<p><strong>Cordillera andina</strong></p>
<p>En el oeste provincial.</p>
<ul>
<li>Predominan rocas ígneas, metamórficas y sedimentarias deformadas por la orogenia andina.</li>
<li>Presencia de lagos glaciarios, valles en U y morenas.</li>
<li>Actividad tectónica relativamente reciente.</li>
</ul>
<p><strong>Mesetas patagónicas</strong></p>
<p>Ocupan gran parte del centro y sur.</p>
<ul>
<li>Formadas por capas sedimentarias y mantos basálticos.</li>
<li>Amplias planicies elevadas modeladas por erosión eólica e hídrica.</li>
<li>Escarpes y cañadones frecuentes.</li>
</ul>
<p><strong>Valles fluviales</strong></p>
<p>Especialmente el valle del Río Negro.</p>
<ul>
<li>Sedimentos aluviales fértiles acumulados por antiguos cursos de agua.</li>
<li>Terrazas fluviales y planicies de inundación.</li>
</ul>
<p><strong>Costa atlántica</strong></p>
<ul>
<li>Acantilados marinos, playas y depósitos costeros.</li>
<li>Restos fósiles marinos y continentales en distintos sectores.</li>
</ul>
<p><strong>Volcanismo</strong></p>
<p>Varias áreas presentan rocas volcánicas antiguas:</p>
<ul>
<li>Basaltos extensos en mesetas.</li>
<li>Conos y campos volcánicos en sectores patagónicos cercanos.</li>
<li>Relieves escalonados asociados a coladas de lava.</li>
</ul>
<p><strong>Recursos naturales</strong></p>
<ul>
<li>Petróleo y gas en áreas del norte.</li>
<li>Minerales no metalíferos.</li>
<li>Rocas para construcción.</li>
<li>Suelos fértiles en valles irrigados.</li>
</ul>
<p><strong>Riesgos geológicos</strong></p>
<ul>
<li>Sismicidad baja a moderada (mayor hacia el oeste andino).</li>
<li>Erosión eólica en mesetas áridas.</li>
<li>Deslizamientos en laderas cordilleranas.</li>
<li>Inundaciones localizadas en valles.</li>
</ul>

<p>La Provincia de Río Negro posee una geología muy diversa, resultado de procesos tectónicos, volcánicos, sedimentarios y erosivos desarrollados a lo largo de &#8230;</p>

<!-- This site is optimized with the Yoast SEO plugin v27.4 - https://yoast.com/product/yoast-seo-wordpress/ -->
<title>Mapa geológico de la provincia de Río Negro - Galería de mapas</title>
<meta name="robots" content="index, follow, max-snippet:-1, max-image-preview:large, max-video-preview:-1" />
<link rel="canonical" href="https://stesa.com/mapas/doc/mapa-geologico-de-la-provincia-de-rio-negro/" />
<meta property="og:locale" content="es_ES" />
<meta property="og:type" content="article" />
<meta property="og:title" content="Mapa geológico de la provincia de Río Negro - Galería de mapas" />
<meta property="og:description" content="La Provincia de Río Negro posee una geología muy diversa, resultado de procesos tectónicos, volcánicos, sedimentarios y erosivos desarrollados a lo largo de ..." />
<meta property="og:url" content="https://stesa.com/mapas/doc/mapa-geologico-de-la-provincia-de-rio-negro/" />
<meta property="og:site_name" content="Galería de mapas" />
<meta property="og:image" content="https://stesa.com/mapas/wp-content/uploads/19965/Mapa-geologico-de-la-provincia-de-Rio-Negro-1024x666.png" />
	<meta property="og:image:width" content="1024" />
	<meta property="og:image:height" content="666" />
	<meta property="og:image:type" content="image/png" />
<meta name="twitter:card" content="summary_large_image" />
<meta name="twitter:label1" content="Tiempo de lectura" />
	<meta name="twitter:data1" content="2 minutos" />
<script type="application/ld+json" class="yoast-schema-graph">{"@context":"https:\/\/schema.org","@graph":[{"@type":"WebPage","@id":"https:\/\/stesa.com\/mapas\/doc\/mapa-geologico-de-la-provincia-de-rio-negro\/","url":"https:\/\/stesa.com\/mapas\/doc\/mapa-geologico-de-la-provincia-de-rio-negro\/","name":"Mapa geológico de la provincia de Río Negro - Galería de mapas","isPartOf":{"@id":"https:\/\/stesa.com\/mapas\/#website"},"primaryImageOfPage":{"@id":"https:\/\/stesa.com\/mapas\/doc\/mapa-geologico-de-la-provincia-de-rio-negro\/#primaryimage"},"image":{"@id":"https:\/\/stesa.com\/mapas\/doc\/mapa-geologico-de-la-provincia-de-rio-negro\/#primaryimage"},"thumbnailUrl":"https:\/\/stesa.com\/mapas\/wp-content\/uploads\/19965\/Mapa-geologico-de-la-provincia-de-Rio-Negro.png","datePublished":"2026-04-21T19:33:03+00:00","breadcrumb":{"@id":"https:\/\/stesa.com\/mapas\/doc\/mapa-geologico-de-la-provincia-de-rio-negro\/#breadcrumb"},"inLanguage":"es","potentialAction":[{"@type":"ReadAction","target":["https:\/\/stesa.com\/mapas\/doc\/mapa-geologico-de-la-provincia-de-rio-negro\/"]}]},{"@type":"ImageObject","inLanguage":"es","@id":"https:\/\/stesa.com\/mapas\/doc\/mapa-geologico-de-la-provincia-de-rio-negro\/#primaryimage","url":"https:\/\/stesa.com\/mapas\/wp-content\/uploads\/19965\/Mapa-geologico-de-la-provincia-de-Rio-Negro.png","contentUrl":"https:\/\/stesa.com\/mapas\/wp-content\/uploads\/19965\/Mapa-geologico-de-la-provincia-de-Rio-Negro.png","width":6386,"height":4153,"caption":"Mapa geológico de la provincia de Río Negro."},{"@type":"BreadcrumbList","@id":"https:\/\/stesa.com\/mapas\/doc\/mapa-geologico-de-la-provincia-de-rio-negro\/#breadcrumb","itemListElement":[{"@type":"ListItem","position":1,"name":"Portada","item":"https:\/\/gifex.com\/mapas\/"},{"@type":"ListItem","position":2,"name":"Mapa geológico de la provincia de Río Negro"}]},{"@type":"WebSite","@id":"https:\/\/stesa.com\/mapas\/#website","url":"https:\/\/stesa.com\/mapas\/","name":"Galería de mapas","description":"","potentialAction":[{"@type":"SearchAction","target":{"@type":"EntryPoint","urlTemplate":"https:\/\/stesa.com\/mapas\/?s={search_term_string}"},"query-input":{"@type":"PropertyValueSpecification","valueRequired":true,"valueName":"search_term_string"}}],"inLanguage":"es"}]}</script>
<!-- / Yoast SEO plugin. -->

Mapa geológico de la provincia de Río Negro - Galería de mapas

La Provincia de Río Negro posee una geología muy diversa, resultado de procesos tectónicos, volcánicos, sedimentarios y erosivos desarrollados a lo largo de ...

Galería de mapas

Mapa geológico de la provincia de Río Negro.
