{"id":19951,"date":"2026-04-21T19:00:58","date_gmt":"2026-04-21T19:00:58","guid":{"rendered":"https:\/\/stesa.com\/mapas\/?post_type=ficha&#038;p=19951"},"modified":"2026-04-21T19:00:58","modified_gmt":"2026-04-21T19:00:58","slug":"mapa-politico-de-la-provincia-de-rio-negro","status":"publish","type":"ficha","link":"https:\/\/stesa.com\/mapas\/doc\/mapa-politico-de-la-provincia-de-rio-negro\/","title":{"rendered":"Mapa pol\u00edtico de la provincia de R\u00edo Negro"},"content":{"rendered":"<p style=\"text-align: center;\"><label style=\"font-size: 15px;\">Mapa pol\u00edtico de la provincia de R\u00edo Negro <a href=\"https:\/\/stesa.com\/mapas\/wp-content\/uploads\/19951\/Mapa-politico-de-la-provincia-de-Rio-Negro.pdf\" target=\"_blank\" rel=\"noopener\">(formato PDF)<\/a>.<\/label><\/p>\n<p><strong>Divisi\u00f3n pol\u00edtico-administrativa de la provincia de R\u00edo Negro<\/strong><\/p>\n<p>La Provincia de R\u00edo Negro se organiza pol\u00edticamente en 13 departamentos, que constituyen la principal divisi\u00f3n territorial de la provincia. Dentro de ellos se distribuyen municipios, comisiones de fomento y parajes rurales.<\/p>\n<figure id=\"attachment_19954\" aria-describedby=\"caption-attachment-19954\" style=\"width: 360px\" class=\"wp-caption alignright\"><a href=\"https:\/\/stesa.com\/mapas\/wp-content\/uploads\/19951\/Division-politico-administrativa-de-la-provincia-de-Rio-Negro.jpg\" target=\"_blank\" rel=\"noopener\"><img loading=\"lazy\" decoding=\"async\" class=\"wp-image-19954\" title=\"Divisi\u00f3n pol\u00edtico-administrativa de la provincia de R\u00edo Negro.\" src=\"https:\/\/stesa.com\/mapas\/wp-content\/uploads\/19951\/Division-politico-administrativa-de-la-provincia-de-Rio-Negro-300x212.jpg\" alt=\"Divisi\u00f3n pol\u00edtico-administrativa de la provincia de R\u00edo Negro.\" width=\"360\" height=\"254\" srcset=\"https:\/\/stesa.com\/mapas\/wp-content\/uploads\/19951\/Division-politico-administrativa-de-la-provincia-de-Rio-Negro-300x212.jpg 300w, https:\/\/stesa.com\/mapas\/wp-content\/uploads\/19951\/Division-politico-administrativa-de-la-provincia-de-Rio-Negro-1024x724.jpg 1024w, https:\/\/stesa.com\/mapas\/wp-content\/uploads\/19951\/Division-politico-administrativa-de-la-provincia-de-Rio-Negro-768x543.jpg 768w, https:\/\/stesa.com\/mapas\/wp-content\/uploads\/19951\/Division-politico-administrativa-de-la-provincia-de-Rio-Negro-1536x1086.jpg 1536w, https:\/\/stesa.com\/mapas\/wp-content\/uploads\/19951\/Division-politico-administrativa-de-la-provincia-de-Rio-Negro-1600x1131.jpg 1600w, https:\/\/stesa.com\/mapas\/wp-content\/uploads\/19951\/Division-politico-administrativa-de-la-provincia-de-Rio-Negro.jpg 1763w\" sizes=\"auto, (max-width: 360px) 100vw, 360px\" \/><\/a><figcaption id=\"caption-attachment-19954\" class=\"wp-caption-text\"><label style=\"font-size: 15px;\">Divisi\u00f3n pol\u00edtico-administrativa de la provincia de R\u00edo Negro <a href=\"https:\/\/stesa.com\/mapas\/wp-content\/uploads\/19951\/Division-politico-administrativa-de-la-provincia-de-Rio-Negro.pdf\" target=\"_blank\" rel=\"noopener\">(formato PDF)<\/a>.<\/label><\/figcaption><\/figure>\n<p><strong>Departamentos de R\u00edo Negro<\/strong><\/p>\n<ol>\n<li>Adolfo Alsina<\/li>\n<li>Avellaneda<\/li>\n<li>Bariloche<\/li>\n<li>Conesa<\/li>\n<li>El Cuy<\/li>\n<li>General Roca<\/li>\n<li>9 de Julio<\/li>\n<li>\u00d1orquinc\u00f3<\/li>\n<li>Pichi Mahuida<\/li>\n<li>Pilcaniyeu<\/li>\n<li>San Antonio<\/li>\n<li>Valcheta<\/li>\n<li>25 de Mayo<\/li>\n<\/ol>\n<p><strong>Capital provincial<\/strong><\/p>\n<p>La capital es Viedma, ubicada en el departamento Adolfo Alsina.<\/p>\n","protected":false},"excerpt":{"rendered":"<p>La Provincia de R\u00edo Negro se organiza pol\u00edticamente en 13 departamentos, que constituyen la principal divisi\u00f3n territorial de la provincia. Dentro de ellos &#8230;<\/p>\n","protected":false},"author":1,"featured_media":19952,"template":"","categoria_ficha":[2196],"class_list":["post-19951","ficha","type-ficha","status-publish","has-post-thumbnail","hentry","categoria_ficha-mapas-de-la-provincia-de-rio-negro"],"yoast_head":"<!-- This site is optimized with the Yoast SEO plugin v27.4 - https:\/\/yoast.com\/product\/yoast-seo-wordpress\/ -->\n<title>Mapa pol\u00edtico de la provincia de R\u00edo Negro - Galer\u00eda de mapas<\/title>\n<meta name=\"robots\" content=\"index, follow, max-snippet:-1, max-image-preview:large, max-video-preview:-1\" \/>\n<link rel=\"canonical\" href=\"https:\/\/stesa.com\/mapas\/doc\/mapa-politico-de-la-provincia-de-rio-negro\/\" \/>\n<meta property=\"og:locale\" content=\"es_ES\" \/>\n<meta property=\"og:type\" content=\"article\" \/>\n<meta property=\"og:title\" content=\"Mapa pol\u00edtico de la provincia de R\u00edo Negro - Galer\u00eda de mapas\" \/>\n<meta property=\"og:description\" content=\"La Provincia de R\u00edo Negro se organiza pol\u00edticamente en 13 departamentos, que constituyen la principal divisi\u00f3n territorial de la provincia. Dentro de ellos ...\" \/>\n<meta property=\"og:url\" content=\"https:\/\/stesa.com\/mapas\/doc\/mapa-politico-de-la-provincia-de-rio-negro\/\" \/>\n<meta property=\"og:site_name\" content=\"Galer\u00eda de mapas\" \/>\n<meta property=\"og:image\" content=\"https:\/\/stesa.com\/mapas\/wp-content\/uploads\/19951\/Mapa-politico-de-la-provincia-de-Rio-Negro-1024x713.jpg\" \/>\n\t<meta property=\"og:image:width\" content=\"1024\" \/>\n\t<meta property=\"og:image:height\" content=\"713\" \/>\n\t<meta property=\"og:image:type\" content=\"image\/jpeg\" \/>\n<meta name=\"twitter:card\" content=\"summary_large_image\" \/>\n<meta name=\"twitter:label1\" content=\"Tiempo de lectura\" \/>\n\t<meta name=\"twitter:data1\" content=\"1 minuto\" \/>\n<script type=\"application\/ld+json\" class=\"yoast-schema-graph\">{\"@context\":\"https:\\\/\\\/schema.org\",\"@graph\":[{\"@type\":\"WebPage\",\"@id\":\"https:\\\/\\\/stesa.com\\\/mapas\\\/doc\\\/mapa-politico-de-la-provincia-de-rio-negro\\\/\",\"url\":\"https:\\\/\\\/stesa.com\\\/mapas\\\/doc\\\/mapa-politico-de-la-provincia-de-rio-negro\\\/\",\"name\":\"Mapa pol\u00edtico de la provincia de R\u00edo Negro - Galer\u00eda de mapas\",\"isPartOf\":{\"@id\":\"https:\\\/\\\/stesa.com\\\/mapas\\\/#website\"},\"primaryImageOfPage\":{\"@id\":\"https:\\\/\\\/stesa.com\\\/mapas\\\/doc\\\/mapa-politico-de-la-provincia-de-rio-negro\\\/#primaryimage\"},\"image\":{\"@id\":\"https:\\\/\\\/stesa.com\\\/mapas\\\/doc\\\/mapa-politico-de-la-provincia-de-rio-negro\\\/#primaryimage\"},\"thumbnailUrl\":\"https:\\\/\\\/stesa.com\\\/mapas\\\/wp-content\\\/uploads\\\/19951\\\/Mapa-politico-de-la-provincia-de-Rio-Negro.jpg\",\"datePublished\":\"2026-04-21T19:00:58+00:00\",\"breadcrumb\":{\"@id\":\"https:\\\/\\\/stesa.com\\\/mapas\\\/doc\\\/mapa-politico-de-la-provincia-de-rio-negro\\\/#breadcrumb\"},\"inLanguage\":\"es\",\"potentialAction\":[{\"@type\":\"ReadAction\",\"target\":[\"https:\\\/\\\/stesa.com\\\/mapas\\\/doc\\\/mapa-politico-de-la-provincia-de-rio-negro\\\/\"]}]},{\"@type\":\"ImageObject\",\"inLanguage\":\"es\",\"@id\":\"https:\\\/\\\/stesa.com\\\/mapas\\\/doc\\\/mapa-politico-de-la-provincia-de-rio-negro\\\/#primaryimage\",\"url\":\"https:\\\/\\\/stesa.com\\\/mapas\\\/wp-content\\\/uploads\\\/19951\\\/Mapa-politico-de-la-provincia-de-Rio-Negro.jpg\",\"contentUrl\":\"https:\\\/\\\/stesa.com\\\/mapas\\\/wp-content\\\/uploads\\\/19951\\\/Mapa-politico-de-la-provincia-de-Rio-Negro.jpg\",\"width\":3473,\"height\":2417,\"caption\":\"Mapa pol\u00edtico de la provincia de R\u00edo Negro\"},{\"@type\":\"BreadcrumbList\",\"@id\":\"https:\\\/\\\/stesa.com\\\/mapas\\\/doc\\\/mapa-politico-de-la-provincia-de-rio-negro\\\/#breadcrumb\",\"itemListElement\":[{\"@type\":\"ListItem\",\"position\":1,\"name\":\"Portada\",\"item\":\"https:\\\/\\\/gifex.com\\\/mapas\\\/\"},{\"@type\":\"ListItem\",\"position\":2,\"name\":\"Mapa pol\u00edtico de la provincia de R\u00edo Negro\"}]},{\"@type\":\"WebSite\",\"@id\":\"https:\\\/\\\/stesa.com\\\/mapas\\\/#website\",\"url\":\"https:\\\/\\\/stesa.com\\\/mapas\\\/\",\"name\":\"Galer\u00eda de mapas\",\"description\":\"\",\"potentialAction\":[{\"@type\":\"SearchAction\",\"target\":{\"@type\":\"EntryPoint\",\"urlTemplate\":\"https:\\\/\\\/stesa.com\\\/mapas\\\/?s={search_term_string}\"},\"query-input\":{\"@type\":\"PropertyValueSpecification\",\"valueRequired\":true,\"valueName\":\"search_term_string\"}}],\"inLanguage\":\"es\"}]}<\/script>\n<!-- \/ Yoast SEO plugin. -->","yoast_head_json":{"title":"Mapa pol\u00edtico de la provincia de R\u00edo Negro - Galer\u00eda de mapas","robots":{"index":"index","follow":"follow","max-snippet":"max-snippet:-1","max-image-preview":"max-image-preview:large","max-video-preview":"max-video-preview:-1"},"canonical":"https:\/\/stesa.com\/mapas\/doc\/mapa-politico-de-la-provincia-de-rio-negro\/","og_locale":"es_ES","og_type":"article","og_title":"Mapa pol\u00edtico de la provincia de R\u00edo Negro - Galer\u00eda de mapas","og_description":"La Provincia de R\u00edo Negro se organiza pol\u00edticamente en 13 departamentos, que constituyen la principal divisi\u00f3n territorial de la provincia. Dentro de ellos ...","og_url":"https:\/\/stesa.com\/mapas\/doc\/mapa-politico-de-la-provincia-de-rio-negro\/","og_site_name":"Galer\u00eda de mapas","og_image":[{"width":1024,"height":713,"url":"https:\/\/stesa.com\/mapas\/wp-content\/uploads\/19951\/Mapa-politico-de-la-provincia-de-Rio-Negro-1024x713.jpg","type":"image\/jpeg"}],"twitter_card":"summary_large_image","twitter_misc":{"Tiempo de lectura":"1 minuto"},"schema":{"@context":"https:\/\/schema.org","@graph":[{"@type":"WebPage","@id":"https:\/\/stesa.com\/mapas\/doc\/mapa-politico-de-la-provincia-de-rio-negro\/","url":"https:\/\/stesa.com\/mapas\/doc\/mapa-politico-de-la-provincia-de-rio-negro\/","name":"Mapa pol\u00edtico de la provincia de R\u00edo Negro - Galer\u00eda de mapas","isPartOf":{"@id":"https:\/\/stesa.com\/mapas\/#website"},"primaryImageOfPage":{"@id":"https:\/\/stesa.com\/mapas\/doc\/mapa-politico-de-la-provincia-de-rio-negro\/#primaryimage"},"image":{"@id":"https:\/\/stesa.com\/mapas\/doc\/mapa-politico-de-la-provincia-de-rio-negro\/#primaryimage"},"thumbnailUrl":"https:\/\/stesa.com\/mapas\/wp-content\/uploads\/19951\/Mapa-politico-de-la-provincia-de-Rio-Negro.jpg","datePublished":"2026-04-21T19:00:58+00:00","breadcrumb":{"@id":"https:\/\/stesa.com\/mapas\/doc\/mapa-politico-de-la-provincia-de-rio-negro\/#breadcrumb"},"inLanguage":"es","potentialAction":[{"@type":"ReadAction","target":["https:\/\/stesa.com\/mapas\/doc\/mapa-politico-de-la-provincia-de-rio-negro\/"]}]},{"@type":"ImageObject","inLanguage":"es","@id":"https:\/\/stesa.com\/mapas\/doc\/mapa-politico-de-la-provincia-de-rio-negro\/#primaryimage","url":"https:\/\/stesa.com\/mapas\/wp-content\/uploads\/19951\/Mapa-politico-de-la-provincia-de-Rio-Negro.jpg","contentUrl":"https:\/\/stesa.com\/mapas\/wp-content\/uploads\/19951\/Mapa-politico-de-la-provincia-de-Rio-Negro.jpg","width":3473,"height":2417,"caption":"Mapa pol\u00edtico de la provincia de R\u00edo Negro"},{"@type":"BreadcrumbList","@id":"https:\/\/stesa.com\/mapas\/doc\/mapa-politico-de-la-provincia-de-rio-negro\/#breadcrumb","itemListElement":[{"@type":"ListItem","position":1,"name":"Portada","item":"https:\/\/gifex.com\/mapas\/"},{"@type":"ListItem","position":2,"name":"Mapa pol\u00edtico de la provincia de R\u00edo Negro"}]},{"@type":"WebSite","@id":"https:\/\/stesa.com\/mapas\/#website","url":"https:\/\/stesa.com\/mapas\/","name":"Galer\u00eda de mapas","description":"","potentialAction":[{"@type":"SearchAction","target":{"@type":"EntryPoint","urlTemplate":"https:\/\/stesa.com\/mapas\/?s={search_term_string}"},"query-input":{"@type":"PropertyValueSpecification","valueRequired":true,"valueName":"search_term_string"}}],"inLanguage":"es"}]}},"_links":{"self":[{"href":"https:\/\/stesa.com\/mapas\/wp-json\/wp\/v2\/ficha\/19951","targetHints":{"allow":["GET"]}}],"collection":[{"href":"https:\/\/stesa.com\/mapas\/wp-json\/wp\/v2\/ficha"}],"about":[{"href":"https:\/\/stesa.com\/mapas\/wp-json\/wp\/v2\/types\/ficha"}],"author":[{"embeddable":true,"href":"https:\/\/stesa.com\/mapas\/wp-json\/wp\/v2\/users\/1"}],"version-history":[{"count":1,"href":"https:\/\/stesa.com\/mapas\/wp-json\/wp\/v2\/ficha\/19951\/revisions"}],"predecessor-version":[{"id":19956,"href":"https:\/\/stesa.com\/mapas\/wp-json\/wp\/v2\/ficha\/19951\/revisions\/19956"}],"wp:featuredmedia":[{"embeddable":true,"href":"https:\/\/stesa.com\/mapas\/wp-json\/wp\/v2\/media\/19952"}],"wp:attachment":[{"href":"https:\/\/stesa.com\/mapas\/wp-json\/wp\/v2\/media?parent=19951"}],"wp:term":[{"taxonomy":"categoria_ficha","embeddable":true,"href":"https:\/\/stesa.com\/mapas\/wp-json\/wp\/v2\/categoria_ficha?post=19951"}],"curies":[{"name":"wp","href":"https:\/\/api.w.org\/{rel}","templated":true}]}}

Mapa político de la provincia de Río Negro

<p style="text-align: center;"><label style="font-size: 15px;">Mapa político de la provincia de Río Negro <a href="https://stesa.com/mapas/wp-content/uploads/19951/Mapa-politico-de-la-provincia-de-Rio-Negro.pdf" target="_blank" rel="noopener">(formato PDF)</a>.</label></p>
<p><strong>División político-administrativa de la provincia de Río Negro</strong></p>
<p>La Provincia de Río Negro se organiza políticamente en 13 departamentos, que constituyen la principal división territorial de la provincia. Dentro de ellos se distribuyen municipios, comisiones de fomento y parajes rurales.</p>
<figure id="attachment_19954" aria-describedby="caption-attachment-19954" style="width: 360px" class="wp-caption alignright"><a href="https://stesa.com/mapas/wp-content/uploads/19951/Division-politico-administrativa-de-la-provincia-de-Rio-Negro.jpg" target="_blank" rel="noopener"><img loading="lazy" decoding="async" class="wp-image-19954" title="División político-administrativa de la provincia de Río Negro." src="https://stesa.com/mapas/wp-content/uploads/19951/Division-politico-administrativa-de-la-provincia-de-Rio-Negro-300x212.jpg" alt="División político-administrativa de la provincia de Río Negro." width="360" height="254" srcset="https://stesa.com/mapas/wp-content/uploads/19951/Division-politico-administrativa-de-la-provincia-de-Rio-Negro-300x212.jpg 300w, https://stesa.com/mapas/wp-content/uploads/19951/Division-politico-administrativa-de-la-provincia-de-Rio-Negro-1024x724.jpg 1024w, https://stesa.com/mapas/wp-content/uploads/19951/Division-politico-administrativa-de-la-provincia-de-Rio-Negro-768x543.jpg 768w, https://stesa.com/mapas/wp-content/uploads/19951/Division-politico-administrativa-de-la-provincia-de-Rio-Negro-1536x1086.jpg 1536w, https://stesa.com/mapas/wp-content/uploads/19951/Division-politico-administrativa-de-la-provincia-de-Rio-Negro-1600x1131.jpg 1600w, https://stesa.com/mapas/wp-content/uploads/19951/Division-politico-administrativa-de-la-provincia-de-Rio-Negro.jpg 1763w" sizes="auto, (max-width: 360px) 100vw, 360px" /></a><figcaption id="caption-attachment-19954" class="wp-caption-text"><label style="font-size: 15px;">División político-administrativa de la provincia de Río Negro <a href="https://stesa.com/mapas/wp-content/uploads/19951/Division-politico-administrativa-de-la-provincia-de-Rio-Negro.pdf" target="_blank" rel="noopener">(formato PDF)</a>.</label></figcaption></figure>
<p><strong>Departamentos de Río Negro</strong></p>
<ol>
<li>Adolfo Alsina</li>
<li>Avellaneda</li>
<li>Bariloche</li>
<li>Conesa</li>
<li>El Cuy</li>
<li>General Roca</li>
<li>9 de Julio</li>
<li>Ñorquincó</li>
<li>Pichi Mahuida</li>
<li>Pilcaniyeu</li>
<li>San Antonio</li>
<li>Valcheta</li>
<li>25 de Mayo</li>
</ol>
<p><strong>Capital provincial</strong></p>
<p>La capital es Viedma, ubicada en el departamento Adolfo Alsina.</p>

<p>La Provincia de Río Negro se organiza políticamente en 13 departamentos, que constituyen la principal división territorial de la provincia. Dentro de ellos &#8230;</p>

<!-- This site is optimized with the Yoast SEO plugin v27.4 - https://yoast.com/product/yoast-seo-wordpress/ -->
<title>Mapa político de la provincia de Río Negro - Galería de mapas</title>
<meta name="robots" content="index, follow, max-snippet:-1, max-image-preview:large, max-video-preview:-1" />
<link rel="canonical" href="https://stesa.com/mapas/doc/mapa-politico-de-la-provincia-de-rio-negro/" />
<meta property="og:locale" content="es_ES" />
<meta property="og:type" content="article" />
<meta property="og:title" content="Mapa político de la provincia de Río Negro - Galería de mapas" />
<meta property="og:description" content="La Provincia de Río Negro se organiza políticamente en 13 departamentos, que constituyen la principal división territorial de la provincia. Dentro de ellos ..." />
<meta property="og:url" content="https://stesa.com/mapas/doc/mapa-politico-de-la-provincia-de-rio-negro/" />
<meta property="og:site_name" content="Galería de mapas" />
<meta property="og:image" content="https://stesa.com/mapas/wp-content/uploads/19951/Mapa-politico-de-la-provincia-de-Rio-Negro-1024x713.jpg" />
	<meta property="og:image:width" content="1024" />
	<meta property="og:image:height" content="713" />
	<meta property="og:image:type" content="image/jpeg" />
<meta name="twitter:card" content="summary_large_image" />
<meta name="twitter:label1" content="Tiempo de lectura" />
	<meta name="twitter:data1" content="1 minuto" />
<script type="application/ld+json" class="yoast-schema-graph">{"@context":"https:\/\/schema.org","@graph":[{"@type":"WebPage","@id":"https:\/\/stesa.com\/mapas\/doc\/mapa-politico-de-la-provincia-de-rio-negro\/","url":"https:\/\/stesa.com\/mapas\/doc\/mapa-politico-de-la-provincia-de-rio-negro\/","name":"Mapa político de la provincia de Río Negro - Galería de mapas","isPartOf":{"@id":"https:\/\/stesa.com\/mapas\/#website"},"primaryImageOfPage":{"@id":"https:\/\/stesa.com\/mapas\/doc\/mapa-politico-de-la-provincia-de-rio-negro\/#primaryimage"},"image":{"@id":"https:\/\/stesa.com\/mapas\/doc\/mapa-politico-de-la-provincia-de-rio-negro\/#primaryimage"},"thumbnailUrl":"https:\/\/stesa.com\/mapas\/wp-content\/uploads\/19951\/Mapa-politico-de-la-provincia-de-Rio-Negro.jpg","datePublished":"2026-04-21T19:00:58+00:00","breadcrumb":{"@id":"https:\/\/stesa.com\/mapas\/doc\/mapa-politico-de-la-provincia-de-rio-negro\/#breadcrumb"},"inLanguage":"es","potentialAction":[{"@type":"ReadAction","target":["https:\/\/stesa.com\/mapas\/doc\/mapa-politico-de-la-provincia-de-rio-negro\/"]}]},{"@type":"ImageObject","inLanguage":"es","@id":"https:\/\/stesa.com\/mapas\/doc\/mapa-politico-de-la-provincia-de-rio-negro\/#primaryimage","url":"https:\/\/stesa.com\/mapas\/wp-content\/uploads\/19951\/Mapa-politico-de-la-provincia-de-Rio-Negro.jpg","contentUrl":"https:\/\/stesa.com\/mapas\/wp-content\/uploads\/19951\/Mapa-politico-de-la-provincia-de-Rio-Negro.jpg","width":3473,"height":2417,"caption":"Mapa político de la provincia de Río Negro"},{"@type":"BreadcrumbList","@id":"https:\/\/stesa.com\/mapas\/doc\/mapa-politico-de-la-provincia-de-rio-negro\/#breadcrumb","itemListElement":[{"@type":"ListItem","position":1,"name":"Portada","item":"https:\/\/gifex.com\/mapas\/"},{"@type":"ListItem","position":2,"name":"Mapa político de la provincia de Río Negro"}]},{"@type":"WebSite","@id":"https:\/\/stesa.com\/mapas\/#website","url":"https:\/\/stesa.com\/mapas\/","name":"Galería de mapas","description":"","potentialAction":[{"@type":"SearchAction","target":{"@type":"EntryPoint","urlTemplate":"https:\/\/stesa.com\/mapas\/?s={search_term_string}"},"query-input":{"@type":"PropertyValueSpecification","valueRequired":true,"valueName":"search_term_string"}}],"inLanguage":"es"}]}</script>
<!-- / Yoast SEO plugin. -->

Mapa político de la provincia de Río Negro - Galería de mapas

La Provincia de Río Negro se organiza políticamente en 13 departamentos, que constituyen la principal división territorial de la provincia. Dentro de ellos ...

Galería de mapas
