{"id":19933,"date":"2026-04-21T18:25:12","date_gmt":"2026-04-21T18:25:12","guid":{"rendered":"https:\/\/stesa.com\/mapas\/?post_type=ficha&#038;p=19933"},"modified":"2026-04-21T18:25:12","modified_gmt":"2026-04-21T18:25:12","slug":"mapa-de-la-provincia-de-rio-negro","status":"publish","type":"ficha","link":"https:\/\/stesa.com\/mapas\/doc\/mapa-de-la-provincia-de-rio-negro\/","title":{"rendered":"Mapa de la provincia de R\u00edo Negro"},"content":{"rendered":"<p style=\"text-align: center;\"><label style=\"font-size: 15px;\">Mapa de la provincia de R\u00edo Negro <a href=\"https:\/\/stesa.com\/mapas\/wp-content\/uploads\/19933\/Mapa-de-la-provincia-de-Rio-Negro.pdf\" target=\"_blank\" rel=\"noopener\">(formato PDF)<\/a>.<\/label><\/p>\n<p><strong>Provincia de R\u00edo Negro<\/strong><\/p>\n<p>R\u00edo Negro es una de las veintitr\u00e9s provincias que componen la Rep\u00fablica Argentina.<\/p>\n<ul>\n<li>Capital: Viedma<\/li>\n<li>Ciudad m\u00e1s poblada: San Carlos de Bariloche<\/li>\n<li>Poblaci\u00f3n en 2022: 762 067 habitantes<\/li>\n<li>Superficie: 203 013 km\u00b2<\/li>\n<\/ul>\n<figure id=\"attachment_19936\" aria-describedby=\"caption-attachment-19936\" style=\"width: 360px\" class=\"wp-caption alignright\"><a href=\"https:\/\/stesa.com\/mapas\/wp-content\/uploads\/19933\/Mapa-satelital-de-la-provincia-de-Rio-Negro.jpg\" target=\"_blank\" rel=\"noopener\"><img loading=\"lazy\" decoding=\"async\" class=\"wp-image-19936\" title=\"Mapa satelital de la provincia de R\u00edo Negro.\" src=\"https:\/\/stesa.com\/mapas\/wp-content\/uploads\/19933\/Mapa-satelital-de-la-provincia-de-Rio-Negro-300x207.jpg\" alt=\"Mapa satelital de la provincia de R\u00edo Negro.\" width=\"360\" height=\"248\" srcset=\"https:\/\/stesa.com\/mapas\/wp-content\/uploads\/19933\/Mapa-satelital-de-la-provincia-de-Rio-Negro-300x207.jpg 300w, https:\/\/stesa.com\/mapas\/wp-content\/uploads\/19933\/Mapa-satelital-de-la-provincia-de-Rio-Negro-1024x706.jpg 1024w, https:\/\/stesa.com\/mapas\/wp-content\/uploads\/19933\/Mapa-satelital-de-la-provincia-de-Rio-Negro-768x530.jpg 768w, https:\/\/stesa.com\/mapas\/wp-content\/uploads\/19933\/Mapa-satelital-de-la-provincia-de-Rio-Negro-1536x1060.jpg 1536w, https:\/\/stesa.com\/mapas\/wp-content\/uploads\/19933\/Mapa-satelital-de-la-provincia-de-Rio-Negro-2048x1413.jpg 2048w, https:\/\/stesa.com\/mapas\/wp-content\/uploads\/19933\/Mapa-satelital-de-la-provincia-de-Rio-Negro-1600x1104.jpg 1600w\" sizes=\"auto, (max-width: 360px) 100vw, 360px\" \/><\/a><figcaption id=\"caption-attachment-19936\" class=\"wp-caption-text\"><label style=\"font-size: 15px;\">Mapa satelital de la provincia de R\u00edo Negro <a href=\"https:\/\/stesa.com\/mapas\/wp-content\/uploads\/19933\/Mapa-satelital-de-la-provincia-de-Rio-Negro.pdf\" target=\"_blank\" rel=\"noopener\">(formato PDF)<\/a>.<\/label><\/figcaption><\/figure>\n<p>Los principales complejos productivos que dinamizan la econom\u00eda de la provincia y explican el Producto Bruto provincial son los vinculados a la fruticultura, el turismo, la explotaci\u00f3n de hidrocarburos, la miner\u00eda, la pesca y la ganader\u00eda, siendo muy marcada la especializaci\u00f3n de estas actividades por regi\u00f3n.<\/p>\n<p>Fruticultura: concentrada en las zonas de valles. Predominan los cultivos de frutales (manzanas y peras). Tambi\u00e9n poseen cultivos de hortalizas (tomate y cebolla), y frutas finas (frambuesa, guinda y frutilla).<\/p>\n<p>Ganader\u00eda: Desarrolla la ganader\u00eda en forma intensiva, enviando terneros para invernada en regiones la Provincia de Buenos Aires y en la Provincia de La Pampa. La caba\u00f1a ovina constituye el 13 % del total nacional y se extiende por toda la zona central y sur de la provincia.<\/p>\n<p>Industria: Producci\u00f3n de sidra y jugos en el Alto valle (desde Cipolletti hasta Villa Regina), adem\u00e1s de lanas finas, pesca con captura de merluza, calamar y langostinos.<\/p>\n<p>Miner\u00eda: Explotaci\u00f3n de hierro en Sierra Grande; bentonita y piedra laja en la Ingeniero Jacobacci y Los Menucos; sal en San Antonio; petr\u00f3leo y gas en Catriel y el norte provincial.<\/p>\n","protected":false},"excerpt":{"rendered":"<p>R\u00edo Negro es una de las veintitr\u00e9s provincias que componen la Rep\u00fablica Argentina. Capital: Viedma. Ciudad m\u00e1s poblada: San Carlos de Bariloche. Poblaci\u00f3n &#8230;<\/p>\n","protected":false},"author":1,"featured_media":19934,"template":"","categoria_ficha":[2196],"class_list":["post-19933","ficha","type-ficha","status-publish","has-post-thumbnail","hentry","categoria_ficha-mapas-de-la-provincia-de-rio-negro"],"yoast_head":"<!-- This site is optimized with the Yoast SEO plugin v27.4 - https:\/\/yoast.com\/product\/yoast-seo-wordpress\/ -->\n<title>Mapa de la provincia de R\u00edo Negro - Galer\u00eda de mapas<\/title>\n<meta name=\"robots\" content=\"index, follow, max-snippet:-1, max-image-preview:large, max-video-preview:-1\" \/>\n<link rel=\"canonical\" href=\"https:\/\/stesa.com\/mapas\/doc\/mapa-de-la-provincia-de-rio-negro\/\" \/>\n<meta property=\"og:locale\" content=\"es_ES\" \/>\n<meta property=\"og:type\" content=\"article\" \/>\n<meta property=\"og:title\" content=\"Mapa de la provincia de R\u00edo Negro - Galer\u00eda de mapas\" \/>\n<meta property=\"og:description\" content=\"R\u00edo Negro es una de las veintitr\u00e9s provincias que componen la Rep\u00fablica Argentina. Capital: Viedma. Ciudad m\u00e1s poblada: San Carlos de Bariloche. Poblaci\u00f3n ...\" \/>\n<meta property=\"og:url\" content=\"https:\/\/stesa.com\/mapas\/doc\/mapa-de-la-provincia-de-rio-negro\/\" \/>\n<meta property=\"og:site_name\" content=\"Galer\u00eda de mapas\" \/>\n<meta property=\"og:image\" content=\"https:\/\/stesa.com\/mapas\/wp-content\/uploads\/19933\/Mapa-de-la-provincia-de-Rio-Negro-1024x685.jpeg\" \/>\n\t<meta property=\"og:image:width\" content=\"1024\" \/>\n\t<meta property=\"og:image:height\" content=\"685\" \/>\n\t<meta property=\"og:image:type\" content=\"image\/jpeg\" \/>\n<meta name=\"twitter:card\" content=\"summary_large_image\" \/>\n<meta name=\"twitter:label1\" content=\"Tiempo de lectura\" \/>\n\t<meta name=\"twitter:data1\" content=\"2 minutos\" \/>\n<script type=\"application\/ld+json\" class=\"yoast-schema-graph\">{\"@context\":\"https:\\\/\\\/schema.org\",\"@graph\":[{\"@type\":\"WebPage\",\"@id\":\"https:\\\/\\\/stesa.com\\\/mapas\\\/doc\\\/mapa-de-la-provincia-de-rio-negro\\\/\",\"url\":\"https:\\\/\\\/stesa.com\\\/mapas\\\/doc\\\/mapa-de-la-provincia-de-rio-negro\\\/\",\"name\":\"Mapa de la provincia de R\u00edo Negro - Galer\u00eda de mapas\",\"isPartOf\":{\"@id\":\"https:\\\/\\\/stesa.com\\\/mapas\\\/#website\"},\"primaryImageOfPage\":{\"@id\":\"https:\\\/\\\/stesa.com\\\/mapas\\\/doc\\\/mapa-de-la-provincia-de-rio-negro\\\/#primaryimage\"},\"image\":{\"@id\":\"https:\\\/\\\/stesa.com\\\/mapas\\\/doc\\\/mapa-de-la-provincia-de-rio-negro\\\/#primaryimage\"},\"thumbnailUrl\":\"https:\\\/\\\/stesa.com\\\/mapas\\\/wp-content\\\/uploads\\\/19933\\\/Mapa-de-la-provincia-de-Rio-Negro.jpeg\",\"datePublished\":\"2026-04-21T18:25:12+00:00\",\"breadcrumb\":{\"@id\":\"https:\\\/\\\/stesa.com\\\/mapas\\\/doc\\\/mapa-de-la-provincia-de-rio-negro\\\/#breadcrumb\"},\"inLanguage\":\"es\",\"potentialAction\":[{\"@type\":\"ReadAction\",\"target\":[\"https:\\\/\\\/stesa.com\\\/mapas\\\/doc\\\/mapa-de-la-provincia-de-rio-negro\\\/\"]}]},{\"@type\":\"ImageObject\",\"inLanguage\":\"es\",\"@id\":\"https:\\\/\\\/stesa.com\\\/mapas\\\/doc\\\/mapa-de-la-provincia-de-rio-negro\\\/#primaryimage\",\"url\":\"https:\\\/\\\/stesa.com\\\/mapas\\\/wp-content\\\/uploads\\\/19933\\\/Mapa-de-la-provincia-de-Rio-Negro.jpeg\",\"contentUrl\":\"https:\\\/\\\/stesa.com\\\/mapas\\\/wp-content\\\/uploads\\\/19933\\\/Mapa-de-la-provincia-de-Rio-Negro.jpeg\",\"width\":4840,\"height\":3240,\"caption\":\"Mapa de la provincia de R\u00edo Negro.\"},{\"@type\":\"BreadcrumbList\",\"@id\":\"https:\\\/\\\/stesa.com\\\/mapas\\\/doc\\\/mapa-de-la-provincia-de-rio-negro\\\/#breadcrumb\",\"itemListElement\":[{\"@type\":\"ListItem\",\"position\":1,\"name\":\"Portada\",\"item\":\"https:\\\/\\\/gifex.com\\\/mapas\\\/\"},{\"@type\":\"ListItem\",\"position\":2,\"name\":\"Mapa de la provincia de R\u00edo Negro\"}]},{\"@type\":\"WebSite\",\"@id\":\"https:\\\/\\\/stesa.com\\\/mapas\\\/#website\",\"url\":\"https:\\\/\\\/stesa.com\\\/mapas\\\/\",\"name\":\"Galer\u00eda de mapas\",\"description\":\"\",\"potentialAction\":[{\"@type\":\"SearchAction\",\"target\":{\"@type\":\"EntryPoint\",\"urlTemplate\":\"https:\\\/\\\/stesa.com\\\/mapas\\\/?s={search_term_string}\"},\"query-input\":{\"@type\":\"PropertyValueSpecification\",\"valueRequired\":true,\"valueName\":\"search_term_string\"}}],\"inLanguage\":\"es\"}]}<\/script>\n<!-- \/ Yoast SEO plugin. -->","yoast_head_json":{"title":"Mapa de la provincia de R\u00edo Negro - Galer\u00eda de mapas","robots":{"index":"index","follow":"follow","max-snippet":"max-snippet:-1","max-image-preview":"max-image-preview:large","max-video-preview":"max-video-preview:-1"},"canonical":"https:\/\/stesa.com\/mapas\/doc\/mapa-de-la-provincia-de-rio-negro\/","og_locale":"es_ES","og_type":"article","og_title":"Mapa de la provincia de R\u00edo Negro - Galer\u00eda de mapas","og_description":"R\u00edo Negro es una de las veintitr\u00e9s provincias que componen la Rep\u00fablica Argentina. Capital: Viedma. Ciudad m\u00e1s poblada: San Carlos de Bariloche. Poblaci\u00f3n ...","og_url":"https:\/\/stesa.com\/mapas\/doc\/mapa-de-la-provincia-de-rio-negro\/","og_site_name":"Galer\u00eda de mapas","og_image":[{"width":1024,"height":685,"url":"https:\/\/stesa.com\/mapas\/wp-content\/uploads\/19933\/Mapa-de-la-provincia-de-Rio-Negro-1024x685.jpeg","type":"image\/jpeg"}],"twitter_card":"summary_large_image","twitter_misc":{"Tiempo de lectura":"2 minutos"},"schema":{"@context":"https:\/\/schema.org","@graph":[{"@type":"WebPage","@id":"https:\/\/stesa.com\/mapas\/doc\/mapa-de-la-provincia-de-rio-negro\/","url":"https:\/\/stesa.com\/mapas\/doc\/mapa-de-la-provincia-de-rio-negro\/","name":"Mapa de la provincia de R\u00edo Negro - Galer\u00eda de mapas","isPartOf":{"@id":"https:\/\/stesa.com\/mapas\/#website"},"primaryImageOfPage":{"@id":"https:\/\/stesa.com\/mapas\/doc\/mapa-de-la-provincia-de-rio-negro\/#primaryimage"},"image":{"@id":"https:\/\/stesa.com\/mapas\/doc\/mapa-de-la-provincia-de-rio-negro\/#primaryimage"},"thumbnailUrl":"https:\/\/stesa.com\/mapas\/wp-content\/uploads\/19933\/Mapa-de-la-provincia-de-Rio-Negro.jpeg","datePublished":"2026-04-21T18:25:12+00:00","breadcrumb":{"@id":"https:\/\/stesa.com\/mapas\/doc\/mapa-de-la-provincia-de-rio-negro\/#breadcrumb"},"inLanguage":"es","potentialAction":[{"@type":"ReadAction","target":["https:\/\/stesa.com\/mapas\/doc\/mapa-de-la-provincia-de-rio-negro\/"]}]},{"@type":"ImageObject","inLanguage":"es","@id":"https:\/\/stesa.com\/mapas\/doc\/mapa-de-la-provincia-de-rio-negro\/#primaryimage","url":"https:\/\/stesa.com\/mapas\/wp-content\/uploads\/19933\/Mapa-de-la-provincia-de-Rio-Negro.jpeg","contentUrl":"https:\/\/stesa.com\/mapas\/wp-content\/uploads\/19933\/Mapa-de-la-provincia-de-Rio-Negro.jpeg","width":4840,"height":3240,"caption":"Mapa de la provincia de R\u00edo Negro."},{"@type":"BreadcrumbList","@id":"https:\/\/stesa.com\/mapas\/doc\/mapa-de-la-provincia-de-rio-negro\/#breadcrumb","itemListElement":[{"@type":"ListItem","position":1,"name":"Portada","item":"https:\/\/gifex.com\/mapas\/"},{"@type":"ListItem","position":2,"name":"Mapa de la provincia de R\u00edo Negro"}]},{"@type":"WebSite","@id":"https:\/\/stesa.com\/mapas\/#website","url":"https:\/\/stesa.com\/mapas\/","name":"Galer\u00eda de mapas","description":"","potentialAction":[{"@type":"SearchAction","target":{"@type":"EntryPoint","urlTemplate":"https:\/\/stesa.com\/mapas\/?s={search_term_string}"},"query-input":{"@type":"PropertyValueSpecification","valueRequired":true,"valueName":"search_term_string"}}],"inLanguage":"es"}]}},"_links":{"self":[{"href":"https:\/\/stesa.com\/mapas\/wp-json\/wp\/v2\/ficha\/19933","targetHints":{"allow":["GET"]}}],"collection":[{"href":"https:\/\/stesa.com\/mapas\/wp-json\/wp\/v2\/ficha"}],"about":[{"href":"https:\/\/stesa.com\/mapas\/wp-json\/wp\/v2\/types\/ficha"}],"author":[{"embeddable":true,"href":"https:\/\/stesa.com\/mapas\/wp-json\/wp\/v2\/users\/1"}],"version-history":[{"count":1,"href":"https:\/\/stesa.com\/mapas\/wp-json\/wp\/v2\/ficha\/19933\/revisions"}],"predecessor-version":[{"id":19938,"href":"https:\/\/stesa.com\/mapas\/wp-json\/wp\/v2\/ficha\/19933\/revisions\/19938"}],"wp:featuredmedia":[{"embeddable":true,"href":"https:\/\/stesa.com\/mapas\/wp-json\/wp\/v2\/media\/19934"}],"wp:attachment":[{"href":"https:\/\/stesa.com\/mapas\/wp-json\/wp\/v2\/media?parent=19933"}],"wp:term":[{"taxonomy":"categoria_ficha","embeddable":true,"href":"https:\/\/stesa.com\/mapas\/wp-json\/wp\/v2\/categoria_ficha?post=19933"}],"curies":[{"name":"wp","href":"https:\/\/api.w.org\/{rel}","templated":true}]}}

Mapa de la provincia de Río Negro

<p style="text-align: center;"><label style="font-size: 15px;">Mapa de la provincia de Río Negro <a href="https://stesa.com/mapas/wp-content/uploads/19933/Mapa-de-la-provincia-de-Rio-Negro.pdf" target="_blank" rel="noopener">(formato PDF)</a>.</label></p>
<p><strong>Provincia de Río Negro</strong></p>
<p>Río Negro es una de las veintitrés provincias que componen la República Argentina.</p>
<ul>
<li>Capital: Viedma</li>
<li>Ciudad más poblada: San Carlos de Bariloche</li>
<li>Población en 2022: 762 067 habitantes</li>
<li>Superficie: 203 013 km²</li>
</ul>
<figure id="attachment_19936" aria-describedby="caption-attachment-19936" style="width: 360px" class="wp-caption alignright"><a href="https://stesa.com/mapas/wp-content/uploads/19933/Mapa-satelital-de-la-provincia-de-Rio-Negro.jpg" target="_blank" rel="noopener"><img loading="lazy" decoding="async" class="wp-image-19936" title="Mapa satelital de la provincia de Río Negro." src="https://stesa.com/mapas/wp-content/uploads/19933/Mapa-satelital-de-la-provincia-de-Rio-Negro-300x207.jpg" alt="Mapa satelital de la provincia de Río Negro." width="360" height="248" srcset="https://stesa.com/mapas/wp-content/uploads/19933/Mapa-satelital-de-la-provincia-de-Rio-Negro-300x207.jpg 300w, https://stesa.com/mapas/wp-content/uploads/19933/Mapa-satelital-de-la-provincia-de-Rio-Negro-1024x706.jpg 1024w, https://stesa.com/mapas/wp-content/uploads/19933/Mapa-satelital-de-la-provincia-de-Rio-Negro-768x530.jpg 768w, https://stesa.com/mapas/wp-content/uploads/19933/Mapa-satelital-de-la-provincia-de-Rio-Negro-1536x1060.jpg 1536w, https://stesa.com/mapas/wp-content/uploads/19933/Mapa-satelital-de-la-provincia-de-Rio-Negro-2048x1413.jpg 2048w, https://stesa.com/mapas/wp-content/uploads/19933/Mapa-satelital-de-la-provincia-de-Rio-Negro-1600x1104.jpg 1600w" sizes="auto, (max-width: 360px) 100vw, 360px" /></a><figcaption id="caption-attachment-19936" class="wp-caption-text"><label style="font-size: 15px;">Mapa satelital de la provincia de Río Negro <a href="https://stesa.com/mapas/wp-content/uploads/19933/Mapa-satelital-de-la-provincia-de-Rio-Negro.pdf" target="_blank" rel="noopener">(formato PDF)</a>.</label></figcaption></figure>
<p>Los principales complejos productivos que dinamizan la economía de la provincia y explican el Producto Bruto provincial son los vinculados a la fruticultura, el turismo, la explotación de hidrocarburos, la minería, la pesca y la ganadería, siendo muy marcada la especialización de estas actividades por región.</p>
<p>Fruticultura: concentrada en las zonas de valles. Predominan los cultivos de frutales (manzanas y peras). También poseen cultivos de hortalizas (tomate y cebolla), y frutas finas (frambuesa, guinda y frutilla).</p>
<p>Ganadería: Desarrolla la ganadería en forma intensiva, enviando terneros para invernada en regiones la Provincia de Buenos Aires y en la Provincia de La Pampa. La cabaña ovina constituye el 13 % del total nacional y se extiende por toda la zona central y sur de la provincia.</p>
<p>Industria: Producción de sidra y jugos en el Alto valle (desde Cipolletti hasta Villa Regina), además de lanas finas, pesca con captura de merluza, calamar y langostinos.</p>
<p>Minería: Explotación de hierro en Sierra Grande; bentonita y piedra laja en la Ingeniero Jacobacci y Los Menucos; sal en San Antonio; petróleo y gas en Catriel y el norte provincial.</p>

<p>Río Negro es una de las veintitrés provincias que componen la República Argentina. Capital: Viedma. Ciudad más poblada: San Carlos de Bariloche. Población &#8230;</p>

<!-- This site is optimized with the Yoast SEO plugin v27.4 - https://yoast.com/product/yoast-seo-wordpress/ -->
<title>Mapa de la provincia de Río Negro - Galería de mapas</title>
<meta name="robots" content="index, follow, max-snippet:-1, max-image-preview:large, max-video-preview:-1" />
<link rel="canonical" href="https://stesa.com/mapas/doc/mapa-de-la-provincia-de-rio-negro/" />
<meta property="og:locale" content="es_ES" />
<meta property="og:type" content="article" />
<meta property="og:title" content="Mapa de la provincia de Río Negro - Galería de mapas" />
<meta property="og:description" content="Río Negro es una de las veintitrés provincias que componen la República Argentina. Capital: Viedma. Ciudad más poblada: San Carlos de Bariloche. Población ..." />
<meta property="og:url" content="https://stesa.com/mapas/doc/mapa-de-la-provincia-de-rio-negro/" />
<meta property="og:site_name" content="Galería de mapas" />
<meta property="og:image" content="https://stesa.com/mapas/wp-content/uploads/19933/Mapa-de-la-provincia-de-Rio-Negro-1024x685.jpeg" />
	<meta property="og:image:width" content="1024" />
	<meta property="og:image:height" content="685" />
	<meta property="og:image:type" content="image/jpeg" />
<meta name="twitter:card" content="summary_large_image" />
<meta name="twitter:label1" content="Tiempo de lectura" />
	<meta name="twitter:data1" content="2 minutos" />
<script type="application/ld+json" class="yoast-schema-graph">{"@context":"https:\/\/schema.org","@graph":[{"@type":"WebPage","@id":"https:\/\/stesa.com\/mapas\/doc\/mapa-de-la-provincia-de-rio-negro\/","url":"https:\/\/stesa.com\/mapas\/doc\/mapa-de-la-provincia-de-rio-negro\/","name":"Mapa de la provincia de Río Negro - Galería de mapas","isPartOf":{"@id":"https:\/\/stesa.com\/mapas\/#website"},"primaryImageOfPage":{"@id":"https:\/\/stesa.com\/mapas\/doc\/mapa-de-la-provincia-de-rio-negro\/#primaryimage"},"image":{"@id":"https:\/\/stesa.com\/mapas\/doc\/mapa-de-la-provincia-de-rio-negro\/#primaryimage"},"thumbnailUrl":"https:\/\/stesa.com\/mapas\/wp-content\/uploads\/19933\/Mapa-de-la-provincia-de-Rio-Negro.jpeg","datePublished":"2026-04-21T18:25:12+00:00","breadcrumb":{"@id":"https:\/\/stesa.com\/mapas\/doc\/mapa-de-la-provincia-de-rio-negro\/#breadcrumb"},"inLanguage":"es","potentialAction":[{"@type":"ReadAction","target":["https:\/\/stesa.com\/mapas\/doc\/mapa-de-la-provincia-de-rio-negro\/"]}]},{"@type":"ImageObject","inLanguage":"es","@id":"https:\/\/stesa.com\/mapas\/doc\/mapa-de-la-provincia-de-rio-negro\/#primaryimage","url":"https:\/\/stesa.com\/mapas\/wp-content\/uploads\/19933\/Mapa-de-la-provincia-de-Rio-Negro.jpeg","contentUrl":"https:\/\/stesa.com\/mapas\/wp-content\/uploads\/19933\/Mapa-de-la-provincia-de-Rio-Negro.jpeg","width":4840,"height":3240,"caption":"Mapa de la provincia de Río Negro."},{"@type":"BreadcrumbList","@id":"https:\/\/stesa.com\/mapas\/doc\/mapa-de-la-provincia-de-rio-negro\/#breadcrumb","itemListElement":[{"@type":"ListItem","position":1,"name":"Portada","item":"https:\/\/gifex.com\/mapas\/"},{"@type":"ListItem","position":2,"name":"Mapa de la provincia de Río Negro"}]},{"@type":"WebSite","@id":"https:\/\/stesa.com\/mapas\/#website","url":"https:\/\/stesa.com\/mapas\/","name":"Galería de mapas","description":"","potentialAction":[{"@type":"SearchAction","target":{"@type":"EntryPoint","urlTemplate":"https:\/\/stesa.com\/mapas\/?s={search_term_string}"},"query-input":{"@type":"PropertyValueSpecification","valueRequired":true,"valueName":"search_term_string"}}],"inLanguage":"es"}]}</script>
<!-- / Yoast SEO plugin. -->

Mapa de la provincia de Río Negro - Galería de mapas

Río Negro es una de las veintitrés provincias que componen la República Argentina. Capital: Viedma. Ciudad más poblada: San Carlos de Bariloche. Población ...

Galería de mapas

Mapa de la provincia de Río Negro.
