{"id":19876,"date":"2026-04-21T13:51:43","date_gmt":"2026-04-21T13:51:43","guid":{"rendered":"https:\/\/stesa.com\/mapas\/?post_type=ficha&#038;p=19876"},"modified":"2026-04-21T13:51:43","modified_gmt":"2026-04-21T13:51:43","slug":"vista-aerea-de-la-laguna-del-diamante","status":"publish","type":"ficha","link":"https:\/\/stesa.com\/mapas\/doc\/vista-aerea-de-la-laguna-del-diamante\/","title":{"rendered":"Vista a\u00e9rea de la laguna del Diamante"},"content":{"rendered":"<p>Vista a\u00e9rea de la laguna del Diamante <a href=\"https:\/\/stesa.com\/mapas\/wp-content\/uploads\/19876\/Vista-aerea-de-la-laguna-del-Diamante-Argentina-2012.pdf\" target=\"_blank\" rel=\"noopener\">(formato PDF)<\/a> un lago ubicado en la provincia de Mendoza, Argentina, en el departamento de San Carlos, a unos 198 kil\u00f3metros de Mendoza. Cubre una superficie de aproximadamente 14,1 kil\u00f3metros cuadrados y es uno de los mayores recursos de agua dulce de la provincia. Cerca se encuentra el volc\u00e1n Maipo. El volc\u00e1n y su reflejo en el lago forman una imagen en forma de diamante, que da nombre al lago.<\/p>\n<p>Es conocido por su impresionante belleza. Sin embargo, pocos tienen la oportunidad de verlo, ya que solo es transitable en febrero y \u00fanicamente en veh\u00edculos todoterreno.<\/p>\n","protected":false},"excerpt":{"rendered":"<p>Vista a\u00e9rea de la laguna del Diamante (formato PDF) un lago ubicado en la provincia de Mendoza, Argentina, en el departamento de San Carlos, a unos 198 &#8230;<\/p>\n","protected":false},"author":1,"featured_media":19877,"template":"","categoria_ficha":[2193],"class_list":["post-19876","ficha","type-ficha","status-publish","has-post-thumbnail","hentry","categoria_ficha-mapas-de-la-provincia-de-mendoza"],"yoast_head":"<!-- This site is optimized with the Yoast SEO plugin v27.4 - https:\/\/yoast.com\/product\/yoast-seo-wordpress\/ -->\n<title>Vista a\u00e9rea de la laguna del Diamante - Galer\u00eda de mapas<\/title>\n<meta name=\"robots\" content=\"index, follow, max-snippet:-1, max-image-preview:large, max-video-preview:-1\" \/>\n<link rel=\"canonical\" href=\"https:\/\/stesa.com\/mapas\/doc\/vista-aerea-de-la-laguna-del-diamante\/\" \/>\n<meta property=\"og:locale\" content=\"es_ES\" \/>\n<meta property=\"og:type\" content=\"article\" \/>\n<meta property=\"og:title\" content=\"Vista a\u00e9rea de la laguna del Diamante - Galer\u00eda de mapas\" \/>\n<meta property=\"og:description\" content=\"Vista a\u00e9rea de la laguna del Diamante (formato PDF) un lago ubicado en la provincia de Mendoza, Argentina, en el departamento de San Carlos, a unos 198 ...\" \/>\n<meta property=\"og:url\" content=\"https:\/\/stesa.com\/mapas\/doc\/vista-aerea-de-la-laguna-del-diamante\/\" \/>\n<meta property=\"og:site_name\" content=\"Galer\u00eda de mapas\" \/>\n<meta property=\"og:image\" content=\"https:\/\/stesa.com\/mapas\/wp-content\/uploads\/19876\/Vista-aerea-de-la-laguna-del-Diamante-Argentina-2012-1024x768.jpg\" \/>\n\t<meta property=\"og:image:width\" content=\"1024\" \/>\n\t<meta property=\"og:image:height\" content=\"768\" \/>\n\t<meta property=\"og:image:type\" content=\"image\/jpeg\" \/>\n<meta name=\"twitter:card\" content=\"summary_large_image\" \/>\n<meta name=\"twitter:label1\" content=\"Tiempo de lectura\" \/>\n\t<meta name=\"twitter:data1\" content=\"1 minuto\" \/>\n<script type=\"application\/ld+json\" class=\"yoast-schema-graph\">{\"@context\":\"https:\\\/\\\/schema.org\",\"@graph\":[{\"@type\":\"WebPage\",\"@id\":\"https:\\\/\\\/stesa.com\\\/mapas\\\/doc\\\/vista-aerea-de-la-laguna-del-diamante\\\/\",\"url\":\"https:\\\/\\\/stesa.com\\\/mapas\\\/doc\\\/vista-aerea-de-la-laguna-del-diamante\\\/\",\"name\":\"Vista a\u00e9rea de la laguna del Diamante - Galer\u00eda de mapas\",\"isPartOf\":{\"@id\":\"https:\\\/\\\/stesa.com\\\/mapas\\\/#website\"},\"primaryImageOfPage\":{\"@id\":\"https:\\\/\\\/stesa.com\\\/mapas\\\/doc\\\/vista-aerea-de-la-laguna-del-diamante\\\/#primaryimage\"},\"image\":{\"@id\":\"https:\\\/\\\/stesa.com\\\/mapas\\\/doc\\\/vista-aerea-de-la-laguna-del-diamante\\\/#primaryimage\"},\"thumbnailUrl\":\"https:\\\/\\\/stesa.com\\\/mapas\\\/wp-content\\\/uploads\\\/19876\\\/Vista-aerea-de-la-laguna-del-Diamante-Argentina-2012.jpg\",\"datePublished\":\"2026-04-21T13:51:43+00:00\",\"breadcrumb\":{\"@id\":\"https:\\\/\\\/stesa.com\\\/mapas\\\/doc\\\/vista-aerea-de-la-laguna-del-diamante\\\/#breadcrumb\"},\"inLanguage\":\"es\",\"potentialAction\":[{\"@type\":\"ReadAction\",\"target\":[\"https:\\\/\\\/stesa.com\\\/mapas\\\/doc\\\/vista-aerea-de-la-laguna-del-diamante\\\/\"]}]},{\"@type\":\"ImageObject\",\"inLanguage\":\"es\",\"@id\":\"https:\\\/\\\/stesa.com\\\/mapas\\\/doc\\\/vista-aerea-de-la-laguna-del-diamante\\\/#primaryimage\",\"url\":\"https:\\\/\\\/stesa.com\\\/mapas\\\/wp-content\\\/uploads\\\/19876\\\/Vista-aerea-de-la-laguna-del-Diamante-Argentina-2012.jpg\",\"contentUrl\":\"https:\\\/\\\/stesa.com\\\/mapas\\\/wp-content\\\/uploads\\\/19876\\\/Vista-aerea-de-la-laguna-del-Diamante-Argentina-2012.jpg\",\"width\":4320,\"height\":3240,\"caption\":\"Vista a\u00e9rea de la laguna del Diamante, Argentina 2012.\"},{\"@type\":\"BreadcrumbList\",\"@id\":\"https:\\\/\\\/stesa.com\\\/mapas\\\/doc\\\/vista-aerea-de-la-laguna-del-diamante\\\/#breadcrumb\",\"itemListElement\":[{\"@type\":\"ListItem\",\"position\":1,\"name\":\"Portada\",\"item\":\"https:\\\/\\\/gifex.com\\\/mapas\\\/\"},{\"@type\":\"ListItem\",\"position\":2,\"name\":\"Vista a\u00e9rea de la laguna del Diamante\"}]},{\"@type\":\"WebSite\",\"@id\":\"https:\\\/\\\/stesa.com\\\/mapas\\\/#website\",\"url\":\"https:\\\/\\\/stesa.com\\\/mapas\\\/\",\"name\":\"Galer\u00eda de mapas\",\"description\":\"\",\"potentialAction\":[{\"@type\":\"SearchAction\",\"target\":{\"@type\":\"EntryPoint\",\"urlTemplate\":\"https:\\\/\\\/stesa.com\\\/mapas\\\/?s={search_term_string}\"},\"query-input\":{\"@type\":\"PropertyValueSpecification\",\"valueRequired\":true,\"valueName\":\"search_term_string\"}}],\"inLanguage\":\"es\"}]}<\/script>\n<!-- \/ Yoast SEO plugin. -->","yoast_head_json":{"title":"Vista a\u00e9rea de la laguna del Diamante - Galer\u00eda de mapas","robots":{"index":"index","follow":"follow","max-snippet":"max-snippet:-1","max-image-preview":"max-image-preview:large","max-video-preview":"max-video-preview:-1"},"canonical":"https:\/\/stesa.com\/mapas\/doc\/vista-aerea-de-la-laguna-del-diamante\/","og_locale":"es_ES","og_type":"article","og_title":"Vista a\u00e9rea de la laguna del Diamante - Galer\u00eda de mapas","og_description":"Vista a\u00e9rea de la laguna del Diamante (formato PDF) un lago ubicado en la provincia de Mendoza, Argentina, en el departamento de San Carlos, a unos 198 ...","og_url":"https:\/\/stesa.com\/mapas\/doc\/vista-aerea-de-la-laguna-del-diamante\/","og_site_name":"Galer\u00eda de mapas","og_image":[{"width":1024,"height":768,"url":"https:\/\/stesa.com\/mapas\/wp-content\/uploads\/19876\/Vista-aerea-de-la-laguna-del-Diamante-Argentina-2012-1024x768.jpg","type":"image\/jpeg"}],"twitter_card":"summary_large_image","twitter_misc":{"Tiempo de lectura":"1 minuto"},"schema":{"@context":"https:\/\/schema.org","@graph":[{"@type":"WebPage","@id":"https:\/\/stesa.com\/mapas\/doc\/vista-aerea-de-la-laguna-del-diamante\/","url":"https:\/\/stesa.com\/mapas\/doc\/vista-aerea-de-la-laguna-del-diamante\/","name":"Vista a\u00e9rea de la laguna del Diamante - Galer\u00eda de mapas","isPartOf":{"@id":"https:\/\/stesa.com\/mapas\/#website"},"primaryImageOfPage":{"@id":"https:\/\/stesa.com\/mapas\/doc\/vista-aerea-de-la-laguna-del-diamante\/#primaryimage"},"image":{"@id":"https:\/\/stesa.com\/mapas\/doc\/vista-aerea-de-la-laguna-del-diamante\/#primaryimage"},"thumbnailUrl":"https:\/\/stesa.com\/mapas\/wp-content\/uploads\/19876\/Vista-aerea-de-la-laguna-del-Diamante-Argentina-2012.jpg","datePublished":"2026-04-21T13:51:43+00:00","breadcrumb":{"@id":"https:\/\/stesa.com\/mapas\/doc\/vista-aerea-de-la-laguna-del-diamante\/#breadcrumb"},"inLanguage":"es","potentialAction":[{"@type":"ReadAction","target":["https:\/\/stesa.com\/mapas\/doc\/vista-aerea-de-la-laguna-del-diamante\/"]}]},{"@type":"ImageObject","inLanguage":"es","@id":"https:\/\/stesa.com\/mapas\/doc\/vista-aerea-de-la-laguna-del-diamante\/#primaryimage","url":"https:\/\/stesa.com\/mapas\/wp-content\/uploads\/19876\/Vista-aerea-de-la-laguna-del-Diamante-Argentina-2012.jpg","contentUrl":"https:\/\/stesa.com\/mapas\/wp-content\/uploads\/19876\/Vista-aerea-de-la-laguna-del-Diamante-Argentina-2012.jpg","width":4320,"height":3240,"caption":"Vista a\u00e9rea de la laguna del Diamante, Argentina 2012."},{"@type":"BreadcrumbList","@id":"https:\/\/stesa.com\/mapas\/doc\/vista-aerea-de-la-laguna-del-diamante\/#breadcrumb","itemListElement":[{"@type":"ListItem","position":1,"name":"Portada","item":"https:\/\/gifex.com\/mapas\/"},{"@type":"ListItem","position":2,"name":"Vista a\u00e9rea de la laguna del Diamante"}]},{"@type":"WebSite","@id":"https:\/\/stesa.com\/mapas\/#website","url":"https:\/\/stesa.com\/mapas\/","name":"Galer\u00eda de mapas","description":"","potentialAction":[{"@type":"SearchAction","target":{"@type":"EntryPoint","urlTemplate":"https:\/\/stesa.com\/mapas\/?s={search_term_string}"},"query-input":{"@type":"PropertyValueSpecification","valueRequired":true,"valueName":"search_term_string"}}],"inLanguage":"es"}]}},"_links":{"self":[{"href":"https:\/\/stesa.com\/mapas\/wp-json\/wp\/v2\/ficha\/19876","targetHints":{"allow":["GET"]}}],"collection":[{"href":"https:\/\/stesa.com\/mapas\/wp-json\/wp\/v2\/ficha"}],"about":[{"href":"https:\/\/stesa.com\/mapas\/wp-json\/wp\/v2\/types\/ficha"}],"author":[{"embeddable":true,"href":"https:\/\/stesa.com\/mapas\/wp-json\/wp\/v2\/users\/1"}],"version-history":[{"count":1,"href":"https:\/\/stesa.com\/mapas\/wp-json\/wp\/v2\/ficha\/19876\/revisions"}],"predecessor-version":[{"id":19879,"href":"https:\/\/stesa.com\/mapas\/wp-json\/wp\/v2\/ficha\/19876\/revisions\/19879"}],"wp:featuredmedia":[{"embeddable":true,"href":"https:\/\/stesa.com\/mapas\/wp-json\/wp\/v2\/media\/19877"}],"wp:attachment":[{"href":"https:\/\/stesa.com\/mapas\/wp-json\/wp\/v2\/media?parent=19876"}],"wp:term":[{"taxonomy":"categoria_ficha","embeddable":true,"href":"https:\/\/stesa.com\/mapas\/wp-json\/wp\/v2\/categoria_ficha?post=19876"}],"curies":[{"name":"wp","href":"https:\/\/api.w.org\/{rel}","templated":true}]}}

Vista aérea de la laguna del Diamante

<p>Vista aérea de la laguna del Diamante <a href="https://stesa.com/mapas/wp-content/uploads/19876/Vista-aerea-de-la-laguna-del-Diamante-Argentina-2012.pdf" target="_blank" rel="noopener">(formato PDF)</a> un lago ubicado en la provincia de Mendoza, Argentina, en el departamento de San Carlos, a unos 198 kilómetros de Mendoza. Cubre una superficie de aproximadamente 14,1 kilómetros cuadrados y es uno de los mayores recursos de agua dulce de la provincia. Cerca se encuentra el volcán Maipo. El volcán y su reflejo en el lago forman una imagen en forma de diamante, que da nombre al lago.</p>
<p>Es conocido por su impresionante belleza. Sin embargo, pocos tienen la oportunidad de verlo, ya que solo es transitable en febrero y únicamente en vehículos todoterreno.</p>

<p>Vista aérea de la laguna del Diamante (formato PDF) un lago ubicado en la provincia de Mendoza, Argentina, en el departamento de San Carlos, a unos 198 &#8230;</p>

<!-- This site is optimized with the Yoast SEO plugin v27.4 - https://yoast.com/product/yoast-seo-wordpress/ -->
<title>Vista aérea de la laguna del Diamante - Galería de mapas</title>
<meta name="robots" content="index, follow, max-snippet:-1, max-image-preview:large, max-video-preview:-1" />
<link rel="canonical" href="https://stesa.com/mapas/doc/vista-aerea-de-la-laguna-del-diamante/" />
<meta property="og:locale" content="es_ES" />
<meta property="og:type" content="article" />
<meta property="og:title" content="Vista aérea de la laguna del Diamante - Galería de mapas" />
<meta property="og:description" content="Vista aérea de la laguna del Diamante (formato PDF) un lago ubicado en la provincia de Mendoza, Argentina, en el departamento de San Carlos, a unos 198 ..." />
<meta property="og:url" content="https://stesa.com/mapas/doc/vista-aerea-de-la-laguna-del-diamante/" />
<meta property="og:site_name" content="Galería de mapas" />
<meta property="og:image" content="https://stesa.com/mapas/wp-content/uploads/19876/Vista-aerea-de-la-laguna-del-Diamante-Argentina-2012-1024x768.jpg" />
	<meta property="og:image:width" content="1024" />
	<meta property="og:image:height" content="768" />
	<meta property="og:image:type" content="image/jpeg" />
<meta name="twitter:card" content="summary_large_image" />
<meta name="twitter:label1" content="Tiempo de lectura" />
	<meta name="twitter:data1" content="1 minuto" />
<script type="application/ld+json" class="yoast-schema-graph">{"@context":"https:\/\/schema.org","@graph":[{"@type":"WebPage","@id":"https:\/\/stesa.com\/mapas\/doc\/vista-aerea-de-la-laguna-del-diamante\/","url":"https:\/\/stesa.com\/mapas\/doc\/vista-aerea-de-la-laguna-del-diamante\/","name":"Vista aérea de la laguna del Diamante - Galería de mapas","isPartOf":{"@id":"https:\/\/stesa.com\/mapas\/#website"},"primaryImageOfPage":{"@id":"https:\/\/stesa.com\/mapas\/doc\/vista-aerea-de-la-laguna-del-diamante\/#primaryimage"},"image":{"@id":"https:\/\/stesa.com\/mapas\/doc\/vista-aerea-de-la-laguna-del-diamante\/#primaryimage"},"thumbnailUrl":"https:\/\/stesa.com\/mapas\/wp-content\/uploads\/19876\/Vista-aerea-de-la-laguna-del-Diamante-Argentina-2012.jpg","datePublished":"2026-04-21T13:51:43+00:00","breadcrumb":{"@id":"https:\/\/stesa.com\/mapas\/doc\/vista-aerea-de-la-laguna-del-diamante\/#breadcrumb"},"inLanguage":"es","potentialAction":[{"@type":"ReadAction","target":["https:\/\/stesa.com\/mapas\/doc\/vista-aerea-de-la-laguna-del-diamante\/"]}]},{"@type":"ImageObject","inLanguage":"es","@id":"https:\/\/stesa.com\/mapas\/doc\/vista-aerea-de-la-laguna-del-diamante\/#primaryimage","url":"https:\/\/stesa.com\/mapas\/wp-content\/uploads\/19876\/Vista-aerea-de-la-laguna-del-Diamante-Argentina-2012.jpg","contentUrl":"https:\/\/stesa.com\/mapas\/wp-content\/uploads\/19876\/Vista-aerea-de-la-laguna-del-Diamante-Argentina-2012.jpg","width":4320,"height":3240,"caption":"Vista aérea de la laguna del Diamante, Argentina 2012."},{"@type":"BreadcrumbList","@id":"https:\/\/stesa.com\/mapas\/doc\/vista-aerea-de-la-laguna-del-diamante\/#breadcrumb","itemListElement":[{"@type":"ListItem","position":1,"name":"Portada","item":"https:\/\/gifex.com\/mapas\/"},{"@type":"ListItem","position":2,"name":"Vista aérea de la laguna del Diamante"}]},{"@type":"WebSite","@id":"https:\/\/stesa.com\/mapas\/#website","url":"https:\/\/stesa.com\/mapas\/","name":"Galería de mapas","description":"","potentialAction":[{"@type":"SearchAction","target":{"@type":"EntryPoint","urlTemplate":"https:\/\/stesa.com\/mapas\/?s={search_term_string}"},"query-input":{"@type":"PropertyValueSpecification","valueRequired":true,"valueName":"search_term_string"}}],"inLanguage":"es"}]}</script>
<!-- / Yoast SEO plugin. -->

Vista aérea de la laguna del Diamante - Galería de mapas

Vista aérea de la laguna del Diamante (formato PDF) un lago ubicado en la provincia de Mendoza, Argentina, en el departamento de San Carlos, a unos 198 ...

Galería de mapas

Vista aérea de la laguna del Diamante, Argentina 2012.
