{"id":19841,"date":"2026-04-21T12:42:26","date_gmt":"2026-04-21T12:42:26","guid":{"rendered":"https:\/\/stesa.com\/mapas\/?post_type=ficha&#038;p=19841"},"modified":"2026-04-21T12:42:26","modified_gmt":"2026-04-21T12:42:26","slug":"mapa-politico-de-la-provincia-de-mendoza","status":"publish","type":"ficha","link":"https:\/\/stesa.com\/mapas\/doc\/mapa-politico-de-la-provincia-de-mendoza\/","title":{"rendered":"Mapa pol\u00edtico de la provincia de Mendoza"},"content":{"rendered":"<p style=\"text-align: center;\"><label style=\"font-size: 15px;\">Mapa pol\u00edtico de la provincia de Mendoza <a href=\"https:\/\/stesa.com\/mapas\/wp-content\/uploads\/19841\/Mapa-politico-de-la-provincia-de-Mendoza.pdf\" target=\"_blank\" rel=\"noopener\">(formato PDF)<\/a>.<\/label><\/p>\n<p><strong>Divisi\u00f3n pol\u00edtico-administrativa de la provincia de Mendoza<\/strong><\/p>\n<p>La Provincia de Mendoza se organiza pol\u00edticamente en 18 departamentos, que constituyen la principal divisi\u00f3n administrativa de la provincia. A diferencia de otras provincias argentinas, en Mendoza no existen municipios separados del departamento, sino que cada departamento tiene una municipalidad que administra su territorio.<\/p>\n<figure id=\"attachment_19845\" aria-describedby=\"caption-attachment-19845\" style=\"width: 360px\" class=\"wp-caption alignright\"><a href=\"https:\/\/stesa.com\/mapas\/wp-content\/uploads\/19841\/Division-politico-administrativa-de-la-provincia-de-Mendoza.jpg\" target=\"_blank\" rel=\"noopener\"><img loading=\"lazy\" decoding=\"async\" class=\"wp-image-19845\" title=\"Divisi\u00f3n pol\u00edtico-administrativa de la provincia de Mendoza.\" src=\"https:\/\/stesa.com\/mapas\/wp-content\/uploads\/19841\/Division-politico-administrativa-de-la-provincia-de-Mendoza-213x300.jpg\" alt=\"Divisi\u00f3n pol\u00edtico-administrativa de la provincia de Mendoza.\" width=\"360\" height=\"508\" srcset=\"https:\/\/stesa.com\/mapas\/wp-content\/uploads\/19841\/Division-politico-administrativa-de-la-provincia-de-Mendoza-213x300.jpg 213w, https:\/\/stesa.com\/mapas\/wp-content\/uploads\/19841\/Division-politico-administrativa-de-la-provincia-de-Mendoza-726x1024.jpg 726w, https:\/\/stesa.com\/mapas\/wp-content\/uploads\/19841\/Division-politico-administrativa-de-la-provincia-de-Mendoza-768x1084.jpg 768w, https:\/\/stesa.com\/mapas\/wp-content\/uploads\/19841\/Division-politico-administrativa-de-la-provincia-de-Mendoza-1088x1536.jpg 1088w, https:\/\/stesa.com\/mapas\/wp-content\/uploads\/19841\/Division-politico-administrativa-de-la-provincia-de-Mendoza-300x423.jpg 300w, https:\/\/stesa.com\/mapas\/wp-content\/uploads\/19841\/Division-politico-administrativa-de-la-provincia-de-Mendoza-1134x1600.jpg 1134w, https:\/\/stesa.com\/mapas\/wp-content\/uploads\/19841\/Division-politico-administrativa-de-la-provincia-de-Mendoza.jpg 1250w\" sizes=\"auto, (max-width: 360px) 100vw, 360px\" \/><\/a><figcaption id=\"caption-attachment-19845\" class=\"wp-caption-text\"><label style=\"font-size: 15px;\">Divisi\u00f3n pol\u00edtico-administrativa de la provincia de Mendoza <a href=\"https:\/\/stesa.com\/mapas\/wp-content\/uploads\/19841\/Division-politico-administrativa-de-la-provincia-de-Mendoza.pdf\" target=\"_blank\" rel=\"noopener\">(formato PDF)<\/a>.<\/label><\/figcaption><\/figure>\n<p><strong>Departamentos de Mendoza<\/strong><\/p>\n<ol>\n<li>Capital<\/li>\n<li>Godoy Cruz<\/li>\n<li>Guaymall\u00e9n<\/li>\n<li>Las Heras<\/li>\n<li>Luj\u00e1n de Cuyo<\/li>\n<li>Maip\u00fa<\/li>\n<li>San Mart\u00edn<\/li>\n<li>Jun\u00edn<\/li>\n<li>Rivadavia<\/li>\n<li>Santa Rosa<\/li>\n<li>La Paz<\/li>\n<li>Lavalle<\/li>\n<li>Tunuy\u00e1n<\/li>\n<li>Tupungato<\/li>\n<li>San Carlos<\/li>\n<li>San Rafael<\/li>\n<li>General Alvear<\/li>\n<li>Malarg\u00fce<\/li>\n<\/ol>\n<p><strong>Organizaci\u00f3n regional<\/strong><\/p>\n<p>Estos departamentos suelen agruparse en regiones geogr\u00e1ficas y econ\u00f3micas:<\/p>\n<ul>\n<li>Gran Mendoza: Capital, Godoy Cruz, Guaymall\u00e9n, Las Heras, Luj\u00e1n de Cuyo y Maip\u00fa.<\/li>\n<li>Zona Este: San Mart\u00edn, Jun\u00edn, Rivadavia, Santa Rosa y La Paz.<\/li>\n<li>Valle de Uco: Tunuy\u00e1n, Tupungato y San Carlos.<\/li>\n<li>Zona Sur: San Rafael, General Alvear y Malarg\u00fce.<\/li>\n<li>Zona Norte: Lavalle.<\/li>\n<\/ul>\n<p><strong>Capital provincial<\/strong><\/p>\n<p>La capital de la provincia es la Ciudad de Mendoza, centro pol\u00edtico, administrativo y cultural de Mendoza.<\/p>\n","protected":false},"excerpt":{"rendered":"<p>La Provincia de Mendoza se organiza pol\u00edticamente en 18 departamentos, que constituyen la principal divisi\u00f3n administrativa de la provincia. A diferencia de &#8230;<\/p>\n","protected":false},"author":1,"featured_media":19843,"template":"","categoria_ficha":[2193],"class_list":["post-19841","ficha","type-ficha","status-publish","has-post-thumbnail","hentry","categoria_ficha-mapas-de-la-provincia-de-mendoza"],"yoast_head":"<!-- This site is optimized with the Yoast SEO plugin v27.4 - https:\/\/yoast.com\/product\/yoast-seo-wordpress\/ -->\n<title>Mapa pol\u00edtico de la provincia de Mendoza - Galer\u00eda de mapas<\/title>\n<meta name=\"robots\" content=\"index, follow, max-snippet:-1, max-image-preview:large, max-video-preview:-1\" \/>\n<link rel=\"canonical\" href=\"https:\/\/stesa.com\/mapas\/doc\/mapa-politico-de-la-provincia-de-mendoza\/\" \/>\n<meta property=\"og:locale\" content=\"es_ES\" \/>\n<meta property=\"og:type\" content=\"article\" \/>\n<meta property=\"og:title\" content=\"Mapa pol\u00edtico de la provincia de Mendoza - Galer\u00eda de mapas\" \/>\n<meta property=\"og:description\" content=\"La Provincia de Mendoza se organiza pol\u00edticamente en 18 departamentos, que constituyen la principal divisi\u00f3n administrativa de la provincia. A diferencia de ...\" \/>\n<meta property=\"og:url\" content=\"https:\/\/stesa.com\/mapas\/doc\/mapa-politico-de-la-provincia-de-mendoza\/\" \/>\n<meta property=\"og:site_name\" content=\"Galer\u00eda de mapas\" \/>\n<meta property=\"og:image\" content=\"https:\/\/stesa.com\/mapas\/wp-content\/uploads\/19841\/Mapa-politico-de-la-provincia-de-Mendoza.jpg\" \/>\n\t<meta property=\"og:image:width\" content=\"2401\" \/>\n\t<meta property=\"og:image:height\" content=\"3481\" \/>\n\t<meta property=\"og:image:type\" content=\"image\/jpeg\" \/>\n<meta name=\"twitter:card\" content=\"summary_large_image\" \/>\n<meta name=\"twitter:label1\" content=\"Tiempo de lectura\" \/>\n\t<meta name=\"twitter:data1\" content=\"2 minutos\" \/>\n<script type=\"application\/ld+json\" class=\"yoast-schema-graph\">{\"@context\":\"https:\\\/\\\/schema.org\",\"@graph\":[{\"@type\":\"WebPage\",\"@id\":\"https:\\\/\\\/stesa.com\\\/mapas\\\/doc\\\/mapa-politico-de-la-provincia-de-mendoza\\\/\",\"url\":\"https:\\\/\\\/stesa.com\\\/mapas\\\/doc\\\/mapa-politico-de-la-provincia-de-mendoza\\\/\",\"name\":\"Mapa pol\u00edtico de la provincia de Mendoza - Galer\u00eda de mapas\",\"isPartOf\":{\"@id\":\"https:\\\/\\\/stesa.com\\\/mapas\\\/#website\"},\"primaryImageOfPage\":{\"@id\":\"https:\\\/\\\/stesa.com\\\/mapas\\\/doc\\\/mapa-politico-de-la-provincia-de-mendoza\\\/#primaryimage\"},\"image\":{\"@id\":\"https:\\\/\\\/stesa.com\\\/mapas\\\/doc\\\/mapa-politico-de-la-provincia-de-mendoza\\\/#primaryimage\"},\"thumbnailUrl\":\"https:\\\/\\\/stesa.com\\\/mapas\\\/wp-content\\\/uploads\\\/19841\\\/Mapa-politico-de-la-provincia-de-Mendoza.jpg\",\"datePublished\":\"2026-04-21T12:42:26+00:00\",\"breadcrumb\":{\"@id\":\"https:\\\/\\\/stesa.com\\\/mapas\\\/doc\\\/mapa-politico-de-la-provincia-de-mendoza\\\/#breadcrumb\"},\"inLanguage\":\"es\",\"potentialAction\":[{\"@type\":\"ReadAction\",\"target\":[\"https:\\\/\\\/stesa.com\\\/mapas\\\/doc\\\/mapa-politico-de-la-provincia-de-mendoza\\\/\"]}]},{\"@type\":\"ImageObject\",\"inLanguage\":\"es\",\"@id\":\"https:\\\/\\\/stesa.com\\\/mapas\\\/doc\\\/mapa-politico-de-la-provincia-de-mendoza\\\/#primaryimage\",\"url\":\"https:\\\/\\\/stesa.com\\\/mapas\\\/wp-content\\\/uploads\\\/19841\\\/Mapa-politico-de-la-provincia-de-Mendoza.jpg\",\"contentUrl\":\"https:\\\/\\\/stesa.com\\\/mapas\\\/wp-content\\\/uploads\\\/19841\\\/Mapa-politico-de-la-provincia-de-Mendoza.jpg\",\"width\":2401,\"height\":3481,\"caption\":\"Mapa pol\u00edtico de la provincia de Mendoza.\"},{\"@type\":\"BreadcrumbList\",\"@id\":\"https:\\\/\\\/stesa.com\\\/mapas\\\/doc\\\/mapa-politico-de-la-provincia-de-mendoza\\\/#breadcrumb\",\"itemListElement\":[{\"@type\":\"ListItem\",\"position\":1,\"name\":\"Portada\",\"item\":\"https:\\\/\\\/gifex.com\\\/mapas\\\/\"},{\"@type\":\"ListItem\",\"position\":2,\"name\":\"Mapa pol\u00edtico de la provincia de Mendoza\"}]},{\"@type\":\"WebSite\",\"@id\":\"https:\\\/\\\/stesa.com\\\/mapas\\\/#website\",\"url\":\"https:\\\/\\\/stesa.com\\\/mapas\\\/\",\"name\":\"Galer\u00eda de mapas\",\"description\":\"\",\"potentialAction\":[{\"@type\":\"SearchAction\",\"target\":{\"@type\":\"EntryPoint\",\"urlTemplate\":\"https:\\\/\\\/stesa.com\\\/mapas\\\/?s={search_term_string}\"},\"query-input\":{\"@type\":\"PropertyValueSpecification\",\"valueRequired\":true,\"valueName\":\"search_term_string\"}}],\"inLanguage\":\"es\"}]}<\/script>\n<!-- \/ Yoast SEO plugin. -->","yoast_head_json":{"title":"Mapa pol\u00edtico de la provincia de Mendoza - Galer\u00eda de mapas","robots":{"index":"index","follow":"follow","max-snippet":"max-snippet:-1","max-image-preview":"max-image-preview:large","max-video-preview":"max-video-preview:-1"},"canonical":"https:\/\/stesa.com\/mapas\/doc\/mapa-politico-de-la-provincia-de-mendoza\/","og_locale":"es_ES","og_type":"article","og_title":"Mapa pol\u00edtico de la provincia de Mendoza - Galer\u00eda de mapas","og_description":"La Provincia de Mendoza se organiza pol\u00edticamente en 18 departamentos, que constituyen la principal divisi\u00f3n administrativa de la provincia. A diferencia de ...","og_url":"https:\/\/stesa.com\/mapas\/doc\/mapa-politico-de-la-provincia-de-mendoza\/","og_site_name":"Galer\u00eda de mapas","og_image":[{"width":2401,"height":3481,"url":"https:\/\/stesa.com\/mapas\/wp-content\/uploads\/19841\/Mapa-politico-de-la-provincia-de-Mendoza.jpg","type":"image\/jpeg"}],"twitter_card":"summary_large_image","twitter_misc":{"Tiempo de lectura":"2 minutos"},"schema":{"@context":"https:\/\/schema.org","@graph":[{"@type":"WebPage","@id":"https:\/\/stesa.com\/mapas\/doc\/mapa-politico-de-la-provincia-de-mendoza\/","url":"https:\/\/stesa.com\/mapas\/doc\/mapa-politico-de-la-provincia-de-mendoza\/","name":"Mapa pol\u00edtico de la provincia de Mendoza - Galer\u00eda de mapas","isPartOf":{"@id":"https:\/\/stesa.com\/mapas\/#website"},"primaryImageOfPage":{"@id":"https:\/\/stesa.com\/mapas\/doc\/mapa-politico-de-la-provincia-de-mendoza\/#primaryimage"},"image":{"@id":"https:\/\/stesa.com\/mapas\/doc\/mapa-politico-de-la-provincia-de-mendoza\/#primaryimage"},"thumbnailUrl":"https:\/\/stesa.com\/mapas\/wp-content\/uploads\/19841\/Mapa-politico-de-la-provincia-de-Mendoza.jpg","datePublished":"2026-04-21T12:42:26+00:00","breadcrumb":{"@id":"https:\/\/stesa.com\/mapas\/doc\/mapa-politico-de-la-provincia-de-mendoza\/#breadcrumb"},"inLanguage":"es","potentialAction":[{"@type":"ReadAction","target":["https:\/\/stesa.com\/mapas\/doc\/mapa-politico-de-la-provincia-de-mendoza\/"]}]},{"@type":"ImageObject","inLanguage":"es","@id":"https:\/\/stesa.com\/mapas\/doc\/mapa-politico-de-la-provincia-de-mendoza\/#primaryimage","url":"https:\/\/stesa.com\/mapas\/wp-content\/uploads\/19841\/Mapa-politico-de-la-provincia-de-Mendoza.jpg","contentUrl":"https:\/\/stesa.com\/mapas\/wp-content\/uploads\/19841\/Mapa-politico-de-la-provincia-de-Mendoza.jpg","width":2401,"height":3481,"caption":"Mapa pol\u00edtico de la provincia de Mendoza."},{"@type":"BreadcrumbList","@id":"https:\/\/stesa.com\/mapas\/doc\/mapa-politico-de-la-provincia-de-mendoza\/#breadcrumb","itemListElement":[{"@type":"ListItem","position":1,"name":"Portada","item":"https:\/\/gifex.com\/mapas\/"},{"@type":"ListItem","position":2,"name":"Mapa pol\u00edtico de la provincia de Mendoza"}]},{"@type":"WebSite","@id":"https:\/\/stesa.com\/mapas\/#website","url":"https:\/\/stesa.com\/mapas\/","name":"Galer\u00eda de mapas","description":"","potentialAction":[{"@type":"SearchAction","target":{"@type":"EntryPoint","urlTemplate":"https:\/\/stesa.com\/mapas\/?s={search_term_string}"},"query-input":{"@type":"PropertyValueSpecification","valueRequired":true,"valueName":"search_term_string"}}],"inLanguage":"es"}]}},"_links":{"self":[{"href":"https:\/\/stesa.com\/mapas\/wp-json\/wp\/v2\/ficha\/19841","targetHints":{"allow":["GET"]}}],"collection":[{"href":"https:\/\/stesa.com\/mapas\/wp-json\/wp\/v2\/ficha"}],"about":[{"href":"https:\/\/stesa.com\/mapas\/wp-json\/wp\/v2\/types\/ficha"}],"author":[{"embeddable":true,"href":"https:\/\/stesa.com\/mapas\/wp-json\/wp\/v2\/users\/1"}],"version-history":[{"count":1,"href":"https:\/\/stesa.com\/mapas\/wp-json\/wp\/v2\/ficha\/19841\/revisions"}],"predecessor-version":[{"id":19847,"href":"https:\/\/stesa.com\/mapas\/wp-json\/wp\/v2\/ficha\/19841\/revisions\/19847"}],"wp:featuredmedia":[{"embeddable":true,"href":"https:\/\/stesa.com\/mapas\/wp-json\/wp\/v2\/media\/19843"}],"wp:attachment":[{"href":"https:\/\/stesa.com\/mapas\/wp-json\/wp\/v2\/media?parent=19841"}],"wp:term":[{"taxonomy":"categoria_ficha","embeddable":true,"href":"https:\/\/stesa.com\/mapas\/wp-json\/wp\/v2\/categoria_ficha?post=19841"}],"curies":[{"name":"wp","href":"https:\/\/api.w.org\/{rel}","templated":true}]}}

Mapa político de la provincia de Mendoza

<p style="text-align: center;"><label style="font-size: 15px;">Mapa político de la provincia de Mendoza <a href="https://stesa.com/mapas/wp-content/uploads/19841/Mapa-politico-de-la-provincia-de-Mendoza.pdf" target="_blank" rel="noopener">(formato PDF)</a>.</label></p>
<p><strong>División político-administrativa de la provincia de Mendoza</strong></p>
<p>La Provincia de Mendoza se organiza políticamente en 18 departamentos, que constituyen la principal división administrativa de la provincia. A diferencia de otras provincias argentinas, en Mendoza no existen municipios separados del departamento, sino que cada departamento tiene una municipalidad que administra su territorio.</p>
<figure id="attachment_19845" aria-describedby="caption-attachment-19845" style="width: 360px" class="wp-caption alignright"><a href="https://stesa.com/mapas/wp-content/uploads/19841/Division-politico-administrativa-de-la-provincia-de-Mendoza.jpg" target="_blank" rel="noopener"><img loading="lazy" decoding="async" class="wp-image-19845" title="División político-administrativa de la provincia de Mendoza." src="https://stesa.com/mapas/wp-content/uploads/19841/Division-politico-administrativa-de-la-provincia-de-Mendoza-213x300.jpg" alt="División político-administrativa de la provincia de Mendoza." width="360" height="508" srcset="https://stesa.com/mapas/wp-content/uploads/19841/Division-politico-administrativa-de-la-provincia-de-Mendoza-213x300.jpg 213w, https://stesa.com/mapas/wp-content/uploads/19841/Division-politico-administrativa-de-la-provincia-de-Mendoza-726x1024.jpg 726w, https://stesa.com/mapas/wp-content/uploads/19841/Division-politico-administrativa-de-la-provincia-de-Mendoza-768x1084.jpg 768w, https://stesa.com/mapas/wp-content/uploads/19841/Division-politico-administrativa-de-la-provincia-de-Mendoza-1088x1536.jpg 1088w, https://stesa.com/mapas/wp-content/uploads/19841/Division-politico-administrativa-de-la-provincia-de-Mendoza-300x423.jpg 300w, https://stesa.com/mapas/wp-content/uploads/19841/Division-politico-administrativa-de-la-provincia-de-Mendoza-1134x1600.jpg 1134w, https://stesa.com/mapas/wp-content/uploads/19841/Division-politico-administrativa-de-la-provincia-de-Mendoza.jpg 1250w" sizes="auto, (max-width: 360px) 100vw, 360px" /></a><figcaption id="caption-attachment-19845" class="wp-caption-text"><label style="font-size: 15px;">División político-administrativa de la provincia de Mendoza <a href="https://stesa.com/mapas/wp-content/uploads/19841/Division-politico-administrativa-de-la-provincia-de-Mendoza.pdf" target="_blank" rel="noopener">(formato PDF)</a>.</label></figcaption></figure>
<p><strong>Departamentos de Mendoza</strong></p>
<ol>
<li>Capital</li>
<li>Godoy Cruz</li>
<li>Guaymallén</li>
<li>Las Heras</li>
<li>Luján de Cuyo</li>
<li>Maipú</li>
<li>San Martín</li>
<li>Junín</li>
<li>Rivadavia</li>
<li>Santa Rosa</li>
<li>La Paz</li>
<li>Lavalle</li>
<li>Tunuyán</li>
<li>Tupungato</li>
<li>San Carlos</li>
<li>San Rafael</li>
<li>General Alvear</li>
<li>Malargüe</li>
</ol>
<p><strong>Organización regional</strong></p>
<p>Estos departamentos suelen agruparse en regiones geográficas y económicas:</p>
<ul>
<li>Gran Mendoza: Capital, Godoy Cruz, Guaymallén, Las Heras, Luján de Cuyo y Maipú.</li>
<li>Zona Este: San Martín, Junín, Rivadavia, Santa Rosa y La Paz.</li>
<li>Valle de Uco: Tunuyán, Tupungato y San Carlos.</li>
<li>Zona Sur: San Rafael, General Alvear y Malargüe.</li>
<li>Zona Norte: Lavalle.</li>
</ul>
<p><strong>Capital provincial</strong></p>
<p>La capital de la provincia es la Ciudad de Mendoza, centro político, administrativo y cultural de Mendoza.</p>

<p>La Provincia de Mendoza se organiza políticamente en 18 departamentos, que constituyen la principal división administrativa de la provincia. A diferencia de &#8230;</p>

<!-- This site is optimized with the Yoast SEO plugin v27.4 - https://yoast.com/product/yoast-seo-wordpress/ -->
<title>Mapa político de la provincia de Mendoza - Galería de mapas</title>
<meta name="robots" content="index, follow, max-snippet:-1, max-image-preview:large, max-video-preview:-1" />
<link rel="canonical" href="https://stesa.com/mapas/doc/mapa-politico-de-la-provincia-de-mendoza/" />
<meta property="og:locale" content="es_ES" />
<meta property="og:type" content="article" />
<meta property="og:title" content="Mapa político de la provincia de Mendoza - Galería de mapas" />
<meta property="og:description" content="La Provincia de Mendoza se organiza políticamente en 18 departamentos, que constituyen la principal división administrativa de la provincia. A diferencia de ..." />
<meta property="og:url" content="https://stesa.com/mapas/doc/mapa-politico-de-la-provincia-de-mendoza/" />
<meta property="og:site_name" content="Galería de mapas" />
<meta property="og:image" content="https://stesa.com/mapas/wp-content/uploads/19841/Mapa-politico-de-la-provincia-de-Mendoza.jpg" />
	<meta property="og:image:width" content="2401" />
	<meta property="og:image:height" content="3481" />
	<meta property="og:image:type" content="image/jpeg" />
<meta name="twitter:card" content="summary_large_image" />
<meta name="twitter:label1" content="Tiempo de lectura" />
	<meta name="twitter:data1" content="2 minutos" />
<script type="application/ld+json" class="yoast-schema-graph">{"@context":"https:\/\/schema.org","@graph":[{"@type":"WebPage","@id":"https:\/\/stesa.com\/mapas\/doc\/mapa-politico-de-la-provincia-de-mendoza\/","url":"https:\/\/stesa.com\/mapas\/doc\/mapa-politico-de-la-provincia-de-mendoza\/","name":"Mapa político de la provincia de Mendoza - Galería de mapas","isPartOf":{"@id":"https:\/\/stesa.com\/mapas\/#website"},"primaryImageOfPage":{"@id":"https:\/\/stesa.com\/mapas\/doc\/mapa-politico-de-la-provincia-de-mendoza\/#primaryimage"},"image":{"@id":"https:\/\/stesa.com\/mapas\/doc\/mapa-politico-de-la-provincia-de-mendoza\/#primaryimage"},"thumbnailUrl":"https:\/\/stesa.com\/mapas\/wp-content\/uploads\/19841\/Mapa-politico-de-la-provincia-de-Mendoza.jpg","datePublished":"2026-04-21T12:42:26+00:00","breadcrumb":{"@id":"https:\/\/stesa.com\/mapas\/doc\/mapa-politico-de-la-provincia-de-mendoza\/#breadcrumb"},"inLanguage":"es","potentialAction":[{"@type":"ReadAction","target":["https:\/\/stesa.com\/mapas\/doc\/mapa-politico-de-la-provincia-de-mendoza\/"]}]},{"@type":"ImageObject","inLanguage":"es","@id":"https:\/\/stesa.com\/mapas\/doc\/mapa-politico-de-la-provincia-de-mendoza\/#primaryimage","url":"https:\/\/stesa.com\/mapas\/wp-content\/uploads\/19841\/Mapa-politico-de-la-provincia-de-Mendoza.jpg","contentUrl":"https:\/\/stesa.com\/mapas\/wp-content\/uploads\/19841\/Mapa-politico-de-la-provincia-de-Mendoza.jpg","width":2401,"height":3481,"caption":"Mapa político de la provincia de Mendoza."},{"@type":"BreadcrumbList","@id":"https:\/\/stesa.com\/mapas\/doc\/mapa-politico-de-la-provincia-de-mendoza\/#breadcrumb","itemListElement":[{"@type":"ListItem","position":1,"name":"Portada","item":"https:\/\/gifex.com\/mapas\/"},{"@type":"ListItem","position":2,"name":"Mapa político de la provincia de Mendoza"}]},{"@type":"WebSite","@id":"https:\/\/stesa.com\/mapas\/#website","url":"https:\/\/stesa.com\/mapas\/","name":"Galería de mapas","description":"","potentialAction":[{"@type":"SearchAction","target":{"@type":"EntryPoint","urlTemplate":"https:\/\/stesa.com\/mapas\/?s={search_term_string}"},"query-input":{"@type":"PropertyValueSpecification","valueRequired":true,"valueName":"search_term_string"}}],"inLanguage":"es"}]}</script>
<!-- / Yoast SEO plugin. -->

Mapa político de la provincia de Mendoza - Galería de mapas

La Provincia de Mendoza se organiza políticamente en 18 departamentos, que constituyen la principal división administrativa de la provincia. A diferencia de ...

Galería de mapas

Mapa político de la provincia de Mendoza.
