{"id":19829,"date":"2026-04-21T00:38:27","date_gmt":"2026-04-21T00:38:27","guid":{"rendered":"https:\/\/stesa.com\/mapas\/?post_type=ficha&#038;p=19829"},"modified":"2026-04-21T00:38:27","modified_gmt":"2026-04-21T00:38:27","slug":"escudo-de-la-provincia-de-mendoza","status":"publish","type":"ficha","link":"https:\/\/stesa.com\/mapas\/doc\/escudo-de-la-provincia-de-mendoza\/","title":{"rendered":"Escudo de la provincia de Mendoza"},"content":{"rendered":"<p>El <strong>escudo de la provincia de Mendoza<\/strong> es el s\u00edmbolo her\u00e1ldico oficial que representa a esta provincia argentina. Fue adoptado oficialmente mediante la Ley 1450 del 25 de octubre de 1941, y su dise\u00f1o es muy similar al escudo nacional, incorporando elementos propios que reflejan la riqueza natural y el esp\u00edritu de la regi\u00f3n.<\/p>\n<p><strong>Significado de sus componentes<\/strong><\/p>\n<p>Cada elemento del escudo tiene un valor simb\u00f3lico espec\u00edfico relacionado con la identidad mendocina y argentina:<\/p>\n<ul>\n<li><strong>Campos azul y blanco<\/strong>: Representan el cielo sin nubes y la pureza de las nieves de las monta\u00f1as de los Andes.<\/li>\n<li><strong>Manos entrelazadas<\/strong>: Simbolizan la uni\u00f3n fraternal de los pueblos de las Provincias Unidas del R\u00edo de la Plata.<\/li>\n<li><strong>Pica y Gorro Frigio<\/strong>: La pica representa el trabajo y la autoridad para sostener la libertad, mientras que el gorro frigio es el emblema universal de la libertad y la igualdad.<\/li>\n<li><strong>Cornucopias (Cuernos de la abundancia)<\/strong>: Es el rasgo distintivo del escudo mendocino. Est\u00e1n llenas de uvas y claveles, representando la fecundidad de la tierra y la producci\u00f3n vitivin\u00edcola de la provincia.<\/li>\n<li><strong>Sol Naciente<\/strong>: Representa el surgimiento de una nueva naci\u00f3n y la unidad de los departamentos de la provincia.<\/li>\n<li><strong>Laureles y Cinta<\/strong>: Los laureles simbolizan la victoria y la gloria alcanzada, mientras que la cinta inferior alude a la nacionalidad argentina.<\/li>\n<\/ul>\n<p>El 30 de octubre se celebra en la provincia el D\u00eda del Escudo de Mendoza, en conmemoraci\u00f3n a su herencia y tradici\u00f3n.<\/p>\n","protected":false},"excerpt":{"rendered":"<p>El escudo de la provincia de Mendoza es el s\u00edmbolo her\u00e1ldico oficial que representa a esta provincia argentina. Fue adoptado oficialmente mediante la Ley &#8230;<\/p>\n","protected":false},"author":1,"featured_media":19830,"template":"","categoria_ficha":[2193],"class_list":["post-19829","ficha","type-ficha","status-publish","has-post-thumbnail","hentry","categoria_ficha-mapas-de-la-provincia-de-mendoza"],"yoast_head":"<!-- This site is optimized with the Yoast SEO plugin v27.4 - https:\/\/yoast.com\/product\/yoast-seo-wordpress\/ -->\n<title>Escudo de la provincia de Mendoza - Galer\u00eda de mapas<\/title>\n<meta name=\"robots\" content=\"index, follow, max-snippet:-1, max-image-preview:large, max-video-preview:-1\" \/>\n<link rel=\"canonical\" href=\"https:\/\/stesa.com\/mapas\/doc\/escudo-de-la-provincia-de-mendoza\/\" \/>\n<meta property=\"og:locale\" content=\"es_ES\" \/>\n<meta property=\"og:type\" content=\"article\" \/>\n<meta property=\"og:title\" content=\"Escudo de la provincia de Mendoza - Galer\u00eda de mapas\" \/>\n<meta property=\"og:description\" content=\"El escudo de la provincia de Mendoza es el s\u00edmbolo her\u00e1ldico oficial que representa a esta provincia argentina. Fue adoptado oficialmente mediante la Ley ...\" \/>\n<meta property=\"og:url\" content=\"https:\/\/stesa.com\/mapas\/doc\/escudo-de-la-provincia-de-mendoza\/\" \/>\n<meta property=\"og:site_name\" content=\"Galer\u00eda de mapas\" \/>\n<meta property=\"og:image\" content=\"https:\/\/stesa.com\/mapas\/wp-content\/uploads\/19829\/Escudo-de-la-provincia-de-Mendoza.png\" \/>\n\t<meta property=\"og:image:width\" content=\"1920\" \/>\n\t<meta property=\"og:image:height\" content=\"2759\" \/>\n\t<meta property=\"og:image:type\" content=\"image\/png\" \/>\n<meta name=\"twitter:card\" content=\"summary_large_image\" \/>\n<meta name=\"twitter:label1\" content=\"Tiempo de lectura\" \/>\n\t<meta name=\"twitter:data1\" content=\"2 minutos\" \/>\n<script type=\"application\/ld+json\" class=\"yoast-schema-graph\">{\"@context\":\"https:\\\/\\\/schema.org\",\"@graph\":[{\"@type\":\"WebPage\",\"@id\":\"https:\\\/\\\/stesa.com\\\/mapas\\\/doc\\\/escudo-de-la-provincia-de-mendoza\\\/\",\"url\":\"https:\\\/\\\/stesa.com\\\/mapas\\\/doc\\\/escudo-de-la-provincia-de-mendoza\\\/\",\"name\":\"Escudo de la provincia de Mendoza - Galer\u00eda de mapas\",\"isPartOf\":{\"@id\":\"https:\\\/\\\/stesa.com\\\/mapas\\\/#website\"},\"primaryImageOfPage\":{\"@id\":\"https:\\\/\\\/stesa.com\\\/mapas\\\/doc\\\/escudo-de-la-provincia-de-mendoza\\\/#primaryimage\"},\"image\":{\"@id\":\"https:\\\/\\\/stesa.com\\\/mapas\\\/doc\\\/escudo-de-la-provincia-de-mendoza\\\/#primaryimage\"},\"thumbnailUrl\":\"https:\\\/\\\/stesa.com\\\/mapas\\\/wp-content\\\/uploads\\\/19829\\\/Escudo-de-la-provincia-de-Mendoza.png\",\"datePublished\":\"2026-04-21T00:38:27+00:00\",\"breadcrumb\":{\"@id\":\"https:\\\/\\\/stesa.com\\\/mapas\\\/doc\\\/escudo-de-la-provincia-de-mendoza\\\/#breadcrumb\"},\"inLanguage\":\"es\",\"potentialAction\":[{\"@type\":\"ReadAction\",\"target\":[\"https:\\\/\\\/stesa.com\\\/mapas\\\/doc\\\/escudo-de-la-provincia-de-mendoza\\\/\"]}]},{\"@type\":\"ImageObject\",\"inLanguage\":\"es\",\"@id\":\"https:\\\/\\\/stesa.com\\\/mapas\\\/doc\\\/escudo-de-la-provincia-de-mendoza\\\/#primaryimage\",\"url\":\"https:\\\/\\\/stesa.com\\\/mapas\\\/wp-content\\\/uploads\\\/19829\\\/Escudo-de-la-provincia-de-Mendoza.png\",\"contentUrl\":\"https:\\\/\\\/stesa.com\\\/mapas\\\/wp-content\\\/uploads\\\/19829\\\/Escudo-de-la-provincia-de-Mendoza.png\",\"width\":1920,\"height\":2759,\"caption\":\"Escudo de la provincia de Mendoza.\"},{\"@type\":\"BreadcrumbList\",\"@id\":\"https:\\\/\\\/stesa.com\\\/mapas\\\/doc\\\/escudo-de-la-provincia-de-mendoza\\\/#breadcrumb\",\"itemListElement\":[{\"@type\":\"ListItem\",\"position\":1,\"name\":\"Portada\",\"item\":\"https:\\\/\\\/gifex.com\\\/mapas\\\/\"},{\"@type\":\"ListItem\",\"position\":2,\"name\":\"Escudo de la provincia de Mendoza\"}]},{\"@type\":\"WebSite\",\"@id\":\"https:\\\/\\\/stesa.com\\\/mapas\\\/#website\",\"url\":\"https:\\\/\\\/stesa.com\\\/mapas\\\/\",\"name\":\"Galer\u00eda de mapas\",\"description\":\"\",\"potentialAction\":[{\"@type\":\"SearchAction\",\"target\":{\"@type\":\"EntryPoint\",\"urlTemplate\":\"https:\\\/\\\/stesa.com\\\/mapas\\\/?s={search_term_string}\"},\"query-input\":{\"@type\":\"PropertyValueSpecification\",\"valueRequired\":true,\"valueName\":\"search_term_string\"}}],\"inLanguage\":\"es\"}]}<\/script>\n<!-- \/ Yoast SEO plugin. -->","yoast_head_json":{"title":"Escudo de la provincia de Mendoza - Galer\u00eda de mapas","robots":{"index":"index","follow":"follow","max-snippet":"max-snippet:-1","max-image-preview":"max-image-preview:large","max-video-preview":"max-video-preview:-1"},"canonical":"https:\/\/stesa.com\/mapas\/doc\/escudo-de-la-provincia-de-mendoza\/","og_locale":"es_ES","og_type":"article","og_title":"Escudo de la provincia de Mendoza - Galer\u00eda de mapas","og_description":"El escudo de la provincia de Mendoza es el s\u00edmbolo her\u00e1ldico oficial que representa a esta provincia argentina. Fue adoptado oficialmente mediante la Ley ...","og_url":"https:\/\/stesa.com\/mapas\/doc\/escudo-de-la-provincia-de-mendoza\/","og_site_name":"Galer\u00eda de mapas","og_image":[{"width":1920,"height":2759,"url":"https:\/\/stesa.com\/mapas\/wp-content\/uploads\/19829\/Escudo-de-la-provincia-de-Mendoza.png","type":"image\/png"}],"twitter_card":"summary_large_image","twitter_misc":{"Tiempo de lectura":"2 minutos"},"schema":{"@context":"https:\/\/schema.org","@graph":[{"@type":"WebPage","@id":"https:\/\/stesa.com\/mapas\/doc\/escudo-de-la-provincia-de-mendoza\/","url":"https:\/\/stesa.com\/mapas\/doc\/escudo-de-la-provincia-de-mendoza\/","name":"Escudo de la provincia de Mendoza - Galer\u00eda de mapas","isPartOf":{"@id":"https:\/\/stesa.com\/mapas\/#website"},"primaryImageOfPage":{"@id":"https:\/\/stesa.com\/mapas\/doc\/escudo-de-la-provincia-de-mendoza\/#primaryimage"},"image":{"@id":"https:\/\/stesa.com\/mapas\/doc\/escudo-de-la-provincia-de-mendoza\/#primaryimage"},"thumbnailUrl":"https:\/\/stesa.com\/mapas\/wp-content\/uploads\/19829\/Escudo-de-la-provincia-de-Mendoza.png","datePublished":"2026-04-21T00:38:27+00:00","breadcrumb":{"@id":"https:\/\/stesa.com\/mapas\/doc\/escudo-de-la-provincia-de-mendoza\/#breadcrumb"},"inLanguage":"es","potentialAction":[{"@type":"ReadAction","target":["https:\/\/stesa.com\/mapas\/doc\/escudo-de-la-provincia-de-mendoza\/"]}]},{"@type":"ImageObject","inLanguage":"es","@id":"https:\/\/stesa.com\/mapas\/doc\/escudo-de-la-provincia-de-mendoza\/#primaryimage","url":"https:\/\/stesa.com\/mapas\/wp-content\/uploads\/19829\/Escudo-de-la-provincia-de-Mendoza.png","contentUrl":"https:\/\/stesa.com\/mapas\/wp-content\/uploads\/19829\/Escudo-de-la-provincia-de-Mendoza.png","width":1920,"height":2759,"caption":"Escudo de la provincia de Mendoza."},{"@type":"BreadcrumbList","@id":"https:\/\/stesa.com\/mapas\/doc\/escudo-de-la-provincia-de-mendoza\/#breadcrumb","itemListElement":[{"@type":"ListItem","position":1,"name":"Portada","item":"https:\/\/gifex.com\/mapas\/"},{"@type":"ListItem","position":2,"name":"Escudo de la provincia de Mendoza"}]},{"@type":"WebSite","@id":"https:\/\/stesa.com\/mapas\/#website","url":"https:\/\/stesa.com\/mapas\/","name":"Galer\u00eda de mapas","description":"","potentialAction":[{"@type":"SearchAction","target":{"@type":"EntryPoint","urlTemplate":"https:\/\/stesa.com\/mapas\/?s={search_term_string}"},"query-input":{"@type":"PropertyValueSpecification","valueRequired":true,"valueName":"search_term_string"}}],"inLanguage":"es"}]}},"_links":{"self":[{"href":"https:\/\/stesa.com\/mapas\/wp-json\/wp\/v2\/ficha\/19829","targetHints":{"allow":["GET"]}}],"collection":[{"href":"https:\/\/stesa.com\/mapas\/wp-json\/wp\/v2\/ficha"}],"about":[{"href":"https:\/\/stesa.com\/mapas\/wp-json\/wp\/v2\/types\/ficha"}],"author":[{"embeddable":true,"href":"https:\/\/stesa.com\/mapas\/wp-json\/wp\/v2\/users\/1"}],"version-history":[{"count":1,"href":"https:\/\/stesa.com\/mapas\/wp-json\/wp\/v2\/ficha\/19829\/revisions"}],"predecessor-version":[{"id":19831,"href":"https:\/\/stesa.com\/mapas\/wp-json\/wp\/v2\/ficha\/19829\/revisions\/19831"}],"wp:featuredmedia":[{"embeddable":true,"href":"https:\/\/stesa.com\/mapas\/wp-json\/wp\/v2\/media\/19830"}],"wp:attachment":[{"href":"https:\/\/stesa.com\/mapas\/wp-json\/wp\/v2\/media?parent=19829"}],"wp:term":[{"taxonomy":"categoria_ficha","embeddable":true,"href":"https:\/\/stesa.com\/mapas\/wp-json\/wp\/v2\/categoria_ficha?post=19829"}],"curies":[{"name":"wp","href":"https:\/\/api.w.org\/{rel}","templated":true}]}}

<p>El <strong>escudo de la provincia de Mendoza</strong> es el símbolo heráldico oficial que representa a esta provincia argentina. Fue adoptado oficialmente mediante la Ley 1450 del 25 de octubre de 1941, y su diseño es muy similar al escudo nacional, incorporando elementos propios que reflejan la riqueza natural y el espíritu de la región.</p>
<p><strong>Significado de sus componentes</strong></p>
<p>Cada elemento del escudo tiene un valor simbólico específico relacionado con la identidad mendocina y argentina:</p>
<ul>
<li><strong>Campos azul y blanco</strong>: Representan el cielo sin nubes y la pureza de las nieves de las montañas de los Andes.</li>
<li><strong>Manos entrelazadas</strong>: Simbolizan la unión fraternal de los pueblos de las Provincias Unidas del Río de la Plata.</li>
<li><strong>Pica y Gorro Frigio</strong>: La pica representa el trabajo y la autoridad para sostener la libertad, mientras que el gorro frigio es el emblema universal de la libertad y la igualdad.</li>
<li><strong>Cornucopias (Cuernos de la abundancia)</strong>: Es el rasgo distintivo del escudo mendocino. Están llenas de uvas y claveles, representando la fecundidad de la tierra y la producción vitivinícola de la provincia.</li>
<li><strong>Sol Naciente</strong>: Representa el surgimiento de una nueva nación y la unidad de los departamentos de la provincia.</li>
<li><strong>Laureles y Cinta</strong>: Los laureles simbolizan la victoria y la gloria alcanzada, mientras que la cinta inferior alude a la nacionalidad argentina.</li>
</ul>
<p>El 30 de octubre se celebra en la provincia el Día del Escudo de Mendoza, en conmemoración a su herencia y tradición.</p>

<p>El escudo de la provincia de Mendoza es el símbolo heráldico oficial que representa a esta provincia argentina. Fue adoptado oficialmente mediante la Ley &#8230;</p>

<!-- This site is optimized with the Yoast SEO plugin v27.4 - https://yoast.com/product/yoast-seo-wordpress/ -->
<title>Escudo de la provincia de Mendoza - Galería de mapas</title>
<meta name="robots" content="index, follow, max-snippet:-1, max-image-preview:large, max-video-preview:-1" />
<link rel="canonical" href="https://stesa.com/mapas/doc/escudo-de-la-provincia-de-mendoza/" />
<meta property="og:locale" content="es_ES" />
<meta property="og:type" content="article" />
<meta property="og:title" content="Escudo de la provincia de Mendoza - Galería de mapas" />
<meta property="og:description" content="El escudo de la provincia de Mendoza es el símbolo heráldico oficial que representa a esta provincia argentina. Fue adoptado oficialmente mediante la Ley ..." />
<meta property="og:url" content="https://stesa.com/mapas/doc/escudo-de-la-provincia-de-mendoza/" />
<meta property="og:site_name" content="Galería de mapas" />
<meta property="og:image" content="https://stesa.com/mapas/wp-content/uploads/19829/Escudo-de-la-provincia-de-Mendoza.png" />
	<meta property="og:image:width" content="1920" />
	<meta property="og:image:height" content="2759" />
	<meta property="og:image:type" content="image/png" />
<meta name="twitter:card" content="summary_large_image" />
<meta name="twitter:label1" content="Tiempo de lectura" />
	<meta name="twitter:data1" content="2 minutos" />
<script type="application/ld+json" class="yoast-schema-graph">{"@context":"https:\/\/schema.org","@graph":[{"@type":"WebPage","@id":"https:\/\/stesa.com\/mapas\/doc\/escudo-de-la-provincia-de-mendoza\/","url":"https:\/\/stesa.com\/mapas\/doc\/escudo-de-la-provincia-de-mendoza\/","name":"Escudo de la provincia de Mendoza - Galería de mapas","isPartOf":{"@id":"https:\/\/stesa.com\/mapas\/#website"},"primaryImageOfPage":{"@id":"https:\/\/stesa.com\/mapas\/doc\/escudo-de-la-provincia-de-mendoza\/#primaryimage"},"image":{"@id":"https:\/\/stesa.com\/mapas\/doc\/escudo-de-la-provincia-de-mendoza\/#primaryimage"},"thumbnailUrl":"https:\/\/stesa.com\/mapas\/wp-content\/uploads\/19829\/Escudo-de-la-provincia-de-Mendoza.png","datePublished":"2026-04-21T00:38:27+00:00","breadcrumb":{"@id":"https:\/\/stesa.com\/mapas\/doc\/escudo-de-la-provincia-de-mendoza\/#breadcrumb"},"inLanguage":"es","potentialAction":[{"@type":"ReadAction","target":["https:\/\/stesa.com\/mapas\/doc\/escudo-de-la-provincia-de-mendoza\/"]}]},{"@type":"ImageObject","inLanguage":"es","@id":"https:\/\/stesa.com\/mapas\/doc\/escudo-de-la-provincia-de-mendoza\/#primaryimage","url":"https:\/\/stesa.com\/mapas\/wp-content\/uploads\/19829\/Escudo-de-la-provincia-de-Mendoza.png","contentUrl":"https:\/\/stesa.com\/mapas\/wp-content\/uploads\/19829\/Escudo-de-la-provincia-de-Mendoza.png","width":1920,"height":2759,"caption":"Escudo de la provincia de Mendoza."},{"@type":"BreadcrumbList","@id":"https:\/\/stesa.com\/mapas\/doc\/escudo-de-la-provincia-de-mendoza\/#breadcrumb","itemListElement":[{"@type":"ListItem","position":1,"name":"Portada","item":"https:\/\/gifex.com\/mapas\/"},{"@type":"ListItem","position":2,"name":"Escudo de la provincia de Mendoza"}]},{"@type":"WebSite","@id":"https:\/\/stesa.com\/mapas\/#website","url":"https:\/\/stesa.com\/mapas\/","name":"Galería de mapas","description":"","potentialAction":[{"@type":"SearchAction","target":{"@type":"EntryPoint","urlTemplate":"https:\/\/stesa.com\/mapas\/?s={search_term_string}"},"query-input":{"@type":"PropertyValueSpecification","valueRequired":true,"valueName":"search_term_string"}}],"inLanguage":"es"}]}</script>
<!-- / Yoast SEO plugin. -->

Escudo de la provincia de Mendoza - Galería de mapas

El escudo de la provincia de Mendoza es el símbolo heráldico oficial que representa a esta provincia argentina. Fue adoptado oficialmente mediante la Ley ...

Galería de mapas
