{"id":19775,"date":"2026-04-20T18:38:06","date_gmt":"2026-04-20T18:38:06","guid":{"rendered":"https:\/\/stesa.com\/mapas\/?post_type=ficha&#038;p=19775"},"modified":"2026-04-20T18:38:06","modified_gmt":"2026-04-20T18:38:06","slug":"escudo-de-la-provincia-de-la-pampa-argentina","status":"publish","type":"ficha","link":"https:\/\/stesa.com\/mapas\/doc\/escudo-de-la-provincia-de-la-pampa-argentina\/","title":{"rendered":"Escudo de la provincia de La Rioja (Argentina)"},"content":{"rendered":"<p>El <strong>escudo de la provincia de La Rioja<\/strong> es un s\u00edmbolo ovalado que evoca al Escudo Nacional Argentino. Fue oficializado el 5 de julio de 1926 mediante la Ley N\u00ba 421.<\/p>\n<p><strong>Simbolog\u00eda y Elementos<\/strong><\/p>\n<p>Cada componente del escudo representa aspectos fundamentales de la identidad y geograf\u00eda riojana:<\/p>\n<ul>\n<li><strong>Cerro General Belgrano (Nevado de Famatina)<\/strong>: Es el motivo principal en el centro del campo, representado como una monta\u00f1a gris oscuro que simboliza la geograf\u00eda imperante y la riqueza de la regi\u00f3n.<\/li>\n<li><strong>Sol Naciente<\/strong>: Ubicado en la parte superior (timbre), simboliza la libertad y el nacimiento de la nueva provincia.<\/li>\n<li><strong>Ramas de Olivo<\/strong>: Dos ramas verdes rodean el \u00f3valo, representando la paz. Seg\u00fan algunas interpretaciones, portan diecisiete o dieciocho flores que simbolizan los departamentos de la provincia.<\/li>\n<li><strong>Cinta Celeste y Blanca<\/strong>: Une las ramas de olivo en la parte inferior, aludiendo a las tradiciones emancipadoras y los colores nacionales.<\/li>\n<li><strong>Campo Azul<\/strong>: El fondo del escudo representa un cielo sin nubes, s\u00edmbolo de paz y tranquilidad.<\/li>\n<\/ul>\n<p><strong>Historia<\/strong><\/p>\n<p>Aunque fue creado originalmente en 1892, su uso no se estandariz\u00f3 hasta d\u00e9cadas despu\u00e9s. Fue el gobernador Benjam\u00edn Rinc\u00f3n quien envi\u00f3 el dise\u00f1o oficial para una publicaci\u00f3n nacional, logrando su posterior ratificaci\u00f3n legislativa en 1926.<\/p>\n","protected":false},"excerpt":{"rendered":"<p>El escudo de la provincia de La Rioja es un s\u00edmbolo ovalado que evoca al Escudo Nacional Argentino. Fue oficializado el 5 de julio de 1926 mediante la Ley &#8230;<\/p>\n","protected":false},"author":1,"featured_media":19776,"template":"","categoria_ficha":[2192],"class_list":["post-19775","ficha","type-ficha","status-publish","has-post-thumbnail","hentry","categoria_ficha-mapas-de-la-provincia-de-la-rioja-argentina"],"yoast_head":"<!-- This site is optimized with the Yoast SEO plugin v27.4 - https:\/\/yoast.com\/product\/yoast-seo-wordpress\/ -->\n<title>Escudo de la provincia de La Rioja (Argentina) - Galer\u00eda de mapas<\/title>\n<meta name=\"robots\" content=\"index, follow, max-snippet:-1, max-image-preview:large, max-video-preview:-1\" \/>\n<link rel=\"canonical\" href=\"https:\/\/stesa.com\/mapas\/doc\/escudo-de-la-provincia-de-la-pampa-argentina\/\" \/>\n<meta property=\"og:locale\" content=\"es_ES\" \/>\n<meta property=\"og:type\" content=\"article\" \/>\n<meta property=\"og:title\" content=\"Escudo de la provincia de La Rioja (Argentina) - Galer\u00eda de mapas\" \/>\n<meta property=\"og:description\" content=\"El escudo de la provincia de La Rioja es un s\u00edmbolo ovalado que evoca al Escudo Nacional Argentino. Fue oficializado el 5 de julio de 1926 mediante la Ley ...\" \/>\n<meta property=\"og:url\" content=\"https:\/\/stesa.com\/mapas\/doc\/escudo-de-la-provincia-de-la-pampa-argentina\/\" \/>\n<meta property=\"og:site_name\" content=\"Galer\u00eda de mapas\" \/>\n<meta property=\"og:image\" content=\"https:\/\/stesa.com\/mapas\/wp-content\/uploads\/19775\/Escudo-de-la-provincia-de-La-Rioja-Argentina-740x1024.png\" \/>\n\t<meta property=\"og:image:width\" content=\"740\" \/>\n\t<meta property=\"og:image:height\" content=\"1024\" \/>\n\t<meta property=\"og:image:type\" content=\"image\/png\" \/>\n<meta name=\"twitter:card\" content=\"summary_large_image\" \/>\n<meta name=\"twitter:label1\" content=\"Tiempo de lectura\" \/>\n\t<meta name=\"twitter:data1\" content=\"2 minutos\" \/>\n<script type=\"application\/ld+json\" class=\"yoast-schema-graph\">{\"@context\":\"https:\\\/\\\/schema.org\",\"@graph\":[{\"@type\":\"WebPage\",\"@id\":\"https:\\\/\\\/stesa.com\\\/mapas\\\/doc\\\/escudo-de-la-provincia-de-la-pampa-argentina\\\/\",\"url\":\"https:\\\/\\\/stesa.com\\\/mapas\\\/doc\\\/escudo-de-la-provincia-de-la-pampa-argentina\\\/\",\"name\":\"Escudo de la provincia de La Rioja (Argentina) - Galer\u00eda de mapas\",\"isPartOf\":{\"@id\":\"https:\\\/\\\/stesa.com\\\/mapas\\\/#website\"},\"primaryImageOfPage\":{\"@id\":\"https:\\\/\\\/stesa.com\\\/mapas\\\/doc\\\/escudo-de-la-provincia-de-la-pampa-argentina\\\/#primaryimage\"},\"image\":{\"@id\":\"https:\\\/\\\/stesa.com\\\/mapas\\\/doc\\\/escudo-de-la-provincia-de-la-pampa-argentina\\\/#primaryimage\"},\"thumbnailUrl\":\"https:\\\/\\\/stesa.com\\\/mapas\\\/wp-content\\\/uploads\\\/19775\\\/Escudo-de-la-provincia-de-La-Rioja-Argentina.png\",\"datePublished\":\"2026-04-20T18:38:06+00:00\",\"breadcrumb\":{\"@id\":\"https:\\\/\\\/stesa.com\\\/mapas\\\/doc\\\/escudo-de-la-provincia-de-la-pampa-argentina\\\/#breadcrumb\"},\"inLanguage\":\"es\",\"potentialAction\":[{\"@type\":\"ReadAction\",\"target\":[\"https:\\\/\\\/stesa.com\\\/mapas\\\/doc\\\/escudo-de-la-provincia-de-la-pampa-argentina\\\/\"]}]},{\"@type\":\"ImageObject\",\"inLanguage\":\"es\",\"@id\":\"https:\\\/\\\/stesa.com\\\/mapas\\\/doc\\\/escudo-de-la-provincia-de-la-pampa-argentina\\\/#primaryimage\",\"url\":\"https:\\\/\\\/stesa.com\\\/mapas\\\/wp-content\\\/uploads\\\/19775\\\/Escudo-de-la-provincia-de-La-Rioja-Argentina.png\",\"contentUrl\":\"https:\\\/\\\/stesa.com\\\/mapas\\\/wp-content\\\/uploads\\\/19775\\\/Escudo-de-la-provincia-de-La-Rioja-Argentina.png\",\"width\":1578,\"height\":2183,\"caption\":\"Escudo de la provincia de La Rioja (Argentina).\"},{\"@type\":\"BreadcrumbList\",\"@id\":\"https:\\\/\\\/stesa.com\\\/mapas\\\/doc\\\/escudo-de-la-provincia-de-la-pampa-argentina\\\/#breadcrumb\",\"itemListElement\":[{\"@type\":\"ListItem\",\"position\":1,\"name\":\"Portada\",\"item\":\"https:\\\/\\\/gifex.com\\\/mapas\\\/\"},{\"@type\":\"ListItem\",\"position\":2,\"name\":\"Escudo de la provincia de La Rioja (Argentina)\"}]},{\"@type\":\"WebSite\",\"@id\":\"https:\\\/\\\/stesa.com\\\/mapas\\\/#website\",\"url\":\"https:\\\/\\\/stesa.com\\\/mapas\\\/\",\"name\":\"Galer\u00eda de mapas\",\"description\":\"\",\"potentialAction\":[{\"@type\":\"SearchAction\",\"target\":{\"@type\":\"EntryPoint\",\"urlTemplate\":\"https:\\\/\\\/stesa.com\\\/mapas\\\/?s={search_term_string}\"},\"query-input\":{\"@type\":\"PropertyValueSpecification\",\"valueRequired\":true,\"valueName\":\"search_term_string\"}}],\"inLanguage\":\"es\"}]}<\/script>\n<!-- \/ Yoast SEO plugin. -->","yoast_head_json":{"title":"Escudo de la provincia de La Rioja (Argentina) - Galer\u00eda de mapas","robots":{"index":"index","follow":"follow","max-snippet":"max-snippet:-1","max-image-preview":"max-image-preview:large","max-video-preview":"max-video-preview:-1"},"canonical":"https:\/\/stesa.com\/mapas\/doc\/escudo-de-la-provincia-de-la-pampa-argentina\/","og_locale":"es_ES","og_type":"article","og_title":"Escudo de la provincia de La Rioja (Argentina) - Galer\u00eda de mapas","og_description":"El escudo de la provincia de La Rioja es un s\u00edmbolo ovalado que evoca al Escudo Nacional Argentino. Fue oficializado el 5 de julio de 1926 mediante la Ley ...","og_url":"https:\/\/stesa.com\/mapas\/doc\/escudo-de-la-provincia-de-la-pampa-argentina\/","og_site_name":"Galer\u00eda de mapas","og_image":[{"width":740,"height":1024,"url":"https:\/\/stesa.com\/mapas\/wp-content\/uploads\/19775\/Escudo-de-la-provincia-de-La-Rioja-Argentina-740x1024.png","type":"image\/png"}],"twitter_card":"summary_large_image","twitter_misc":{"Tiempo de lectura":"2 minutos"},"schema":{"@context":"https:\/\/schema.org","@graph":[{"@type":"WebPage","@id":"https:\/\/stesa.com\/mapas\/doc\/escudo-de-la-provincia-de-la-pampa-argentina\/","url":"https:\/\/stesa.com\/mapas\/doc\/escudo-de-la-provincia-de-la-pampa-argentina\/","name":"Escudo de la provincia de La Rioja (Argentina) - Galer\u00eda de mapas","isPartOf":{"@id":"https:\/\/stesa.com\/mapas\/#website"},"primaryImageOfPage":{"@id":"https:\/\/stesa.com\/mapas\/doc\/escudo-de-la-provincia-de-la-pampa-argentina\/#primaryimage"},"image":{"@id":"https:\/\/stesa.com\/mapas\/doc\/escudo-de-la-provincia-de-la-pampa-argentina\/#primaryimage"},"thumbnailUrl":"https:\/\/stesa.com\/mapas\/wp-content\/uploads\/19775\/Escudo-de-la-provincia-de-La-Rioja-Argentina.png","datePublished":"2026-04-20T18:38:06+00:00","breadcrumb":{"@id":"https:\/\/stesa.com\/mapas\/doc\/escudo-de-la-provincia-de-la-pampa-argentina\/#breadcrumb"},"inLanguage":"es","potentialAction":[{"@type":"ReadAction","target":["https:\/\/stesa.com\/mapas\/doc\/escudo-de-la-provincia-de-la-pampa-argentina\/"]}]},{"@type":"ImageObject","inLanguage":"es","@id":"https:\/\/stesa.com\/mapas\/doc\/escudo-de-la-provincia-de-la-pampa-argentina\/#primaryimage","url":"https:\/\/stesa.com\/mapas\/wp-content\/uploads\/19775\/Escudo-de-la-provincia-de-La-Rioja-Argentina.png","contentUrl":"https:\/\/stesa.com\/mapas\/wp-content\/uploads\/19775\/Escudo-de-la-provincia-de-La-Rioja-Argentina.png","width":1578,"height":2183,"caption":"Escudo de la provincia de La Rioja (Argentina)."},{"@type":"BreadcrumbList","@id":"https:\/\/stesa.com\/mapas\/doc\/escudo-de-la-provincia-de-la-pampa-argentina\/#breadcrumb","itemListElement":[{"@type":"ListItem","position":1,"name":"Portada","item":"https:\/\/gifex.com\/mapas\/"},{"@type":"ListItem","position":2,"name":"Escudo de la provincia de La Rioja (Argentina)"}]},{"@type":"WebSite","@id":"https:\/\/stesa.com\/mapas\/#website","url":"https:\/\/stesa.com\/mapas\/","name":"Galer\u00eda de mapas","description":"","potentialAction":[{"@type":"SearchAction","target":{"@type":"EntryPoint","urlTemplate":"https:\/\/stesa.com\/mapas\/?s={search_term_string}"},"query-input":{"@type":"PropertyValueSpecification","valueRequired":true,"valueName":"search_term_string"}}],"inLanguage":"es"}]}},"_links":{"self":[{"href":"https:\/\/stesa.com\/mapas\/wp-json\/wp\/v2\/ficha\/19775","targetHints":{"allow":["GET"]}}],"collection":[{"href":"https:\/\/stesa.com\/mapas\/wp-json\/wp\/v2\/ficha"}],"about":[{"href":"https:\/\/stesa.com\/mapas\/wp-json\/wp\/v2\/types\/ficha"}],"author":[{"embeddable":true,"href":"https:\/\/stesa.com\/mapas\/wp-json\/wp\/v2\/users\/1"}],"version-history":[{"count":1,"href":"https:\/\/stesa.com\/mapas\/wp-json\/wp\/v2\/ficha\/19775\/revisions"}],"predecessor-version":[{"id":19777,"href":"https:\/\/stesa.com\/mapas\/wp-json\/wp\/v2\/ficha\/19775\/revisions\/19777"}],"wp:featuredmedia":[{"embeddable":true,"href":"https:\/\/stesa.com\/mapas\/wp-json\/wp\/v2\/media\/19776"}],"wp:attachment":[{"href":"https:\/\/stesa.com\/mapas\/wp-json\/wp\/v2\/media?parent=19775"}],"wp:term":[{"taxonomy":"categoria_ficha","embeddable":true,"href":"https:\/\/stesa.com\/mapas\/wp-json\/wp\/v2\/categoria_ficha?post=19775"}],"curies":[{"name":"wp","href":"https:\/\/api.w.org\/{rel}","templated":true}]}}

<p>El <strong>escudo de la provincia de La Rioja</strong> es un símbolo ovalado que evoca al Escudo Nacional Argentino. Fue oficializado el 5 de julio de 1926 mediante la Ley Nº 421.</p>
<p><strong>Simbología y Elementos</strong></p>
<p>Cada componente del escudo representa aspectos fundamentales de la identidad y geografía riojana:</p>
<ul>
<li><strong>Cerro General Belgrano (Nevado de Famatina)</strong>: Es el motivo principal en el centro del campo, representado como una montaña gris oscuro que simboliza la geografía imperante y la riqueza de la región.</li>
<li><strong>Sol Naciente</strong>: Ubicado en la parte superior (timbre), simboliza la libertad y el nacimiento de la nueva provincia.</li>
<li><strong>Ramas de Olivo</strong>: Dos ramas verdes rodean el óvalo, representando la paz. Según algunas interpretaciones, portan diecisiete o dieciocho flores que simbolizan los departamentos de la provincia.</li>
<li><strong>Cinta Celeste y Blanca</strong>: Une las ramas de olivo en la parte inferior, aludiendo a las tradiciones emancipadoras y los colores nacionales.</li>
<li><strong>Campo Azul</strong>: El fondo del escudo representa un cielo sin nubes, símbolo de paz y tranquilidad.</li>
</ul>
<p><strong>Historia</strong></p>
<p>Aunque fue creado originalmente en 1892, su uso no se estandarizó hasta décadas después. Fue el gobernador Benjamín Rincón quien envió el diseño oficial para una publicación nacional, logrando su posterior ratificación legislativa en 1926.</p>

<p>El escudo de la provincia de La Rioja es un símbolo ovalado que evoca al Escudo Nacional Argentino. Fue oficializado el 5 de julio de 1926 mediante la Ley &#8230;</p>

<!-- This site is optimized with the Yoast SEO plugin v27.4 - https://yoast.com/product/yoast-seo-wordpress/ -->
<title>Escudo de la provincia de La Rioja (Argentina) - Galería de mapas</title>
<meta name="robots" content="index, follow, max-snippet:-1, max-image-preview:large, max-video-preview:-1" />
<link rel="canonical" href="https://stesa.com/mapas/doc/escudo-de-la-provincia-de-la-pampa-argentina/" />
<meta property="og:locale" content="es_ES" />
<meta property="og:type" content="article" />
<meta property="og:title" content="Escudo de la provincia de La Rioja (Argentina) - Galería de mapas" />
<meta property="og:description" content="El escudo de la provincia de La Rioja es un símbolo ovalado que evoca al Escudo Nacional Argentino. Fue oficializado el 5 de julio de 1926 mediante la Ley ..." />
<meta property="og:url" content="https://stesa.com/mapas/doc/escudo-de-la-provincia-de-la-pampa-argentina/" />
<meta property="og:site_name" content="Galería de mapas" />
<meta property="og:image" content="https://stesa.com/mapas/wp-content/uploads/19775/Escudo-de-la-provincia-de-La-Rioja-Argentina-740x1024.png" />
	<meta property="og:image:width" content="740" />
	<meta property="og:image:height" content="1024" />
	<meta property="og:image:type" content="image/png" />
<meta name="twitter:card" content="summary_large_image" />
<meta name="twitter:label1" content="Tiempo de lectura" />
	<meta name="twitter:data1" content="2 minutos" />
<script type="application/ld+json" class="yoast-schema-graph">{"@context":"https:\/\/schema.org","@graph":[{"@type":"WebPage","@id":"https:\/\/stesa.com\/mapas\/doc\/escudo-de-la-provincia-de-la-pampa-argentina\/","url":"https:\/\/stesa.com\/mapas\/doc\/escudo-de-la-provincia-de-la-pampa-argentina\/","name":"Escudo de la provincia de La Rioja (Argentina) - Galería de mapas","isPartOf":{"@id":"https:\/\/stesa.com\/mapas\/#website"},"primaryImageOfPage":{"@id":"https:\/\/stesa.com\/mapas\/doc\/escudo-de-la-provincia-de-la-pampa-argentina\/#primaryimage"},"image":{"@id":"https:\/\/stesa.com\/mapas\/doc\/escudo-de-la-provincia-de-la-pampa-argentina\/#primaryimage"},"thumbnailUrl":"https:\/\/stesa.com\/mapas\/wp-content\/uploads\/19775\/Escudo-de-la-provincia-de-La-Rioja-Argentina.png","datePublished":"2026-04-20T18:38:06+00:00","breadcrumb":{"@id":"https:\/\/stesa.com\/mapas\/doc\/escudo-de-la-provincia-de-la-pampa-argentina\/#breadcrumb"},"inLanguage":"es","potentialAction":[{"@type":"ReadAction","target":["https:\/\/stesa.com\/mapas\/doc\/escudo-de-la-provincia-de-la-pampa-argentina\/"]}]},{"@type":"ImageObject","inLanguage":"es","@id":"https:\/\/stesa.com\/mapas\/doc\/escudo-de-la-provincia-de-la-pampa-argentina\/#primaryimage","url":"https:\/\/stesa.com\/mapas\/wp-content\/uploads\/19775\/Escudo-de-la-provincia-de-La-Rioja-Argentina.png","contentUrl":"https:\/\/stesa.com\/mapas\/wp-content\/uploads\/19775\/Escudo-de-la-provincia-de-La-Rioja-Argentina.png","width":1578,"height":2183,"caption":"Escudo de la provincia de La Rioja (Argentina)."},{"@type":"BreadcrumbList","@id":"https:\/\/stesa.com\/mapas\/doc\/escudo-de-la-provincia-de-la-pampa-argentina\/#breadcrumb","itemListElement":[{"@type":"ListItem","position":1,"name":"Portada","item":"https:\/\/gifex.com\/mapas\/"},{"@type":"ListItem","position":2,"name":"Escudo de la provincia de La Rioja (Argentina)"}]},{"@type":"WebSite","@id":"https:\/\/stesa.com\/mapas\/#website","url":"https:\/\/stesa.com\/mapas\/","name":"Galería de mapas","description":"","potentialAction":[{"@type":"SearchAction","target":{"@type":"EntryPoint","urlTemplate":"https:\/\/stesa.com\/mapas\/?s={search_term_string}"},"query-input":{"@type":"PropertyValueSpecification","valueRequired":true,"valueName":"search_term_string"}}],"inLanguage":"es"}]}</script>
<!-- / Yoast SEO plugin. -->

Escudo de la provincia de La Rioja (Argentina) - Galería de mapas

El escudo de la provincia de La Rioja es un símbolo ovalado que evoca al Escudo Nacional Argentino. Fue oficializado el 5 de julio de 1926 mediante la Ley ...

Galería de mapas
