{"id":19676,"date":"2026-04-20T12:53:51","date_gmt":"2026-04-20T12:53:51","guid":{"rendered":"https:\/\/stesa.com\/mapas\/?post_type=ficha&#038;p=19676"},"modified":"2026-04-20T12:53:51","modified_gmt":"2026-04-20T12:53:51","slug":"escudo-de-la-provincia-de-jujuy","status":"publish","type":"ficha","link":"https:\/\/stesa.com\/mapas\/doc\/escudo-de-la-provincia-de-jujuy\/","title":{"rendered":"Escudo de la provincia de Jujuy"},"content":{"rendered":"<p>El <strong>Escudo de la Provincia de Jujuy<\/strong> es el s\u00edmbolo her\u00e1ldico oficial de este estado aut\u00f3nomo argentino, adoptado formalmente el 28 de julio de 1960. Su dise\u00f1o combina elementos tradicionales del escudo nacional con detalles \u00fanicos que representan la historia y geograf\u00eda de la provincia.<\/p>\n<p><strong>Composici\u00f3n y Simbolismo<\/strong><\/p>\n<p>El escudo tiene una forma de estilo normando con dos cisuras en la parte superior. Se divide en dos campos o cuarteles:<\/p>\n<ul>\n<li><strong>Cuartel Superior (Azul Celeste)<\/strong>: Contiene dos emblemas ros\u00e1ceos (flores de cuatro p\u00e9talos) situados entre las escotaduras de las espirales. Estas flores suelen asociarse con los triunfos de las batallas de Tucum\u00e1n y Salta, o con la lealtad hist\u00f3rica de la provincia.<\/li>\n<li><strong>Cuartel Inferior (Blanco)<\/strong>: Muestra dos brazos con las manos entrelazadas, que simbolizan la uni\u00f3n y la fraternidad de Jujuy con el resto de las provincias argentinas.<\/li>\n<li><strong>La Pica y el Gorro Frigio<\/strong>: Las manos sostienen una pica (lanza corta) coronada por un gorro frigio que se extiende hacia el campo superior, representando la libertad y la soberan\u00eda.<\/li>\n<li><strong>Elementos Exteriores:<\/strong>\n<ul>\n<li style=\"list-style-type: none;\">\n<ul>\n<li><strong>Sol Naciente<\/strong>: Coronado en la parte superior con cara humana, alude al nacimiento de la nueva provincia ante la naci\u00f3n.<\/li>\n<li><strong>Laureles<\/strong>: Rodean el escudo como s\u00edmbolo de victoria y gloria hist\u00f3rica.<\/li>\n<li><strong>Cinta Celeste y Blanca<\/strong>: Une las ramas de laurel en la base, representando la pertenencia a la Rep\u00fablica Argentina.<\/li>\n<\/ul>\n<\/li>\n<\/ul>\n<\/li>\n<\/ul>\n","protected":false},"excerpt":{"rendered":"<p>El Escudo de la Provincia de Jujuy es el s\u00edmbolo her\u00e1ldico oficial de este estado aut\u00f3nomo argentino, adoptado formalmente el 28 de julio de 1960. Su dise\u00f1o &#8230;<\/p>\n","protected":false},"author":1,"featured_media":19677,"template":"","categoria_ficha":[2190],"class_list":["post-19676","ficha","type-ficha","status-publish","has-post-thumbnail","hentry","categoria_ficha-mapas-de-la-provincia-de-jujuy"],"yoast_head":"<!-- This site is optimized with the Yoast SEO plugin v27.4 - https:\/\/yoast.com\/product\/yoast-seo-wordpress\/ -->\n<title>Escudo de la provincia de Jujuy - Galer\u00eda de mapas<\/title>\n<meta name=\"robots\" content=\"index, follow, max-snippet:-1, max-image-preview:large, max-video-preview:-1\" \/>\n<link rel=\"canonical\" href=\"https:\/\/stesa.com\/mapas\/doc\/escudo-de-la-provincia-de-jujuy\/\" \/>\n<meta property=\"og:locale\" content=\"es_ES\" \/>\n<meta property=\"og:type\" content=\"article\" \/>\n<meta property=\"og:title\" content=\"Escudo de la provincia de Jujuy - Galer\u00eda de mapas\" \/>\n<meta property=\"og:description\" content=\"El Escudo de la Provincia de Jujuy es el s\u00edmbolo her\u00e1ldico oficial de este estado aut\u00f3nomo argentino, adoptado formalmente el 28 de julio de 1960. Su dise\u00f1o ...\" \/>\n<meta property=\"og:url\" content=\"https:\/\/stesa.com\/mapas\/doc\/escudo-de-la-provincia-de-jujuy\/\" \/>\n<meta property=\"og:site_name\" content=\"Galer\u00eda de mapas\" \/>\n<meta property=\"og:image\" content=\"https:\/\/stesa.com\/mapas\/wp-content\/uploads\/19676\/Escudo-de-la-provincia-de-Jujuy.png\" \/>\n\t<meta property=\"og:image:width\" content=\"3840\" \/>\n\t<meta property=\"og:image:height\" content=\"3775\" \/>\n\t<meta property=\"og:image:type\" content=\"image\/png\" \/>\n<meta name=\"twitter:card\" content=\"summary_large_image\" \/>\n<meta name=\"twitter:label1\" content=\"Tiempo de lectura\" \/>\n\t<meta name=\"twitter:data1\" content=\"2 minutos\" \/>\n<script type=\"application\/ld+json\" class=\"yoast-schema-graph\">{\"@context\":\"https:\\\/\\\/schema.org\",\"@graph\":[{\"@type\":\"WebPage\",\"@id\":\"https:\\\/\\\/stesa.com\\\/mapas\\\/doc\\\/escudo-de-la-provincia-de-jujuy\\\/\",\"url\":\"https:\\\/\\\/stesa.com\\\/mapas\\\/doc\\\/escudo-de-la-provincia-de-jujuy\\\/\",\"name\":\"Escudo de la provincia de Jujuy - Galer\u00eda de mapas\",\"isPartOf\":{\"@id\":\"https:\\\/\\\/stesa.com\\\/mapas\\\/#website\"},\"primaryImageOfPage\":{\"@id\":\"https:\\\/\\\/stesa.com\\\/mapas\\\/doc\\\/escudo-de-la-provincia-de-jujuy\\\/#primaryimage\"},\"image\":{\"@id\":\"https:\\\/\\\/stesa.com\\\/mapas\\\/doc\\\/escudo-de-la-provincia-de-jujuy\\\/#primaryimage\"},\"thumbnailUrl\":\"https:\\\/\\\/stesa.com\\\/mapas\\\/wp-content\\\/uploads\\\/19676\\\/Escudo-de-la-provincia-de-Jujuy.png\",\"datePublished\":\"2026-04-20T12:53:51+00:00\",\"breadcrumb\":{\"@id\":\"https:\\\/\\\/stesa.com\\\/mapas\\\/doc\\\/escudo-de-la-provincia-de-jujuy\\\/#breadcrumb\"},\"inLanguage\":\"es\",\"potentialAction\":[{\"@type\":\"ReadAction\",\"target\":[\"https:\\\/\\\/stesa.com\\\/mapas\\\/doc\\\/escudo-de-la-provincia-de-jujuy\\\/\"]}]},{\"@type\":\"ImageObject\",\"inLanguage\":\"es\",\"@id\":\"https:\\\/\\\/stesa.com\\\/mapas\\\/doc\\\/escudo-de-la-provincia-de-jujuy\\\/#primaryimage\",\"url\":\"https:\\\/\\\/stesa.com\\\/mapas\\\/wp-content\\\/uploads\\\/19676\\\/Escudo-de-la-provincia-de-Jujuy.png\",\"contentUrl\":\"https:\\\/\\\/stesa.com\\\/mapas\\\/wp-content\\\/uploads\\\/19676\\\/Escudo-de-la-provincia-de-Jujuy.png\",\"width\":3840,\"height\":3775,\"caption\":\"Escudo de la provincia de Jujuy.\"},{\"@type\":\"BreadcrumbList\",\"@id\":\"https:\\\/\\\/stesa.com\\\/mapas\\\/doc\\\/escudo-de-la-provincia-de-jujuy\\\/#breadcrumb\",\"itemListElement\":[{\"@type\":\"ListItem\",\"position\":1,\"name\":\"Portada\",\"item\":\"https:\\\/\\\/gifex.com\\\/mapas\\\/\"},{\"@type\":\"ListItem\",\"position\":2,\"name\":\"Escudo de la provincia de Jujuy\"}]},{\"@type\":\"WebSite\",\"@id\":\"https:\\\/\\\/stesa.com\\\/mapas\\\/#website\",\"url\":\"https:\\\/\\\/stesa.com\\\/mapas\\\/\",\"name\":\"Galer\u00eda de mapas\",\"description\":\"\",\"potentialAction\":[{\"@type\":\"SearchAction\",\"target\":{\"@type\":\"EntryPoint\",\"urlTemplate\":\"https:\\\/\\\/stesa.com\\\/mapas\\\/?s={search_term_string}\"},\"query-input\":{\"@type\":\"PropertyValueSpecification\",\"valueRequired\":true,\"valueName\":\"search_term_string\"}}],\"inLanguage\":\"es\"}]}<\/script>\n<!-- \/ Yoast SEO plugin. -->","yoast_head_json":{"title":"Escudo de la provincia de Jujuy - Galer\u00eda de mapas","robots":{"index":"index","follow":"follow","max-snippet":"max-snippet:-1","max-image-preview":"max-image-preview:large","max-video-preview":"max-video-preview:-1"},"canonical":"https:\/\/stesa.com\/mapas\/doc\/escudo-de-la-provincia-de-jujuy\/","og_locale":"es_ES","og_type":"article","og_title":"Escudo de la provincia de Jujuy - Galer\u00eda de mapas","og_description":"El Escudo de la Provincia de Jujuy es el s\u00edmbolo her\u00e1ldico oficial de este estado aut\u00f3nomo argentino, adoptado formalmente el 28 de julio de 1960. Su dise\u00f1o ...","og_url":"https:\/\/stesa.com\/mapas\/doc\/escudo-de-la-provincia-de-jujuy\/","og_site_name":"Galer\u00eda de mapas","og_image":[{"width":3840,"height":3775,"url":"https:\/\/stesa.com\/mapas\/wp-content\/uploads\/19676\/Escudo-de-la-provincia-de-Jujuy.png","type":"image\/png"}],"twitter_card":"summary_large_image","twitter_misc":{"Tiempo de lectura":"2 minutos"},"schema":{"@context":"https:\/\/schema.org","@graph":[{"@type":"WebPage","@id":"https:\/\/stesa.com\/mapas\/doc\/escudo-de-la-provincia-de-jujuy\/","url":"https:\/\/stesa.com\/mapas\/doc\/escudo-de-la-provincia-de-jujuy\/","name":"Escudo de la provincia de Jujuy - Galer\u00eda de mapas","isPartOf":{"@id":"https:\/\/stesa.com\/mapas\/#website"},"primaryImageOfPage":{"@id":"https:\/\/stesa.com\/mapas\/doc\/escudo-de-la-provincia-de-jujuy\/#primaryimage"},"image":{"@id":"https:\/\/stesa.com\/mapas\/doc\/escudo-de-la-provincia-de-jujuy\/#primaryimage"},"thumbnailUrl":"https:\/\/stesa.com\/mapas\/wp-content\/uploads\/19676\/Escudo-de-la-provincia-de-Jujuy.png","datePublished":"2026-04-20T12:53:51+00:00","breadcrumb":{"@id":"https:\/\/stesa.com\/mapas\/doc\/escudo-de-la-provincia-de-jujuy\/#breadcrumb"},"inLanguage":"es","potentialAction":[{"@type":"ReadAction","target":["https:\/\/stesa.com\/mapas\/doc\/escudo-de-la-provincia-de-jujuy\/"]}]},{"@type":"ImageObject","inLanguage":"es","@id":"https:\/\/stesa.com\/mapas\/doc\/escudo-de-la-provincia-de-jujuy\/#primaryimage","url":"https:\/\/stesa.com\/mapas\/wp-content\/uploads\/19676\/Escudo-de-la-provincia-de-Jujuy.png","contentUrl":"https:\/\/stesa.com\/mapas\/wp-content\/uploads\/19676\/Escudo-de-la-provincia-de-Jujuy.png","width":3840,"height":3775,"caption":"Escudo de la provincia de Jujuy."},{"@type":"BreadcrumbList","@id":"https:\/\/stesa.com\/mapas\/doc\/escudo-de-la-provincia-de-jujuy\/#breadcrumb","itemListElement":[{"@type":"ListItem","position":1,"name":"Portada","item":"https:\/\/gifex.com\/mapas\/"},{"@type":"ListItem","position":2,"name":"Escudo de la provincia de Jujuy"}]},{"@type":"WebSite","@id":"https:\/\/stesa.com\/mapas\/#website","url":"https:\/\/stesa.com\/mapas\/","name":"Galer\u00eda de mapas","description":"","potentialAction":[{"@type":"SearchAction","target":{"@type":"EntryPoint","urlTemplate":"https:\/\/stesa.com\/mapas\/?s={search_term_string}"},"query-input":{"@type":"PropertyValueSpecification","valueRequired":true,"valueName":"search_term_string"}}],"inLanguage":"es"}]}},"_links":{"self":[{"href":"https:\/\/stesa.com\/mapas\/wp-json\/wp\/v2\/ficha\/19676","targetHints":{"allow":["GET"]}}],"collection":[{"href":"https:\/\/stesa.com\/mapas\/wp-json\/wp\/v2\/ficha"}],"about":[{"href":"https:\/\/stesa.com\/mapas\/wp-json\/wp\/v2\/types\/ficha"}],"author":[{"embeddable":true,"href":"https:\/\/stesa.com\/mapas\/wp-json\/wp\/v2\/users\/1"}],"version-history":[{"count":1,"href":"https:\/\/stesa.com\/mapas\/wp-json\/wp\/v2\/ficha\/19676\/revisions"}],"predecessor-version":[{"id":19678,"href":"https:\/\/stesa.com\/mapas\/wp-json\/wp\/v2\/ficha\/19676\/revisions\/19678"}],"wp:featuredmedia":[{"embeddable":true,"href":"https:\/\/stesa.com\/mapas\/wp-json\/wp\/v2\/media\/19677"}],"wp:attachment":[{"href":"https:\/\/stesa.com\/mapas\/wp-json\/wp\/v2\/media?parent=19676"}],"wp:term":[{"taxonomy":"categoria_ficha","embeddable":true,"href":"https:\/\/stesa.com\/mapas\/wp-json\/wp\/v2\/categoria_ficha?post=19676"}],"curies":[{"name":"wp","href":"https:\/\/api.w.org\/{rel}","templated":true}]}}

<p>El <strong>Escudo de la Provincia de Jujuy</strong> es el símbolo heráldico oficial de este estado autónomo argentino, adoptado formalmente el 28 de julio de 1960. Su diseño combina elementos tradicionales del escudo nacional con detalles únicos que representan la historia y geografía de la provincia.</p>
<p><strong>Composición y Simbolismo</strong></p>
<p>El escudo tiene una forma de estilo normando con dos cisuras en la parte superior. Se divide en dos campos o cuarteles:</p>
<ul>
<li><strong>Cuartel Superior (Azul Celeste)</strong>: Contiene dos emblemas rosáceos (flores de cuatro pétalos) situados entre las escotaduras de las espirales. Estas flores suelen asociarse con los triunfos de las batallas de Tucumán y Salta, o con la lealtad histórica de la provincia.</li>
<li><strong>Cuartel Inferior (Blanco)</strong>: Muestra dos brazos con las manos entrelazadas, que simbolizan la unión y la fraternidad de Jujuy con el resto de las provincias argentinas.</li>
<li><strong>La Pica y el Gorro Frigio</strong>: Las manos sostienen una pica (lanza corta) coronada por un gorro frigio que se extiende hacia el campo superior, representando la libertad y la soberanía.</li>
<li><strong>Elementos Exteriores:</strong>
<ul>
<li style="list-style-type: none;">
<ul>
<li><strong>Sol Naciente</strong>: Coronado en la parte superior con cara humana, alude al nacimiento de la nueva provincia ante la nación.</li>
<li><strong>Laureles</strong>: Rodean el escudo como símbolo de victoria y gloria histórica.</li>
<li><strong>Cinta Celeste y Blanca</strong>: Une las ramas de laurel en la base, representando la pertenencia a la República Argentina.</li>
</ul>
</li>
</ul>
</li>
</ul>

<p>El Escudo de la Provincia de Jujuy es el símbolo heráldico oficial de este estado autónomo argentino, adoptado formalmente el 28 de julio de 1960. Su diseño &#8230;</p>

<!-- This site is optimized with the Yoast SEO plugin v27.4 - https://yoast.com/product/yoast-seo-wordpress/ -->
<title>Escudo de la provincia de Jujuy - Galería de mapas</title>
<meta name="robots" content="index, follow, max-snippet:-1, max-image-preview:large, max-video-preview:-1" />
<link rel="canonical" href="https://stesa.com/mapas/doc/escudo-de-la-provincia-de-jujuy/" />
<meta property="og:locale" content="es_ES" />
<meta property="og:type" content="article" />
<meta property="og:title" content="Escudo de la provincia de Jujuy - Galería de mapas" />
<meta property="og:description" content="El Escudo de la Provincia de Jujuy es el símbolo heráldico oficial de este estado autónomo argentino, adoptado formalmente el 28 de julio de 1960. Su diseño ..." />
<meta property="og:url" content="https://stesa.com/mapas/doc/escudo-de-la-provincia-de-jujuy/" />
<meta property="og:site_name" content="Galería de mapas" />
<meta property="og:image" content="https://stesa.com/mapas/wp-content/uploads/19676/Escudo-de-la-provincia-de-Jujuy.png" />
	<meta property="og:image:width" content="3840" />
	<meta property="og:image:height" content="3775" />
	<meta property="og:image:type" content="image/png" />
<meta name="twitter:card" content="summary_large_image" />
<meta name="twitter:label1" content="Tiempo de lectura" />
	<meta name="twitter:data1" content="2 minutos" />
<script type="application/ld+json" class="yoast-schema-graph">{"@context":"https:\/\/schema.org","@graph":[{"@type":"WebPage","@id":"https:\/\/stesa.com\/mapas\/doc\/escudo-de-la-provincia-de-jujuy\/","url":"https:\/\/stesa.com\/mapas\/doc\/escudo-de-la-provincia-de-jujuy\/","name":"Escudo de la provincia de Jujuy - Galería de mapas","isPartOf":{"@id":"https:\/\/stesa.com\/mapas\/#website"},"primaryImageOfPage":{"@id":"https:\/\/stesa.com\/mapas\/doc\/escudo-de-la-provincia-de-jujuy\/#primaryimage"},"image":{"@id":"https:\/\/stesa.com\/mapas\/doc\/escudo-de-la-provincia-de-jujuy\/#primaryimage"},"thumbnailUrl":"https:\/\/stesa.com\/mapas\/wp-content\/uploads\/19676\/Escudo-de-la-provincia-de-Jujuy.png","datePublished":"2026-04-20T12:53:51+00:00","breadcrumb":{"@id":"https:\/\/stesa.com\/mapas\/doc\/escudo-de-la-provincia-de-jujuy\/#breadcrumb"},"inLanguage":"es","potentialAction":[{"@type":"ReadAction","target":["https:\/\/stesa.com\/mapas\/doc\/escudo-de-la-provincia-de-jujuy\/"]}]},{"@type":"ImageObject","inLanguage":"es","@id":"https:\/\/stesa.com\/mapas\/doc\/escudo-de-la-provincia-de-jujuy\/#primaryimage","url":"https:\/\/stesa.com\/mapas\/wp-content\/uploads\/19676\/Escudo-de-la-provincia-de-Jujuy.png","contentUrl":"https:\/\/stesa.com\/mapas\/wp-content\/uploads\/19676\/Escudo-de-la-provincia-de-Jujuy.png","width":3840,"height":3775,"caption":"Escudo de la provincia de Jujuy."},{"@type":"BreadcrumbList","@id":"https:\/\/stesa.com\/mapas\/doc\/escudo-de-la-provincia-de-jujuy\/#breadcrumb","itemListElement":[{"@type":"ListItem","position":1,"name":"Portada","item":"https:\/\/gifex.com\/mapas\/"},{"@type":"ListItem","position":2,"name":"Escudo de la provincia de Jujuy"}]},{"@type":"WebSite","@id":"https:\/\/stesa.com\/mapas\/#website","url":"https:\/\/stesa.com\/mapas\/","name":"Galería de mapas","description":"","potentialAction":[{"@type":"SearchAction","target":{"@type":"EntryPoint","urlTemplate":"https:\/\/stesa.com\/mapas\/?s={search_term_string}"},"query-input":{"@type":"PropertyValueSpecification","valueRequired":true,"valueName":"search_term_string"}}],"inLanguage":"es"}]}</script>
<!-- / Yoast SEO plugin. -->

Escudo de la provincia de Jujuy - Galería de mapas

El Escudo de la Provincia de Jujuy es el símbolo heráldico oficial de este estado autónomo argentino, adoptado formalmente el 28 de julio de 1960. Su diseño ...

Galería de mapas
