{"id":19628,"date":"2026-04-19T23:16:36","date_gmt":"2026-04-19T23:16:36","guid":{"rendered":"https:\/\/stesa.com\/mapas\/?post_type=ficha&#038;p=19628"},"modified":"2026-04-19T23:16:36","modified_gmt":"2026-04-19T23:16:36","slug":"escudo-de-la-provincia-de-formosa","status":"publish","type":"ficha","link":"https:\/\/stesa.com\/mapas\/doc\/escudo-de-la-provincia-de-formosa\/","title":{"rendered":"Escudo de la provincia de Formosa"},"content":{"rendered":"<p>El <strong>escudo de la provincia de Formosa<\/strong> es uno de los s\u00edmbolos oficiales de esta provincia argentina, adoptado formalmente el 29 de junio de 1959. Su dise\u00f1o fue creado por Juan Enrique Bejarano, quien gan\u00f3 el concurso p\u00fablico convocado para tal fin.<\/p>\n<p><strong>Significado de sus elementos<\/strong><\/p>\n<p>El escudo tiene una forma el\u00edptica dividida en dos campos y contiene elementos que representan la identidad y riqueza de la regi\u00f3n:<\/p>\n<ul>\n<li><strong>Sol Naciente<\/strong>: Ubicado en la parte superior, tiene rayos que simulan una rueda dentada o engranaje, simbolizando la industria, el trabajo y el nacimiento de la nueva provincia.<\/li>\n<li><strong>Capullo de Algod\u00f3n<\/strong>: Se encuentra en el centro y representa la principal riqueza agr\u00edcola y fuente de trabajo de la provincia.<\/li>\n<li><strong>Nueve Estrellas<\/strong>: Dispuestas en semic\u00edrculo sobre el capullo, representan a los nueve departamentos que integran el territorio formose\u00f1o.<\/li>\n<li><strong>Manos Entrelazadas<\/strong>: En el campo inferior (de color blanco), dos manos diestras se estrechan simbolizando la uni\u00f3n fraternal, la fe y la solidaridad entre los ciudadanos.<\/li>\n<li><strong>Laureles<\/strong>: Dos ramas de laurel en forma de \u00abV\u00bb rodean la parte inferior, representando la gloria y el triunfo.<\/li>\n<li><strong>Colores<\/strong>: El campo superior azul representa la justicia, la lealtad y la verdad; el campo inferior blanco simboliza la pureza e integridad.<\/li>\n<\/ul>\n<p><strong>Historia y Celebraci\u00f3n<\/strong><\/p>\n<p>El dise\u00f1o fue oficializado mediante la Ley N\u00ba 69 y cada 29 de junio se celebra el D\u00eda del Escudo Formose\u00f1o en conmemoraci\u00f3n a su sanci\u00f3n legal.<\/p>\n","protected":false},"excerpt":{"rendered":"<p>El escudo de la provincia de Formosa es uno de los s\u00edmbolos oficiales de esta provincia argentina, adoptado formalmente el 29 de junio de 1959. Su dise\u00f1o &#8230;<\/p>\n","protected":false},"author":1,"featured_media":19629,"template":"","categoria_ficha":[2189],"class_list":["post-19628","ficha","type-ficha","status-publish","has-post-thumbnail","hentry","categoria_ficha-mapas-de-la-provincia-de-formosa"],"yoast_head":"<!-- This site is optimized with the Yoast SEO plugin v27.4 - https:\/\/yoast.com\/product\/yoast-seo-wordpress\/ -->\n<title>Escudo de la provincia de Formosa - Galer\u00eda de mapas<\/title>\n<meta name=\"robots\" content=\"index, follow, max-snippet:-1, max-image-preview:large, max-video-preview:-1\" \/>\n<link rel=\"canonical\" href=\"https:\/\/stesa.com\/mapas\/doc\/escudo-de-la-provincia-de-formosa\/\" \/>\n<meta property=\"og:locale\" content=\"es_ES\" \/>\n<meta property=\"og:type\" content=\"article\" \/>\n<meta property=\"og:title\" content=\"Escudo de la provincia de Formosa - Galer\u00eda de mapas\" \/>\n<meta property=\"og:description\" content=\"El escudo de la provincia de Formosa es uno de los s\u00edmbolos oficiales de esta provincia argentina, adoptado formalmente el 29 de junio de 1959. Su dise\u00f1o ...\" \/>\n<meta property=\"og:url\" content=\"https:\/\/stesa.com\/mapas\/doc\/escudo-de-la-provincia-de-formosa\/\" \/>\n<meta property=\"og:site_name\" content=\"Galer\u00eda de mapas\" \/>\n<meta property=\"og:image\" content=\"https:\/\/stesa.com\/mapas\/wp-content\/uploads\/19628\/Escudo-de-la-provincia-de-Formosa.png\" \/>\n\t<meta property=\"og:image:width\" content=\"3840\" \/>\n\t<meta property=\"og:image:height\" content=\"3693\" \/>\n\t<meta property=\"og:image:type\" content=\"image\/png\" \/>\n<meta name=\"twitter:card\" content=\"summary_large_image\" \/>\n<meta name=\"twitter:label1\" content=\"Tiempo de lectura\" \/>\n\t<meta name=\"twitter:data1\" content=\"2 minutos\" \/>\n<script type=\"application\/ld+json\" class=\"yoast-schema-graph\">{\"@context\":\"https:\\\/\\\/schema.org\",\"@graph\":[{\"@type\":\"WebPage\",\"@id\":\"https:\\\/\\\/stesa.com\\\/mapas\\\/doc\\\/escudo-de-la-provincia-de-formosa\\\/\",\"url\":\"https:\\\/\\\/stesa.com\\\/mapas\\\/doc\\\/escudo-de-la-provincia-de-formosa\\\/\",\"name\":\"Escudo de la provincia de Formosa - Galer\u00eda de mapas\",\"isPartOf\":{\"@id\":\"https:\\\/\\\/stesa.com\\\/mapas\\\/#website\"},\"primaryImageOfPage\":{\"@id\":\"https:\\\/\\\/stesa.com\\\/mapas\\\/doc\\\/escudo-de-la-provincia-de-formosa\\\/#primaryimage\"},\"image\":{\"@id\":\"https:\\\/\\\/stesa.com\\\/mapas\\\/doc\\\/escudo-de-la-provincia-de-formosa\\\/#primaryimage\"},\"thumbnailUrl\":\"https:\\\/\\\/stesa.com\\\/mapas\\\/wp-content\\\/uploads\\\/19628\\\/Escudo-de-la-provincia-de-Formosa.png\",\"datePublished\":\"2026-04-19T23:16:36+00:00\",\"breadcrumb\":{\"@id\":\"https:\\\/\\\/stesa.com\\\/mapas\\\/doc\\\/escudo-de-la-provincia-de-formosa\\\/#breadcrumb\"},\"inLanguage\":\"es\",\"potentialAction\":[{\"@type\":\"ReadAction\",\"target\":[\"https:\\\/\\\/stesa.com\\\/mapas\\\/doc\\\/escudo-de-la-provincia-de-formosa\\\/\"]}]},{\"@type\":\"ImageObject\",\"inLanguage\":\"es\",\"@id\":\"https:\\\/\\\/stesa.com\\\/mapas\\\/doc\\\/escudo-de-la-provincia-de-formosa\\\/#primaryimage\",\"url\":\"https:\\\/\\\/stesa.com\\\/mapas\\\/wp-content\\\/uploads\\\/19628\\\/Escudo-de-la-provincia-de-Formosa.png\",\"contentUrl\":\"https:\\\/\\\/stesa.com\\\/mapas\\\/wp-content\\\/uploads\\\/19628\\\/Escudo-de-la-provincia-de-Formosa.png\",\"width\":3840,\"height\":3693,\"caption\":\"Escudo de la provincia de Formosa.\"},{\"@type\":\"BreadcrumbList\",\"@id\":\"https:\\\/\\\/stesa.com\\\/mapas\\\/doc\\\/escudo-de-la-provincia-de-formosa\\\/#breadcrumb\",\"itemListElement\":[{\"@type\":\"ListItem\",\"position\":1,\"name\":\"Portada\",\"item\":\"https:\\\/\\\/gifex.com\\\/mapas\\\/\"},{\"@type\":\"ListItem\",\"position\":2,\"name\":\"Escudo de la provincia de Formosa\"}]},{\"@type\":\"WebSite\",\"@id\":\"https:\\\/\\\/stesa.com\\\/mapas\\\/#website\",\"url\":\"https:\\\/\\\/stesa.com\\\/mapas\\\/\",\"name\":\"Galer\u00eda de mapas\",\"description\":\"\",\"potentialAction\":[{\"@type\":\"SearchAction\",\"target\":{\"@type\":\"EntryPoint\",\"urlTemplate\":\"https:\\\/\\\/stesa.com\\\/mapas\\\/?s={search_term_string}\"},\"query-input\":{\"@type\":\"PropertyValueSpecification\",\"valueRequired\":true,\"valueName\":\"search_term_string\"}}],\"inLanguage\":\"es\"}]}<\/script>\n<!-- \/ Yoast SEO plugin. -->","yoast_head_json":{"title":"Escudo de la provincia de Formosa - Galer\u00eda de mapas","robots":{"index":"index","follow":"follow","max-snippet":"max-snippet:-1","max-image-preview":"max-image-preview:large","max-video-preview":"max-video-preview:-1"},"canonical":"https:\/\/stesa.com\/mapas\/doc\/escudo-de-la-provincia-de-formosa\/","og_locale":"es_ES","og_type":"article","og_title":"Escudo de la provincia de Formosa - Galer\u00eda de mapas","og_description":"El escudo de la provincia de Formosa es uno de los s\u00edmbolos oficiales de esta provincia argentina, adoptado formalmente el 29 de junio de 1959. Su dise\u00f1o ...","og_url":"https:\/\/stesa.com\/mapas\/doc\/escudo-de-la-provincia-de-formosa\/","og_site_name":"Galer\u00eda de mapas","og_image":[{"width":3840,"height":3693,"url":"https:\/\/stesa.com\/mapas\/wp-content\/uploads\/19628\/Escudo-de-la-provincia-de-Formosa.png","type":"image\/png"}],"twitter_card":"summary_large_image","twitter_misc":{"Tiempo de lectura":"2 minutos"},"schema":{"@context":"https:\/\/schema.org","@graph":[{"@type":"WebPage","@id":"https:\/\/stesa.com\/mapas\/doc\/escudo-de-la-provincia-de-formosa\/","url":"https:\/\/stesa.com\/mapas\/doc\/escudo-de-la-provincia-de-formosa\/","name":"Escudo de la provincia de Formosa - Galer\u00eda de mapas","isPartOf":{"@id":"https:\/\/stesa.com\/mapas\/#website"},"primaryImageOfPage":{"@id":"https:\/\/stesa.com\/mapas\/doc\/escudo-de-la-provincia-de-formosa\/#primaryimage"},"image":{"@id":"https:\/\/stesa.com\/mapas\/doc\/escudo-de-la-provincia-de-formosa\/#primaryimage"},"thumbnailUrl":"https:\/\/stesa.com\/mapas\/wp-content\/uploads\/19628\/Escudo-de-la-provincia-de-Formosa.png","datePublished":"2026-04-19T23:16:36+00:00","breadcrumb":{"@id":"https:\/\/stesa.com\/mapas\/doc\/escudo-de-la-provincia-de-formosa\/#breadcrumb"},"inLanguage":"es","potentialAction":[{"@type":"ReadAction","target":["https:\/\/stesa.com\/mapas\/doc\/escudo-de-la-provincia-de-formosa\/"]}]},{"@type":"ImageObject","inLanguage":"es","@id":"https:\/\/stesa.com\/mapas\/doc\/escudo-de-la-provincia-de-formosa\/#primaryimage","url":"https:\/\/stesa.com\/mapas\/wp-content\/uploads\/19628\/Escudo-de-la-provincia-de-Formosa.png","contentUrl":"https:\/\/stesa.com\/mapas\/wp-content\/uploads\/19628\/Escudo-de-la-provincia-de-Formosa.png","width":3840,"height":3693,"caption":"Escudo de la provincia de Formosa."},{"@type":"BreadcrumbList","@id":"https:\/\/stesa.com\/mapas\/doc\/escudo-de-la-provincia-de-formosa\/#breadcrumb","itemListElement":[{"@type":"ListItem","position":1,"name":"Portada","item":"https:\/\/gifex.com\/mapas\/"},{"@type":"ListItem","position":2,"name":"Escudo de la provincia de Formosa"}]},{"@type":"WebSite","@id":"https:\/\/stesa.com\/mapas\/#website","url":"https:\/\/stesa.com\/mapas\/","name":"Galer\u00eda de mapas","description":"","potentialAction":[{"@type":"SearchAction","target":{"@type":"EntryPoint","urlTemplate":"https:\/\/stesa.com\/mapas\/?s={search_term_string}"},"query-input":{"@type":"PropertyValueSpecification","valueRequired":true,"valueName":"search_term_string"}}],"inLanguage":"es"}]}},"_links":{"self":[{"href":"https:\/\/stesa.com\/mapas\/wp-json\/wp\/v2\/ficha\/19628","targetHints":{"allow":["GET"]}}],"collection":[{"href":"https:\/\/stesa.com\/mapas\/wp-json\/wp\/v2\/ficha"}],"about":[{"href":"https:\/\/stesa.com\/mapas\/wp-json\/wp\/v2\/types\/ficha"}],"author":[{"embeddable":true,"href":"https:\/\/stesa.com\/mapas\/wp-json\/wp\/v2\/users\/1"}],"version-history":[{"count":1,"href":"https:\/\/stesa.com\/mapas\/wp-json\/wp\/v2\/ficha\/19628\/revisions"}],"predecessor-version":[{"id":19630,"href":"https:\/\/stesa.com\/mapas\/wp-json\/wp\/v2\/ficha\/19628\/revisions\/19630"}],"wp:featuredmedia":[{"embeddable":true,"href":"https:\/\/stesa.com\/mapas\/wp-json\/wp\/v2\/media\/19629"}],"wp:attachment":[{"href":"https:\/\/stesa.com\/mapas\/wp-json\/wp\/v2\/media?parent=19628"}],"wp:term":[{"taxonomy":"categoria_ficha","embeddable":true,"href":"https:\/\/stesa.com\/mapas\/wp-json\/wp\/v2\/categoria_ficha?post=19628"}],"curies":[{"name":"wp","href":"https:\/\/api.w.org\/{rel}","templated":true}]}}

<p>El <strong>escudo de la provincia de Formosa</strong> es uno de los símbolos oficiales de esta provincia argentina, adoptado formalmente el 29 de junio de 1959. Su diseño fue creado por Juan Enrique Bejarano, quien ganó el concurso público convocado para tal fin.</p>
<p><strong>Significado de sus elementos</strong></p>
<p>El escudo tiene una forma elíptica dividida en dos campos y contiene elementos que representan la identidad y riqueza de la región:</p>
<ul>
<li><strong>Sol Naciente</strong>: Ubicado en la parte superior, tiene rayos que simulan una rueda dentada o engranaje, simbolizando la industria, el trabajo y el nacimiento de la nueva provincia.</li>
<li><strong>Capullo de Algodón</strong>: Se encuentra en el centro y representa la principal riqueza agrícola y fuente de trabajo de la provincia.</li>
<li><strong>Nueve Estrellas</strong>: Dispuestas en semicírculo sobre el capullo, representan a los nueve departamentos que integran el territorio formoseño.</li>
<li><strong>Manos Entrelazadas</strong>: En el campo inferior (de color blanco), dos manos diestras se estrechan simbolizando la unión fraternal, la fe y la solidaridad entre los ciudadanos.</li>
<li><strong>Laureles</strong>: Dos ramas de laurel en forma de «V» rodean la parte inferior, representando la gloria y el triunfo.</li>
<li><strong>Colores</strong>: El campo superior azul representa la justicia, la lealtad y la verdad; el campo inferior blanco simboliza la pureza e integridad.</li>
</ul>
<p><strong>Historia y Celebración</strong></p>
<p>El diseño fue oficializado mediante la Ley Nº 69 y cada 29 de junio se celebra el Día del Escudo Formoseño en conmemoración a su sanción legal.</p>

<p>El escudo de la provincia de Formosa es uno de los símbolos oficiales de esta provincia argentina, adoptado formalmente el 29 de junio de 1959. Su diseño &#8230;</p>

<!-- This site is optimized with the Yoast SEO plugin v27.4 - https://yoast.com/product/yoast-seo-wordpress/ -->
<title>Escudo de la provincia de Formosa - Galería de mapas</title>
<meta name="robots" content="index, follow, max-snippet:-1, max-image-preview:large, max-video-preview:-1" />
<link rel="canonical" href="https://stesa.com/mapas/doc/escudo-de-la-provincia-de-formosa/" />
<meta property="og:locale" content="es_ES" />
<meta property="og:type" content="article" />
<meta property="og:title" content="Escudo de la provincia de Formosa - Galería de mapas" />
<meta property="og:description" content="El escudo de la provincia de Formosa es uno de los símbolos oficiales de esta provincia argentina, adoptado formalmente el 29 de junio de 1959. Su diseño ..." />
<meta property="og:url" content="https://stesa.com/mapas/doc/escudo-de-la-provincia-de-formosa/" />
<meta property="og:site_name" content="Galería de mapas" />
<meta property="og:image" content="https://stesa.com/mapas/wp-content/uploads/19628/Escudo-de-la-provincia-de-Formosa.png" />
	<meta property="og:image:width" content="3840" />
	<meta property="og:image:height" content="3693" />
	<meta property="og:image:type" content="image/png" />
<meta name="twitter:card" content="summary_large_image" />
<meta name="twitter:label1" content="Tiempo de lectura" />
	<meta name="twitter:data1" content="2 minutos" />
<script type="application/ld+json" class="yoast-schema-graph">{"@context":"https:\/\/schema.org","@graph":[{"@type":"WebPage","@id":"https:\/\/stesa.com\/mapas\/doc\/escudo-de-la-provincia-de-formosa\/","url":"https:\/\/stesa.com\/mapas\/doc\/escudo-de-la-provincia-de-formosa\/","name":"Escudo de la provincia de Formosa - Galería de mapas","isPartOf":{"@id":"https:\/\/stesa.com\/mapas\/#website"},"primaryImageOfPage":{"@id":"https:\/\/stesa.com\/mapas\/doc\/escudo-de-la-provincia-de-formosa\/#primaryimage"},"image":{"@id":"https:\/\/stesa.com\/mapas\/doc\/escudo-de-la-provincia-de-formosa\/#primaryimage"},"thumbnailUrl":"https:\/\/stesa.com\/mapas\/wp-content\/uploads\/19628\/Escudo-de-la-provincia-de-Formosa.png","datePublished":"2026-04-19T23:16:36+00:00","breadcrumb":{"@id":"https:\/\/stesa.com\/mapas\/doc\/escudo-de-la-provincia-de-formosa\/#breadcrumb"},"inLanguage":"es","potentialAction":[{"@type":"ReadAction","target":["https:\/\/stesa.com\/mapas\/doc\/escudo-de-la-provincia-de-formosa\/"]}]},{"@type":"ImageObject","inLanguage":"es","@id":"https:\/\/stesa.com\/mapas\/doc\/escudo-de-la-provincia-de-formosa\/#primaryimage","url":"https:\/\/stesa.com\/mapas\/wp-content\/uploads\/19628\/Escudo-de-la-provincia-de-Formosa.png","contentUrl":"https:\/\/stesa.com\/mapas\/wp-content\/uploads\/19628\/Escudo-de-la-provincia-de-Formosa.png","width":3840,"height":3693,"caption":"Escudo de la provincia de Formosa."},{"@type":"BreadcrumbList","@id":"https:\/\/stesa.com\/mapas\/doc\/escudo-de-la-provincia-de-formosa\/#breadcrumb","itemListElement":[{"@type":"ListItem","position":1,"name":"Portada","item":"https:\/\/gifex.com\/mapas\/"},{"@type":"ListItem","position":2,"name":"Escudo de la provincia de Formosa"}]},{"@type":"WebSite","@id":"https:\/\/stesa.com\/mapas\/#website","url":"https:\/\/stesa.com\/mapas\/","name":"Galería de mapas","description":"","potentialAction":[{"@type":"SearchAction","target":{"@type":"EntryPoint","urlTemplate":"https:\/\/stesa.com\/mapas\/?s={search_term_string}"},"query-input":{"@type":"PropertyValueSpecification","valueRequired":true,"valueName":"search_term_string"}}],"inLanguage":"es"}]}</script>
<!-- / Yoast SEO plugin. -->

Escudo de la provincia de Formosa - Galería de mapas

El escudo de la provincia de Formosa es uno de los símbolos oficiales de esta provincia argentina, adoptado formalmente el 29 de junio de 1959. Su diseño ...

Galería de mapas
