{"id":19574,"date":"2026-04-19T15:41:43","date_gmt":"2026-04-19T15:41:43","guid":{"rendered":"https:\/\/stesa.com\/mapas\/?post_type=ficha&#038;p=19574"},"modified":"2026-04-19T15:41:43","modified_gmt":"2026-04-19T15:41:43","slug":"escudo-de-la-provincia-de-entre-rios","status":"publish","type":"ficha","link":"https:\/\/stesa.com\/mapas\/doc\/escudo-de-la-provincia-de-entre-rios\/","title":{"rendered":"Escudo de la provincia de Entre R\u00edos"},"content":{"rendered":"<p>El <strong>escudo de la provincia de Entre R\u00edos<\/strong> fue adoptado oficialmente el 12 de marzo de 1822. Tiene una forma el\u00edptica inspirada en los escudos de guerra griegos y se divide en dos campos principales que simbolizan la identidad y los valores federales de la provincia.<\/p>\n<p><strong>Significado de sus elementos<\/strong><\/p>\n<p>Cada componente del blas\u00f3n tiene una carga simb\u00f3lica espec\u00edfica vinculada a la historia argentina:<\/p>\n<ul>\n<li><strong>Estrella de plata (centro superior)<\/strong>: Es el emblema principal y representa la paz y la clemencia, adem\u00e1s de la autonom\u00eda provincial.<\/li>\n<li><strong>Campos de colores<\/strong>:<\/li>\n<li style=\"list-style-type: none;\">\n<ul>\n<li><strong>Rojo (superior)<\/strong>: Simboliza el federalismo y el color de la flor del seibo, t\u00edpica de la regi\u00f3n.<\/li>\n<li><strong><strong>Verde (inferior)<\/strong>: Representa la esperanza, la fertilidad de la tierra y el paisaje entrerriano.<\/strong><\/li>\n<\/ul>\n<\/li>\n<li><strong>Dos brazos estrechados<\/strong>: Ubicados en el centro, aluden a la uni\u00f3n, la lucha y la fidelidad a la causa federal.<\/li>\n<li><strong>Sol dorado (parte inferior)<\/strong>: Representa la grandeza, el poder y el nacimiento de una nueva naci\u00f3n.<\/li>\n<li><strong>Ramas de laurel<\/strong>: Rodean la parte inferior del \u00f3valo como s\u00edmbolo de victoria y gloria.<\/li>\n<li><strong>Cord\u00f3n plateado<\/strong>: El borde que rodea todo el escudo simboliza la religiosidad de los antiguos misioneros de la zona.<\/li>\n<\/ul>\n<p><strong>Inscripci\u00f3n<\/strong><\/p>\n<p>En la parte inferior, sobre el sol, suele incluirse la leyenda \u00abUni\u00f3n, Libertad y Fuerza\u00bb, que resume los principios fundamentales que guiaron la creaci\u00f3n de la provincia bajo el mando de figuras como Francisco Ram\u00edrez.<\/p>\n","protected":false},"excerpt":{"rendered":"<p>El escudo de la provincia de Entre R\u00edos fue adoptado oficialmente el 12 de marzo de 1822. Tiene una forma el\u00edptica inspirada en los escudos de guerra griegos <\/p>\n","protected":false},"author":1,"featured_media":19575,"template":"","categoria_ficha":[2188],"class_list":["post-19574","ficha","type-ficha","status-publish","has-post-thumbnail","hentry","categoria_ficha-mapas-de-la-provincia-de-entre-rios"],"yoast_head":"<!-- This site is optimized with the Yoast SEO plugin v27.4 - https:\/\/yoast.com\/product\/yoast-seo-wordpress\/ -->\n<title>Escudo de la provincia de Entre R\u00edos - Galer\u00eda de mapas<\/title>\n<meta name=\"robots\" content=\"index, follow, max-snippet:-1, max-image-preview:large, max-video-preview:-1\" \/>\n<link rel=\"canonical\" href=\"https:\/\/stesa.com\/mapas\/doc\/escudo-de-la-provincia-de-entre-rios\/\" \/>\n<meta property=\"og:locale\" content=\"es_ES\" \/>\n<meta property=\"og:type\" content=\"article\" \/>\n<meta property=\"og:title\" content=\"Escudo de la provincia de Entre R\u00edos - Galer\u00eda de mapas\" \/>\n<meta property=\"og:description\" content=\"El escudo de la provincia de Entre R\u00edos fue adoptado oficialmente el 12 de marzo de 1822. Tiene una forma el\u00edptica inspirada en los escudos de guerra griegos\" \/>\n<meta property=\"og:url\" content=\"https:\/\/stesa.com\/mapas\/doc\/escudo-de-la-provincia-de-entre-rios\/\" \/>\n<meta property=\"og:site_name\" content=\"Galer\u00eda de mapas\" \/>\n<meta property=\"og:image\" content=\"https:\/\/stesa.com\/mapas\/wp-content\/uploads\/19574\/Escudo-de-la-provincia-de-Entre-Rios.png\" \/>\n\t<meta property=\"og:image:width\" content=\"1920\" \/>\n\t<meta property=\"og:image:height\" content=\"2466\" \/>\n\t<meta property=\"og:image:type\" content=\"image\/png\" \/>\n<meta name=\"twitter:card\" content=\"summary_large_image\" \/>\n<meta name=\"twitter:label1\" content=\"Tiempo de lectura\" \/>\n\t<meta name=\"twitter:data1\" content=\"2 minutos\" \/>\n<script type=\"application\/ld+json\" class=\"yoast-schema-graph\">{\"@context\":\"https:\\\/\\\/schema.org\",\"@graph\":[{\"@type\":\"WebPage\",\"@id\":\"https:\\\/\\\/stesa.com\\\/mapas\\\/doc\\\/escudo-de-la-provincia-de-entre-rios\\\/\",\"url\":\"https:\\\/\\\/stesa.com\\\/mapas\\\/doc\\\/escudo-de-la-provincia-de-entre-rios\\\/\",\"name\":\"Escudo de la provincia de Entre R\u00edos - Galer\u00eda de mapas\",\"isPartOf\":{\"@id\":\"https:\\\/\\\/stesa.com\\\/mapas\\\/#website\"},\"primaryImageOfPage\":{\"@id\":\"https:\\\/\\\/stesa.com\\\/mapas\\\/doc\\\/escudo-de-la-provincia-de-entre-rios\\\/#primaryimage\"},\"image\":{\"@id\":\"https:\\\/\\\/stesa.com\\\/mapas\\\/doc\\\/escudo-de-la-provincia-de-entre-rios\\\/#primaryimage\"},\"thumbnailUrl\":\"https:\\\/\\\/stesa.com\\\/mapas\\\/wp-content\\\/uploads\\\/19574\\\/Escudo-de-la-provincia-de-Entre-Rios.png\",\"datePublished\":\"2026-04-19T15:41:43+00:00\",\"breadcrumb\":{\"@id\":\"https:\\\/\\\/stesa.com\\\/mapas\\\/doc\\\/escudo-de-la-provincia-de-entre-rios\\\/#breadcrumb\"},\"inLanguage\":\"es\",\"potentialAction\":[{\"@type\":\"ReadAction\",\"target\":[\"https:\\\/\\\/stesa.com\\\/mapas\\\/doc\\\/escudo-de-la-provincia-de-entre-rios\\\/\"]}]},{\"@type\":\"ImageObject\",\"inLanguage\":\"es\",\"@id\":\"https:\\\/\\\/stesa.com\\\/mapas\\\/doc\\\/escudo-de-la-provincia-de-entre-rios\\\/#primaryimage\",\"url\":\"https:\\\/\\\/stesa.com\\\/mapas\\\/wp-content\\\/uploads\\\/19574\\\/Escudo-de-la-provincia-de-Entre-Rios.png\",\"contentUrl\":\"https:\\\/\\\/stesa.com\\\/mapas\\\/wp-content\\\/uploads\\\/19574\\\/Escudo-de-la-provincia-de-Entre-Rios.png\",\"width\":1920,\"height\":2466,\"caption\":\"Escudo de la provincia de Entre R\u00edos.\"},{\"@type\":\"BreadcrumbList\",\"@id\":\"https:\\\/\\\/stesa.com\\\/mapas\\\/doc\\\/escudo-de-la-provincia-de-entre-rios\\\/#breadcrumb\",\"itemListElement\":[{\"@type\":\"ListItem\",\"position\":1,\"name\":\"Portada\",\"item\":\"https:\\\/\\\/gifex.com\\\/mapas\\\/\"},{\"@type\":\"ListItem\",\"position\":2,\"name\":\"Escudo de la provincia de Entre R\u00edos\"}]},{\"@type\":\"WebSite\",\"@id\":\"https:\\\/\\\/stesa.com\\\/mapas\\\/#website\",\"url\":\"https:\\\/\\\/stesa.com\\\/mapas\\\/\",\"name\":\"Galer\u00eda de mapas\",\"description\":\"\",\"potentialAction\":[{\"@type\":\"SearchAction\",\"target\":{\"@type\":\"EntryPoint\",\"urlTemplate\":\"https:\\\/\\\/stesa.com\\\/mapas\\\/?s={search_term_string}\"},\"query-input\":{\"@type\":\"PropertyValueSpecification\",\"valueRequired\":true,\"valueName\":\"search_term_string\"}}],\"inLanguage\":\"es\"}]}<\/script>\n<!-- \/ Yoast SEO plugin. -->","yoast_head_json":{"title":"Escudo de la provincia de Entre R\u00edos - Galer\u00eda de mapas","robots":{"index":"index","follow":"follow","max-snippet":"max-snippet:-1","max-image-preview":"max-image-preview:large","max-video-preview":"max-video-preview:-1"},"canonical":"https:\/\/stesa.com\/mapas\/doc\/escudo-de-la-provincia-de-entre-rios\/","og_locale":"es_ES","og_type":"article","og_title":"Escudo de la provincia de Entre R\u00edos - Galer\u00eda de mapas","og_description":"El escudo de la provincia de Entre R\u00edos fue adoptado oficialmente el 12 de marzo de 1822. Tiene una forma el\u00edptica inspirada en los escudos de guerra griegos","og_url":"https:\/\/stesa.com\/mapas\/doc\/escudo-de-la-provincia-de-entre-rios\/","og_site_name":"Galer\u00eda de mapas","og_image":[{"width":1920,"height":2466,"url":"https:\/\/stesa.com\/mapas\/wp-content\/uploads\/19574\/Escudo-de-la-provincia-de-Entre-Rios.png","type":"image\/png"}],"twitter_card":"summary_large_image","twitter_misc":{"Tiempo de lectura":"2 minutos"},"schema":{"@context":"https:\/\/schema.org","@graph":[{"@type":"WebPage","@id":"https:\/\/stesa.com\/mapas\/doc\/escudo-de-la-provincia-de-entre-rios\/","url":"https:\/\/stesa.com\/mapas\/doc\/escudo-de-la-provincia-de-entre-rios\/","name":"Escudo de la provincia de Entre R\u00edos - Galer\u00eda de mapas","isPartOf":{"@id":"https:\/\/stesa.com\/mapas\/#website"},"primaryImageOfPage":{"@id":"https:\/\/stesa.com\/mapas\/doc\/escudo-de-la-provincia-de-entre-rios\/#primaryimage"},"image":{"@id":"https:\/\/stesa.com\/mapas\/doc\/escudo-de-la-provincia-de-entre-rios\/#primaryimage"},"thumbnailUrl":"https:\/\/stesa.com\/mapas\/wp-content\/uploads\/19574\/Escudo-de-la-provincia-de-Entre-Rios.png","datePublished":"2026-04-19T15:41:43+00:00","breadcrumb":{"@id":"https:\/\/stesa.com\/mapas\/doc\/escudo-de-la-provincia-de-entre-rios\/#breadcrumb"},"inLanguage":"es","potentialAction":[{"@type":"ReadAction","target":["https:\/\/stesa.com\/mapas\/doc\/escudo-de-la-provincia-de-entre-rios\/"]}]},{"@type":"ImageObject","inLanguage":"es","@id":"https:\/\/stesa.com\/mapas\/doc\/escudo-de-la-provincia-de-entre-rios\/#primaryimage","url":"https:\/\/stesa.com\/mapas\/wp-content\/uploads\/19574\/Escudo-de-la-provincia-de-Entre-Rios.png","contentUrl":"https:\/\/stesa.com\/mapas\/wp-content\/uploads\/19574\/Escudo-de-la-provincia-de-Entre-Rios.png","width":1920,"height":2466,"caption":"Escudo de la provincia de Entre R\u00edos."},{"@type":"BreadcrumbList","@id":"https:\/\/stesa.com\/mapas\/doc\/escudo-de-la-provincia-de-entre-rios\/#breadcrumb","itemListElement":[{"@type":"ListItem","position":1,"name":"Portada","item":"https:\/\/gifex.com\/mapas\/"},{"@type":"ListItem","position":2,"name":"Escudo de la provincia de Entre R\u00edos"}]},{"@type":"WebSite","@id":"https:\/\/stesa.com\/mapas\/#website","url":"https:\/\/stesa.com\/mapas\/","name":"Galer\u00eda de mapas","description":"","potentialAction":[{"@type":"SearchAction","target":{"@type":"EntryPoint","urlTemplate":"https:\/\/stesa.com\/mapas\/?s={search_term_string}"},"query-input":{"@type":"PropertyValueSpecification","valueRequired":true,"valueName":"search_term_string"}}],"inLanguage":"es"}]}},"_links":{"self":[{"href":"https:\/\/stesa.com\/mapas\/wp-json\/wp\/v2\/ficha\/19574","targetHints":{"allow":["GET"]}}],"collection":[{"href":"https:\/\/stesa.com\/mapas\/wp-json\/wp\/v2\/ficha"}],"about":[{"href":"https:\/\/stesa.com\/mapas\/wp-json\/wp\/v2\/types\/ficha"}],"author":[{"embeddable":true,"href":"https:\/\/stesa.com\/mapas\/wp-json\/wp\/v2\/users\/1"}],"version-history":[{"count":1,"href":"https:\/\/stesa.com\/mapas\/wp-json\/wp\/v2\/ficha\/19574\/revisions"}],"predecessor-version":[{"id":19576,"href":"https:\/\/stesa.com\/mapas\/wp-json\/wp\/v2\/ficha\/19574\/revisions\/19576"}],"wp:featuredmedia":[{"embeddable":true,"href":"https:\/\/stesa.com\/mapas\/wp-json\/wp\/v2\/media\/19575"}],"wp:attachment":[{"href":"https:\/\/stesa.com\/mapas\/wp-json\/wp\/v2\/media?parent=19574"}],"wp:term":[{"taxonomy":"categoria_ficha","embeddable":true,"href":"https:\/\/stesa.com\/mapas\/wp-json\/wp\/v2\/categoria_ficha?post=19574"}],"curies":[{"name":"wp","href":"https:\/\/api.w.org\/{rel}","templated":true}]}}

Escudo de la provincia de Entre Ríos

<p>El <strong>escudo de la provincia de Entre Ríos</strong> fue adoptado oficialmente el 12 de marzo de 1822. Tiene una forma elíptica inspirada en los escudos de guerra griegos y se divide en dos campos principales que simbolizan la identidad y los valores federales de la provincia.</p>
<p><strong>Significado de sus elementos</strong></p>
<p>Cada componente del blasón tiene una carga simbólica específica vinculada a la historia argentina:</p>
<ul>
<li><strong>Estrella de plata (centro superior)</strong>: Es el emblema principal y representa la paz y la clemencia, además de la autonomía provincial.</li>
<li><strong>Campos de colores</strong>:</li>
<li style="list-style-type: none;">
<ul>
<li><strong>Rojo (superior)</strong>: Simboliza el federalismo y el color de la flor del seibo, típica de la región.</li>
<li><strong><strong>Verde (inferior)</strong>: Representa la esperanza, la fertilidad de la tierra y el paisaje entrerriano.</strong></li>
</ul>
</li>
<li><strong>Dos brazos estrechados</strong>: Ubicados en el centro, aluden a la unión, la lucha y la fidelidad a la causa federal.</li>
<li><strong>Sol dorado (parte inferior)</strong>: Representa la grandeza, el poder y el nacimiento de una nueva nación.</li>
<li><strong>Ramas de laurel</strong>: Rodean la parte inferior del óvalo como símbolo de victoria y gloria.</li>
<li><strong>Cordón plateado</strong>: El borde que rodea todo el escudo simboliza la religiosidad de los antiguos misioneros de la zona.</li>
</ul>
<p><strong>Inscripción</strong></p>
<p>En la parte inferior, sobre el sol, suele incluirse la leyenda «Unión, Libertad y Fuerza», que resume los principios fundamentales que guiaron la creación de la provincia bajo el mando de figuras como Francisco Ramírez.</p>

<p>El escudo de la provincia de Entre Ríos fue adoptado oficialmente el 12 de marzo de 1822. Tiene una forma elíptica inspirada en los escudos de guerra griegos </p>

<!-- This site is optimized with the Yoast SEO plugin v27.4 - https://yoast.com/product/yoast-seo-wordpress/ -->
<title>Escudo de la provincia de Entre Ríos - Galería de mapas</title>
<meta name="robots" content="index, follow, max-snippet:-1, max-image-preview:large, max-video-preview:-1" />
<link rel="canonical" href="https://stesa.com/mapas/doc/escudo-de-la-provincia-de-entre-rios/" />
<meta property="og:locale" content="es_ES" />
<meta property="og:type" content="article" />
<meta property="og:title" content="Escudo de la provincia de Entre Ríos - Galería de mapas" />
<meta property="og:description" content="El escudo de la provincia de Entre Ríos fue adoptado oficialmente el 12 de marzo de 1822. Tiene una forma elíptica inspirada en los escudos de guerra griegos" />
<meta property="og:url" content="https://stesa.com/mapas/doc/escudo-de-la-provincia-de-entre-rios/" />
<meta property="og:site_name" content="Galería de mapas" />
<meta property="og:image" content="https://stesa.com/mapas/wp-content/uploads/19574/Escudo-de-la-provincia-de-Entre-Rios.png" />
	<meta property="og:image:width" content="1920" />
	<meta property="og:image:height" content="2466" />
	<meta property="og:image:type" content="image/png" />
<meta name="twitter:card" content="summary_large_image" />
<meta name="twitter:label1" content="Tiempo de lectura" />
	<meta name="twitter:data1" content="2 minutos" />
<script type="application/ld+json" class="yoast-schema-graph">{"@context":"https:\/\/schema.org","@graph":[{"@type":"WebPage","@id":"https:\/\/stesa.com\/mapas\/doc\/escudo-de-la-provincia-de-entre-rios\/","url":"https:\/\/stesa.com\/mapas\/doc\/escudo-de-la-provincia-de-entre-rios\/","name":"Escudo de la provincia de Entre Ríos - Galería de mapas","isPartOf":{"@id":"https:\/\/stesa.com\/mapas\/#website"},"primaryImageOfPage":{"@id":"https:\/\/stesa.com\/mapas\/doc\/escudo-de-la-provincia-de-entre-rios\/#primaryimage"},"image":{"@id":"https:\/\/stesa.com\/mapas\/doc\/escudo-de-la-provincia-de-entre-rios\/#primaryimage"},"thumbnailUrl":"https:\/\/stesa.com\/mapas\/wp-content\/uploads\/19574\/Escudo-de-la-provincia-de-Entre-Rios.png","datePublished":"2026-04-19T15:41:43+00:00","breadcrumb":{"@id":"https:\/\/stesa.com\/mapas\/doc\/escudo-de-la-provincia-de-entre-rios\/#breadcrumb"},"inLanguage":"es","potentialAction":[{"@type":"ReadAction","target":["https:\/\/stesa.com\/mapas\/doc\/escudo-de-la-provincia-de-entre-rios\/"]}]},{"@type":"ImageObject","inLanguage":"es","@id":"https:\/\/stesa.com\/mapas\/doc\/escudo-de-la-provincia-de-entre-rios\/#primaryimage","url":"https:\/\/stesa.com\/mapas\/wp-content\/uploads\/19574\/Escudo-de-la-provincia-de-Entre-Rios.png","contentUrl":"https:\/\/stesa.com\/mapas\/wp-content\/uploads\/19574\/Escudo-de-la-provincia-de-Entre-Rios.png","width":1920,"height":2466,"caption":"Escudo de la provincia de Entre Ríos."},{"@type":"BreadcrumbList","@id":"https:\/\/stesa.com\/mapas\/doc\/escudo-de-la-provincia-de-entre-rios\/#breadcrumb","itemListElement":[{"@type":"ListItem","position":1,"name":"Portada","item":"https:\/\/gifex.com\/mapas\/"},{"@type":"ListItem","position":2,"name":"Escudo de la provincia de Entre Ríos"}]},{"@type":"WebSite","@id":"https:\/\/stesa.com\/mapas\/#website","url":"https:\/\/stesa.com\/mapas\/","name":"Galería de mapas","description":"","potentialAction":[{"@type":"SearchAction","target":{"@type":"EntryPoint","urlTemplate":"https:\/\/stesa.com\/mapas\/?s={search_term_string}"},"query-input":{"@type":"PropertyValueSpecification","valueRequired":true,"valueName":"search_term_string"}}],"inLanguage":"es"}]}</script>
<!-- / Yoast SEO plugin. -->

Escudo de la provincia de Entre Ríos - Galería de mapas

El escudo de la provincia de Entre Ríos fue adoptado oficialmente el 12 de marzo de 1822. Tiene una forma elíptica inspirada en los escudos de guerra griegos

Galería de mapas

Escudo de la provincia de Entre Ríos.
