{"id":19568,"date":"2026-04-19T14:17:02","date_gmt":"2026-04-19T14:17:02","guid":{"rendered":"https:\/\/stesa.com\/mapas\/?post_type=ficha&#038;p=19568"},"modified":"2026-04-19T14:17:02","modified_gmt":"2026-04-19T14:17:02","slug":"mapa-de-la-provincia-de-entre-rios","status":"publish","type":"ficha","link":"https:\/\/stesa.com\/mapas\/doc\/mapa-de-la-provincia-de-entre-rios\/","title":{"rendered":"Mapa de la provincia de Entre R\u00edos"},"content":{"rendered":"<p style=\"text-align: center;\"><label style=\"font-size: 15px;\">Mapa de la provincia de Entre R\u00edos <a href=\"https:\/\/stesa.com\/mapas\/wp-content\/uploads\/19568\/Mapa-de-la-provincia-de-Entre-Rios.pdf\" target=\"_blank\" rel=\"noopener\">(formato PDF)<\/a>.<\/label><\/p>\n<p><strong>Provincia de Entre R\u00edos<\/strong><\/p>\n<p>Entre R\u00edos, es una de las veintitr\u00e9s provincias que conforman la Rep\u00fablica Argentina.<\/p>\n<ul>\n<li>Capital: Paran\u00e1<\/li>\n<li>Ciudad m\u00e1s poblada: Gran Paran\u00e1<\/li>\n<li>Poblaci\u00f3n en 2022: 1 425 578 habitantes<\/li>\n<li>Superficie: 78 781 km\u00b2<\/li>\n<\/ul>\n<p>La actividad econ\u00f3mica de la provincia se sustenta principalmente en la agricultura, la ganader\u00eda y el turismo y en menor medida en la miner\u00eda y la industria.<\/p>\n<ul>\n<li>Actividad agr\u00edcola: se caracteriza por el cultivo de arroz, soja, trigo, ma\u00edz, c\u00edtricos, ar\u00e1ndanos, nueces de pec\u00e1n y la forestaci\u00f3n de eucaliptus. Es la primera productora nacional de mandarinas, naranjas y nueces de pec\u00e1n, y la segunda de pomelos. En cuanto a su producci\u00f3n de arroz, era la primera, hasta 2002, que fue superada por Corrientes.[65]<\/li>\n<li>Actividad ganadera: hay un claro predominio del sector vacuno y av\u00edcola. En menor escala est\u00e1 la producci\u00f3n de ovinos. La actividad ganadera obtuvo un impulso cuando la provincia fue declarada libre de aftosa.<\/li>\n<li>Actividad industrial: tiene un fuerte v\u00ednculo con el sector agropecuario, destac\u00e1ndose la elaboraci\u00f3n de alimentos y bebidas, molinos harineros, molinos arroceros y frigor\u00edficos. Tambi\u00e9n existen industrias relacionadas con la madera, los productos qu\u00edmicos, la metalurgia y las maquinarias.<\/li>\n<\/ul>\n<figure id=\"attachment_19571\" aria-describedby=\"caption-attachment-19571\" style=\"width: 400px\" class=\"wp-caption aligncenter\"><a href=\"https:\/\/stesa.com\/mapas\/wp-content\/uploads\/19568\/Mapa-satelital-de-la-provincia-de-Entre-Rios.jpg\" target=\"_blank\" rel=\"noopener\"><img loading=\"lazy\" decoding=\"async\" class=\"wp-image-19571\" title=\"Mapa satelital de la provincia de Entre R\u00edos.\" src=\"https:\/\/stesa.com\/mapas\/wp-content\/uploads\/19568\/Mapa-satelital-de-la-provincia-de-Entre-Rios-207x300.jpg\" alt=\"Mapa satelital de la provincia de Entre R\u00edos.\" width=\"400\" height=\"580\" srcset=\"https:\/\/stesa.com\/mapas\/wp-content\/uploads\/19568\/Mapa-satelital-de-la-provincia-de-Entre-Rios-207x300.jpg 207w, https:\/\/stesa.com\/mapas\/wp-content\/uploads\/19568\/Mapa-satelital-de-la-provincia-de-Entre-Rios-707x1024.jpg 707w, https:\/\/stesa.com\/mapas\/wp-content\/uploads\/19568\/Mapa-satelital-de-la-provincia-de-Entre-Rios-768x1113.jpg 768w, https:\/\/stesa.com\/mapas\/wp-content\/uploads\/19568\/Mapa-satelital-de-la-provincia-de-Entre-Rios-1060x1536.jpg 1060w, https:\/\/stesa.com\/mapas\/wp-content\/uploads\/19568\/Mapa-satelital-de-la-provincia-de-Entre-Rios-1413x2048.jpg 1413w, https:\/\/stesa.com\/mapas\/wp-content\/uploads\/19568\/Mapa-satelital-de-la-provincia-de-Entre-Rios-300x435.jpg 300w, https:\/\/stesa.com\/mapas\/wp-content\/uploads\/19568\/Mapa-satelital-de-la-provincia-de-Entre-Rios-1104x1600.jpg 1104w\" sizes=\"auto, (max-width: 400px) 100vw, 400px\" \/><\/a><figcaption id=\"caption-attachment-19571\" class=\"wp-caption-text\"><label style=\"font-size: 15px;\">Mapa satelital de la provincia de Entre R\u00edos <a href=\"https:\/\/stesa.com\/mapas\/wp-content\/uploads\/19568\/Mapa-satelital-de-la-provincia-de-Entre-Rios.pdf\" target=\"_blank\" rel=\"noopener\">(formato PDF)<\/a>.<\/label><\/figcaption><\/figure>\n","protected":false},"excerpt":{"rendered":"<p>Entre R\u00edos, es una de las veintitr\u00e9s provincias que conforman la Rep\u00fablica Argentina. Capital: Paran\u00e1. Ciudad m\u00e1s poblada: Gran Paran\u00e1.Poblaci\u00f3n en 2022 &#8230;<\/p>\n","protected":false},"author":1,"featured_media":19569,"template":"","categoria_ficha":[2188],"class_list":["post-19568","ficha","type-ficha","status-publish","has-post-thumbnail","hentry","categoria_ficha-mapas-de-la-provincia-de-entre-rios"],"yoast_head":"<!-- This site is optimized with the Yoast SEO plugin v27.4 - https:\/\/yoast.com\/product\/yoast-seo-wordpress\/ -->\n<title>Mapa de la provincia de Entre R\u00edos - Galer\u00eda de mapas<\/title>\n<meta name=\"robots\" content=\"index, follow, max-snippet:-1, max-image-preview:large, max-video-preview:-1\" \/>\n<link rel=\"canonical\" href=\"https:\/\/stesa.com\/mapas\/doc\/mapa-de-la-provincia-de-entre-rios\/\" \/>\n<meta property=\"og:locale\" content=\"es_ES\" \/>\n<meta property=\"og:type\" content=\"article\" \/>\n<meta property=\"og:title\" content=\"Mapa de la provincia de Entre R\u00edos - Galer\u00eda de mapas\" \/>\n<meta property=\"og:description\" content=\"Entre R\u00edos, es una de las veintitr\u00e9s provincias que conforman la Rep\u00fablica Argentina. Capital: Paran\u00e1. Ciudad m\u00e1s poblada: Gran Paran\u00e1.Poblaci\u00f3n en 2022 ...\" \/>\n<meta property=\"og:url\" content=\"https:\/\/stesa.com\/mapas\/doc\/mapa-de-la-provincia-de-entre-rios\/\" \/>\n<meta property=\"og:site_name\" content=\"Galer\u00eda de mapas\" \/>\n<meta property=\"og:image\" content=\"https:\/\/stesa.com\/mapas\/wp-content\/uploads\/19568\/Mapa-de-la-provincia-de-Entre-Rios-742x1024.jpeg\" \/>\n\t<meta property=\"og:image:width\" content=\"742\" \/>\n\t<meta property=\"og:image:height\" content=\"1024\" \/>\n\t<meta property=\"og:image:type\" content=\"image\/jpeg\" \/>\n<meta name=\"twitter:card\" content=\"summary_large_image\" \/>\n<meta name=\"twitter:label1\" content=\"Tiempo de lectura\" \/>\n\t<meta name=\"twitter:data1\" content=\"2 minutos\" \/>\n<script type=\"application\/ld+json\" class=\"yoast-schema-graph\">{\"@context\":\"https:\\\/\\\/schema.org\",\"@graph\":[{\"@type\":\"WebPage\",\"@id\":\"https:\\\/\\\/stesa.com\\\/mapas\\\/doc\\\/mapa-de-la-provincia-de-entre-rios\\\/\",\"url\":\"https:\\\/\\\/stesa.com\\\/mapas\\\/doc\\\/mapa-de-la-provincia-de-entre-rios\\\/\",\"name\":\"Mapa de la provincia de Entre R\u00edos - Galer\u00eda de mapas\",\"isPartOf\":{\"@id\":\"https:\\\/\\\/stesa.com\\\/mapas\\\/#website\"},\"primaryImageOfPage\":{\"@id\":\"https:\\\/\\\/stesa.com\\\/mapas\\\/doc\\\/mapa-de-la-provincia-de-entre-rios\\\/#primaryimage\"},\"image\":{\"@id\":\"https:\\\/\\\/stesa.com\\\/mapas\\\/doc\\\/mapa-de-la-provincia-de-entre-rios\\\/#primaryimage\"},\"thumbnailUrl\":\"https:\\\/\\\/stesa.com\\\/mapas\\\/wp-content\\\/uploads\\\/19568\\\/Mapa-de-la-provincia-de-Entre-Rios.jpeg\",\"datePublished\":\"2026-04-19T14:17:02+00:00\",\"breadcrumb\":{\"@id\":\"https:\\\/\\\/stesa.com\\\/mapas\\\/doc\\\/mapa-de-la-provincia-de-entre-rios\\\/#breadcrumb\"},\"inLanguage\":\"es\",\"potentialAction\":[{\"@type\":\"ReadAction\",\"target\":[\"https:\\\/\\\/stesa.com\\\/mapas\\\/doc\\\/mapa-de-la-provincia-de-entre-rios\\\/\"]}]},{\"@type\":\"ImageObject\",\"inLanguage\":\"es\",\"@id\":\"https:\\\/\\\/stesa.com\\\/mapas\\\/doc\\\/mapa-de-la-provincia-de-entre-rios\\\/#primaryimage\",\"url\":\"https:\\\/\\\/stesa.com\\\/mapas\\\/wp-content\\\/uploads\\\/19568\\\/Mapa-de-la-provincia-de-Entre-Rios.jpeg\",\"contentUrl\":\"https:\\\/\\\/stesa.com\\\/mapas\\\/wp-content\\\/uploads\\\/19568\\\/Mapa-de-la-provincia-de-Entre-Rios.jpeg\",\"width\":2347,\"height\":3240,\"caption\":\"Mapa de la provincia de Entre R\u00edos.\"},{\"@type\":\"BreadcrumbList\",\"@id\":\"https:\\\/\\\/stesa.com\\\/mapas\\\/doc\\\/mapa-de-la-provincia-de-entre-rios\\\/#breadcrumb\",\"itemListElement\":[{\"@type\":\"ListItem\",\"position\":1,\"name\":\"Portada\",\"item\":\"https:\\\/\\\/gifex.com\\\/mapas\\\/\"},{\"@type\":\"ListItem\",\"position\":2,\"name\":\"Mapa de la provincia de Entre R\u00edos\"}]},{\"@type\":\"WebSite\",\"@id\":\"https:\\\/\\\/stesa.com\\\/mapas\\\/#website\",\"url\":\"https:\\\/\\\/stesa.com\\\/mapas\\\/\",\"name\":\"Galer\u00eda de mapas\",\"description\":\"\",\"potentialAction\":[{\"@type\":\"SearchAction\",\"target\":{\"@type\":\"EntryPoint\",\"urlTemplate\":\"https:\\\/\\\/stesa.com\\\/mapas\\\/?s={search_term_string}\"},\"query-input\":{\"@type\":\"PropertyValueSpecification\",\"valueRequired\":true,\"valueName\":\"search_term_string\"}}],\"inLanguage\":\"es\"}]}<\/script>\n<!-- \/ Yoast SEO plugin. -->","yoast_head_json":{"title":"Mapa de la provincia de Entre R\u00edos - Galer\u00eda de mapas","robots":{"index":"index","follow":"follow","max-snippet":"max-snippet:-1","max-image-preview":"max-image-preview:large","max-video-preview":"max-video-preview:-1"},"canonical":"https:\/\/stesa.com\/mapas\/doc\/mapa-de-la-provincia-de-entre-rios\/","og_locale":"es_ES","og_type":"article","og_title":"Mapa de la provincia de Entre R\u00edos - Galer\u00eda de mapas","og_description":"Entre R\u00edos, es una de las veintitr\u00e9s provincias que conforman la Rep\u00fablica Argentina. Capital: Paran\u00e1. Ciudad m\u00e1s poblada: Gran Paran\u00e1.Poblaci\u00f3n en 2022 ...","og_url":"https:\/\/stesa.com\/mapas\/doc\/mapa-de-la-provincia-de-entre-rios\/","og_site_name":"Galer\u00eda de mapas","og_image":[{"width":742,"height":1024,"url":"https:\/\/stesa.com\/mapas\/wp-content\/uploads\/19568\/Mapa-de-la-provincia-de-Entre-Rios-742x1024.jpeg","type":"image\/jpeg"}],"twitter_card":"summary_large_image","twitter_misc":{"Tiempo de lectura":"2 minutos"},"schema":{"@context":"https:\/\/schema.org","@graph":[{"@type":"WebPage","@id":"https:\/\/stesa.com\/mapas\/doc\/mapa-de-la-provincia-de-entre-rios\/","url":"https:\/\/stesa.com\/mapas\/doc\/mapa-de-la-provincia-de-entre-rios\/","name":"Mapa de la provincia de Entre R\u00edos - Galer\u00eda de mapas","isPartOf":{"@id":"https:\/\/stesa.com\/mapas\/#website"},"primaryImageOfPage":{"@id":"https:\/\/stesa.com\/mapas\/doc\/mapa-de-la-provincia-de-entre-rios\/#primaryimage"},"image":{"@id":"https:\/\/stesa.com\/mapas\/doc\/mapa-de-la-provincia-de-entre-rios\/#primaryimage"},"thumbnailUrl":"https:\/\/stesa.com\/mapas\/wp-content\/uploads\/19568\/Mapa-de-la-provincia-de-Entre-Rios.jpeg","datePublished":"2026-04-19T14:17:02+00:00","breadcrumb":{"@id":"https:\/\/stesa.com\/mapas\/doc\/mapa-de-la-provincia-de-entre-rios\/#breadcrumb"},"inLanguage":"es","potentialAction":[{"@type":"ReadAction","target":["https:\/\/stesa.com\/mapas\/doc\/mapa-de-la-provincia-de-entre-rios\/"]}]},{"@type":"ImageObject","inLanguage":"es","@id":"https:\/\/stesa.com\/mapas\/doc\/mapa-de-la-provincia-de-entre-rios\/#primaryimage","url":"https:\/\/stesa.com\/mapas\/wp-content\/uploads\/19568\/Mapa-de-la-provincia-de-Entre-Rios.jpeg","contentUrl":"https:\/\/stesa.com\/mapas\/wp-content\/uploads\/19568\/Mapa-de-la-provincia-de-Entre-Rios.jpeg","width":2347,"height":3240,"caption":"Mapa de la provincia de Entre R\u00edos."},{"@type":"BreadcrumbList","@id":"https:\/\/stesa.com\/mapas\/doc\/mapa-de-la-provincia-de-entre-rios\/#breadcrumb","itemListElement":[{"@type":"ListItem","position":1,"name":"Portada","item":"https:\/\/gifex.com\/mapas\/"},{"@type":"ListItem","position":2,"name":"Mapa de la provincia de Entre R\u00edos"}]},{"@type":"WebSite","@id":"https:\/\/stesa.com\/mapas\/#website","url":"https:\/\/stesa.com\/mapas\/","name":"Galer\u00eda de mapas","description":"","potentialAction":[{"@type":"SearchAction","target":{"@type":"EntryPoint","urlTemplate":"https:\/\/stesa.com\/mapas\/?s={search_term_string}"},"query-input":{"@type":"PropertyValueSpecification","valueRequired":true,"valueName":"search_term_string"}}],"inLanguage":"es"}]}},"_links":{"self":[{"href":"https:\/\/stesa.com\/mapas\/wp-json\/wp\/v2\/ficha\/19568","targetHints":{"allow":["GET"]}}],"collection":[{"href":"https:\/\/stesa.com\/mapas\/wp-json\/wp\/v2\/ficha"}],"about":[{"href":"https:\/\/stesa.com\/mapas\/wp-json\/wp\/v2\/types\/ficha"}],"author":[{"embeddable":true,"href":"https:\/\/stesa.com\/mapas\/wp-json\/wp\/v2\/users\/1"}],"version-history":[{"count":1,"href":"https:\/\/stesa.com\/mapas\/wp-json\/wp\/v2\/ficha\/19568\/revisions"}],"predecessor-version":[{"id":19573,"href":"https:\/\/stesa.com\/mapas\/wp-json\/wp\/v2\/ficha\/19568\/revisions\/19573"}],"wp:featuredmedia":[{"embeddable":true,"href":"https:\/\/stesa.com\/mapas\/wp-json\/wp\/v2\/media\/19569"}],"wp:attachment":[{"href":"https:\/\/stesa.com\/mapas\/wp-json\/wp\/v2\/media?parent=19568"}],"wp:term":[{"taxonomy":"categoria_ficha","embeddable":true,"href":"https:\/\/stesa.com\/mapas\/wp-json\/wp\/v2\/categoria_ficha?post=19568"}],"curies":[{"name":"wp","href":"https:\/\/api.w.org\/{rel}","templated":true}]}}

Mapa de la provincia de Entre Ríos

<p style="text-align: center;"><label style="font-size: 15px;">Mapa de la provincia de Entre Ríos <a href="https://stesa.com/mapas/wp-content/uploads/19568/Mapa-de-la-provincia-de-Entre-Rios.pdf" target="_blank" rel="noopener">(formato PDF)</a>.</label></p>
<p><strong>Provincia de Entre Ríos</strong></p>
<p>Entre Ríos, es una de las veintitrés provincias que conforman la República Argentina.</p>
<ul>
<li>Capital: Paraná</li>
<li>Ciudad más poblada: Gran Paraná</li>
<li>Población en 2022: 1 425 578 habitantes</li>
<li>Superficie: 78 781 km²</li>
</ul>
<p>La actividad económica de la provincia se sustenta principalmente en la agricultura, la ganadería y el turismo y en menor medida en la minería y la industria.</p>
<ul>
<li>Actividad agrícola: se caracteriza por el cultivo de arroz, soja, trigo, maíz, cítricos, arándanos, nueces de pecán y la forestación de eucaliptus. Es la primera productora nacional de mandarinas, naranjas y nueces de pecán, y la segunda de pomelos. En cuanto a su producción de arroz, era la primera, hasta 2002, que fue superada por Corrientes.[65]</li>
<li>Actividad ganadera: hay un claro predominio del sector vacuno y avícola. En menor escala está la producción de ovinos. La actividad ganadera obtuvo un impulso cuando la provincia fue declarada libre de aftosa.</li>
<li>Actividad industrial: tiene un fuerte vínculo con el sector agropecuario, destacándose la elaboración de alimentos y bebidas, molinos harineros, molinos arroceros y frigoríficos. También existen industrias relacionadas con la madera, los productos químicos, la metalurgia y las maquinarias.</li>
</ul>
<figure id="attachment_19571" aria-describedby="caption-attachment-19571" style="width: 400px" class="wp-caption aligncenter"><a href="https://stesa.com/mapas/wp-content/uploads/19568/Mapa-satelital-de-la-provincia-de-Entre-Rios.jpg" target="_blank" rel="noopener"><img loading="lazy" decoding="async" class="wp-image-19571" title="Mapa satelital de la provincia de Entre Ríos." src="https://stesa.com/mapas/wp-content/uploads/19568/Mapa-satelital-de-la-provincia-de-Entre-Rios-207x300.jpg" alt="Mapa satelital de la provincia de Entre Ríos." width="400" height="580" srcset="https://stesa.com/mapas/wp-content/uploads/19568/Mapa-satelital-de-la-provincia-de-Entre-Rios-207x300.jpg 207w, https://stesa.com/mapas/wp-content/uploads/19568/Mapa-satelital-de-la-provincia-de-Entre-Rios-707x1024.jpg 707w, https://stesa.com/mapas/wp-content/uploads/19568/Mapa-satelital-de-la-provincia-de-Entre-Rios-768x1113.jpg 768w, https://stesa.com/mapas/wp-content/uploads/19568/Mapa-satelital-de-la-provincia-de-Entre-Rios-1060x1536.jpg 1060w, https://stesa.com/mapas/wp-content/uploads/19568/Mapa-satelital-de-la-provincia-de-Entre-Rios-1413x2048.jpg 1413w, https://stesa.com/mapas/wp-content/uploads/19568/Mapa-satelital-de-la-provincia-de-Entre-Rios-300x435.jpg 300w, https://stesa.com/mapas/wp-content/uploads/19568/Mapa-satelital-de-la-provincia-de-Entre-Rios-1104x1600.jpg 1104w" sizes="auto, (max-width: 400px) 100vw, 400px" /></a><figcaption id="caption-attachment-19571" class="wp-caption-text"><label style="font-size: 15px;">Mapa satelital de la provincia de Entre Ríos <a href="https://stesa.com/mapas/wp-content/uploads/19568/Mapa-satelital-de-la-provincia-de-Entre-Rios.pdf" target="_blank" rel="noopener">(formato PDF)</a>.</label></figcaption></figure>

<p>Entre Ríos, es una de las veintitrés provincias que conforman la República Argentina. Capital: Paraná. Ciudad más poblada: Gran Paraná.Población en 2022 &#8230;</p>

<!-- This site is optimized with the Yoast SEO plugin v27.4 - https://yoast.com/product/yoast-seo-wordpress/ -->
<title>Mapa de la provincia de Entre Ríos - Galería de mapas</title>
<meta name="robots" content="index, follow, max-snippet:-1, max-image-preview:large, max-video-preview:-1" />
<link rel="canonical" href="https://stesa.com/mapas/doc/mapa-de-la-provincia-de-entre-rios/" />
<meta property="og:locale" content="es_ES" />
<meta property="og:type" content="article" />
<meta property="og:title" content="Mapa de la provincia de Entre Ríos - Galería de mapas" />
<meta property="og:description" content="Entre Ríos, es una de las veintitrés provincias que conforman la República Argentina. Capital: Paraná. Ciudad más poblada: Gran Paraná.Población en 2022 ..." />
<meta property="og:url" content="https://stesa.com/mapas/doc/mapa-de-la-provincia-de-entre-rios/" />
<meta property="og:site_name" content="Galería de mapas" />
<meta property="og:image" content="https://stesa.com/mapas/wp-content/uploads/19568/Mapa-de-la-provincia-de-Entre-Rios-742x1024.jpeg" />
	<meta property="og:image:width" content="742" />
	<meta property="og:image:height" content="1024" />
	<meta property="og:image:type" content="image/jpeg" />
<meta name="twitter:card" content="summary_large_image" />
<meta name="twitter:label1" content="Tiempo de lectura" />
	<meta name="twitter:data1" content="2 minutos" />
<script type="application/ld+json" class="yoast-schema-graph">{"@context":"https:\/\/schema.org","@graph":[{"@type":"WebPage","@id":"https:\/\/stesa.com\/mapas\/doc\/mapa-de-la-provincia-de-entre-rios\/","url":"https:\/\/stesa.com\/mapas\/doc\/mapa-de-la-provincia-de-entre-rios\/","name":"Mapa de la provincia de Entre Ríos - Galería de mapas","isPartOf":{"@id":"https:\/\/stesa.com\/mapas\/#website"},"primaryImageOfPage":{"@id":"https:\/\/stesa.com\/mapas\/doc\/mapa-de-la-provincia-de-entre-rios\/#primaryimage"},"image":{"@id":"https:\/\/stesa.com\/mapas\/doc\/mapa-de-la-provincia-de-entre-rios\/#primaryimage"},"thumbnailUrl":"https:\/\/stesa.com\/mapas\/wp-content\/uploads\/19568\/Mapa-de-la-provincia-de-Entre-Rios.jpeg","datePublished":"2026-04-19T14:17:02+00:00","breadcrumb":{"@id":"https:\/\/stesa.com\/mapas\/doc\/mapa-de-la-provincia-de-entre-rios\/#breadcrumb"},"inLanguage":"es","potentialAction":[{"@type":"ReadAction","target":["https:\/\/stesa.com\/mapas\/doc\/mapa-de-la-provincia-de-entre-rios\/"]}]},{"@type":"ImageObject","inLanguage":"es","@id":"https:\/\/stesa.com\/mapas\/doc\/mapa-de-la-provincia-de-entre-rios\/#primaryimage","url":"https:\/\/stesa.com\/mapas\/wp-content\/uploads\/19568\/Mapa-de-la-provincia-de-Entre-Rios.jpeg","contentUrl":"https:\/\/stesa.com\/mapas\/wp-content\/uploads\/19568\/Mapa-de-la-provincia-de-Entre-Rios.jpeg","width":2347,"height":3240,"caption":"Mapa de la provincia de Entre Ríos."},{"@type":"BreadcrumbList","@id":"https:\/\/stesa.com\/mapas\/doc\/mapa-de-la-provincia-de-entre-rios\/#breadcrumb","itemListElement":[{"@type":"ListItem","position":1,"name":"Portada","item":"https:\/\/gifex.com\/mapas\/"},{"@type":"ListItem","position":2,"name":"Mapa de la provincia de Entre Ríos"}]},{"@type":"WebSite","@id":"https:\/\/stesa.com\/mapas\/#website","url":"https:\/\/stesa.com\/mapas\/","name":"Galería de mapas","description":"","potentialAction":[{"@type":"SearchAction","target":{"@type":"EntryPoint","urlTemplate":"https:\/\/stesa.com\/mapas\/?s={search_term_string}"},"query-input":{"@type":"PropertyValueSpecification","valueRequired":true,"valueName":"search_term_string"}}],"inLanguage":"es"}]}</script>
<!-- / Yoast SEO plugin. -->

Mapa de la provincia de Entre Ríos - Galería de mapas

Entre Ríos, es una de las veintitrés provincias que conforman la República Argentina. Capital: Paraná. Ciudad más poblada: Gran Paraná.Población en 2022 ...

Galería de mapas

Mapa de la provincia de Entre Ríos.
