{"id":19407,"date":"2026-04-18T10:29:29","date_gmt":"2026-04-18T10:29:29","guid":{"rendered":"https:\/\/stesa.com\/mapas\/?post_type=ficha&#038;p=19407"},"modified":"2026-04-18T10:29:29","modified_gmt":"2026-04-18T10:29:29","slug":"mapa-politico-de-la-provincia-de-catamarca","status":"publish","type":"ficha","link":"https:\/\/stesa.com\/mapas\/doc\/mapa-politico-de-la-provincia-de-catamarca\/","title":{"rendered":"Mapa pol\u00edtico de la provincia de Catamarca"},"content":{"rendered":"<p style=\"text-align: center;\"><label style=\"font-size: 15px;\">Mapa pol\u00edtico de la provincia de Catamarca <a href=\"https:\/\/stesa.com\/mapas\/wp-content\/uploads\/19407\/Mapa-politico-de-la-provincia-de-Catamarca.pdf\" target=\"_blank\" rel=\"noopener\">(formato PDF)<\/a>.<\/label><\/p>\n<p><strong>Divisi\u00f3n pol\u00edtico-administrativa de la provincia de Catamarca<\/strong><\/p>\n<p>La provincia de Catamarca, en Argentina, se divide pol\u00edticamente en 16 departamentos. Cada departamento posee una ciudad cabecera y gobiernos municipales o comisiones locales seg\u00fan su poblaci\u00f3n y organizaci\u00f3n territorial.<\/p>\n<p><strong>Departamentos de Catamarca<\/strong><\/p>\n<ol>\n<li>Ambato<\/li>\n<li>Ancasti<\/li>\n<li>Andalgal\u00e1<\/li>\n<li>Antofagasta de la Sierra<\/li>\n<li>Bel\u00e9n<\/li>\n<li>Capay\u00e1n<\/li>\n<li>Capital<\/li>\n<li>El Alto<\/li>\n<li>Fray Mamerto Esqui\u00fa<\/li>\n<li>La Paz<\/li>\n<li>Pacl\u00edn<\/li>\n<li>Pom\u00e1n<\/li>\n<li>Santa Mar\u00eda<\/li>\n<li>Santa Rosa<\/li>\n<li>Tinogasta<\/li>\n<li>Valle Viejo<\/li>\n<\/ol>\n<p><strong>Organizaci\u00f3n local<\/strong><\/p>\n<p>Dentro de estos departamentos existen municipios, concejos deliberantes y localidades rurales que administran servicios p\u00fablicos, ordenamiento urbano y desarrollo local.<\/p>\n<figure id=\"attachment_19410\" aria-describedby=\"caption-attachment-19410\" style=\"width: 400px\" class=\"wp-caption aligncenter\"><a href=\"https:\/\/stesa.com\/mapas\/wp-content\/uploads\/19407\/Division-politico-administrativa-de-la-provincia-de-Catamarca.jpg\" target=\"_blank\" rel=\"noopener\"><img loading=\"lazy\" decoding=\"async\" class=\"wp-image-19410\" title=\"Divisi\u00f3n pol\u00edtico-administrativa de la provincia de Catamarca.\" src=\"https:\/\/stesa.com\/mapas\/wp-content\/uploads\/19407\/Division-politico-administrativa-de-la-provincia-de-Catamarca-214x300.jpg\" alt=\"Divisi\u00f3n pol\u00edtico-administrativa de la provincia de Catamarca.\" width=\"400\" height=\"560\" srcset=\"https:\/\/stesa.com\/mapas\/wp-content\/uploads\/19407\/Division-politico-administrativa-de-la-provincia-de-Catamarca-214x300.jpg 214w, https:\/\/stesa.com\/mapas\/wp-content\/uploads\/19407\/Division-politico-administrativa-de-la-provincia-de-Catamarca-731x1024.jpg 731w, https:\/\/stesa.com\/mapas\/wp-content\/uploads\/19407\/Division-politico-administrativa-de-la-provincia-de-Catamarca-768x1075.jpg 768w, https:\/\/stesa.com\/mapas\/wp-content\/uploads\/19407\/Division-politico-administrativa-de-la-provincia-de-Catamarca-1097x1536.jpg 1097w, https:\/\/stesa.com\/mapas\/wp-content\/uploads\/19407\/Division-politico-administrativa-de-la-provincia-de-Catamarca-300x420.jpg 300w, https:\/\/stesa.com\/mapas\/wp-content\/uploads\/19407\/Division-politico-administrativa-de-la-provincia-de-Catamarca-1143x1600.jpg 1143w, https:\/\/stesa.com\/mapas\/wp-content\/uploads\/19407\/Division-politico-administrativa-de-la-provincia-de-Catamarca.jpg 1200w\" sizes=\"auto, (max-width: 400px) 100vw, 400px\" \/><\/a><figcaption id=\"caption-attachment-19410\" class=\"wp-caption-text\"><label style=\"font-size: 15px;\">Divisi\u00f3n pol\u00edtico-administrativa de la provincia de Catamarca <a href=\"https:\/\/stesa.com\/mapas\/wp-content\/uploads\/19407\/Division-politico-administrativa-de-la-provincia-de-Catamarca.pdf\" target=\"_blank\" rel=\"noopener\">(formato PDF)<\/a>.<\/label><\/figcaption><\/figure>\n","protected":false},"excerpt":{"rendered":"<p>Divisi\u00f3n pol\u00edtico-administrativa de la provincia de Catamarca. La provincia de Catamarca, en Argentina, se divide pol\u00edticamente en 16 departamentos. <\/p>\n","protected":false},"author":1,"featured_media":19408,"template":"","categoria_ficha":[2183],"class_list":["post-19407","ficha","type-ficha","status-publish","has-post-thumbnail","hentry","categoria_ficha-mapas-de-la-provincia-de-catamarca"],"yoast_head":"<!-- This site is optimized with the Yoast SEO plugin v27.4 - https:\/\/yoast.com\/product\/yoast-seo-wordpress\/ -->\n<title>Mapa pol\u00edtico de la provincia de Catamarca - Galer\u00eda de mapas<\/title>\n<meta name=\"robots\" content=\"index, follow, max-snippet:-1, max-image-preview:large, max-video-preview:-1\" \/>\n<link rel=\"canonical\" href=\"https:\/\/stesa.com\/mapas\/doc\/mapa-politico-de-la-provincia-de-catamarca\/\" \/>\n<meta property=\"og:locale\" content=\"es_ES\" \/>\n<meta property=\"og:type\" content=\"article\" \/>\n<meta property=\"og:title\" content=\"Mapa pol\u00edtico de la provincia de Catamarca - Galer\u00eda de mapas\" \/>\n<meta property=\"og:description\" content=\"Divisi\u00f3n pol\u00edtico-administrativa de la provincia de Catamarca. La provincia de Catamarca, en Argentina, se divide pol\u00edticamente en 16 departamentos.\" \/>\n<meta property=\"og:url\" content=\"https:\/\/stesa.com\/mapas\/doc\/mapa-politico-de-la-provincia-de-catamarca\/\" \/>\n<meta property=\"og:site_name\" content=\"Galer\u00eda de mapas\" \/>\n<meta property=\"og:image\" content=\"https:\/\/stesa.com\/mapas\/wp-content\/uploads\/19407\/Mapa-politico-de-la-provincia-de-Catamarca-711x1024.jpg\" \/>\n\t<meta property=\"og:image:width\" content=\"711\" \/>\n\t<meta property=\"og:image:height\" content=\"1024\" \/>\n\t<meta property=\"og:image:type\" content=\"image\/jpeg\" \/>\n<meta name=\"twitter:card\" content=\"summary_large_image\" \/>\n<meta name=\"twitter:label1\" content=\"Tiempo de lectura\" \/>\n\t<meta name=\"twitter:data1\" content=\"1 minuto\" \/>\n<script type=\"application\/ld+json\" class=\"yoast-schema-graph\">{\"@context\":\"https:\\\/\\\/schema.org\",\"@graph\":[{\"@type\":\"WebPage\",\"@id\":\"https:\\\/\\\/stesa.com\\\/mapas\\\/doc\\\/mapa-politico-de-la-provincia-de-catamarca\\\/\",\"url\":\"https:\\\/\\\/stesa.com\\\/mapas\\\/doc\\\/mapa-politico-de-la-provincia-de-catamarca\\\/\",\"name\":\"Mapa pol\u00edtico de la provincia de Catamarca - Galer\u00eda de mapas\",\"isPartOf\":{\"@id\":\"https:\\\/\\\/stesa.com\\\/mapas\\\/#website\"},\"primaryImageOfPage\":{\"@id\":\"https:\\\/\\\/stesa.com\\\/mapas\\\/doc\\\/mapa-politico-de-la-provincia-de-catamarca\\\/#primaryimage\"},\"image\":{\"@id\":\"https:\\\/\\\/stesa.com\\\/mapas\\\/doc\\\/mapa-politico-de-la-provincia-de-catamarca\\\/#primaryimage\"},\"thumbnailUrl\":\"https:\\\/\\\/stesa.com\\\/mapas\\\/wp-content\\\/uploads\\\/19407\\\/Mapa-politico-de-la-provincia-de-Catamarca.jpg\",\"datePublished\":\"2026-04-18T10:29:29+00:00\",\"breadcrumb\":{\"@id\":\"https:\\\/\\\/stesa.com\\\/mapas\\\/doc\\\/mapa-politico-de-la-provincia-de-catamarca\\\/#breadcrumb\"},\"inLanguage\":\"es\",\"potentialAction\":[{\"@type\":\"ReadAction\",\"target\":[\"https:\\\/\\\/stesa.com\\\/mapas\\\/doc\\\/mapa-politico-de-la-provincia-de-catamarca\\\/\"]}]},{\"@type\":\"ImageObject\",\"inLanguage\":\"es\",\"@id\":\"https:\\\/\\\/stesa.com\\\/mapas\\\/doc\\\/mapa-politico-de-la-provincia-de-catamarca\\\/#primaryimage\",\"url\":\"https:\\\/\\\/stesa.com\\\/mapas\\\/wp-content\\\/uploads\\\/19407\\\/Mapa-politico-de-la-provincia-de-Catamarca.jpg\",\"contentUrl\":\"https:\\\/\\\/stesa.com\\\/mapas\\\/wp-content\\\/uploads\\\/19407\\\/Mapa-politico-de-la-provincia-de-Catamarca.jpg\",\"width\":2417,\"height\":3481,\"caption\":\"Mapa pol\u00edtico de la provincia de Catamarca.\"},{\"@type\":\"BreadcrumbList\",\"@id\":\"https:\\\/\\\/stesa.com\\\/mapas\\\/doc\\\/mapa-politico-de-la-provincia-de-catamarca\\\/#breadcrumb\",\"itemListElement\":[{\"@type\":\"ListItem\",\"position\":1,\"name\":\"Portada\",\"item\":\"https:\\\/\\\/gifex.com\\\/mapas\\\/\"},{\"@type\":\"ListItem\",\"position\":2,\"name\":\"Mapa pol\u00edtico de la provincia de Catamarca\"}]},{\"@type\":\"WebSite\",\"@id\":\"https:\\\/\\\/stesa.com\\\/mapas\\\/#website\",\"url\":\"https:\\\/\\\/stesa.com\\\/mapas\\\/\",\"name\":\"Galer\u00eda de mapas\",\"description\":\"\",\"potentialAction\":[{\"@type\":\"SearchAction\",\"target\":{\"@type\":\"EntryPoint\",\"urlTemplate\":\"https:\\\/\\\/stesa.com\\\/mapas\\\/?s={search_term_string}\"},\"query-input\":{\"@type\":\"PropertyValueSpecification\",\"valueRequired\":true,\"valueName\":\"search_term_string\"}}],\"inLanguage\":\"es\"}]}<\/script>\n<!-- \/ Yoast SEO plugin. -->","yoast_head_json":{"title":"Mapa pol\u00edtico de la provincia de Catamarca - Galer\u00eda de mapas","robots":{"index":"index","follow":"follow","max-snippet":"max-snippet:-1","max-image-preview":"max-image-preview:large","max-video-preview":"max-video-preview:-1"},"canonical":"https:\/\/stesa.com\/mapas\/doc\/mapa-politico-de-la-provincia-de-catamarca\/","og_locale":"es_ES","og_type":"article","og_title":"Mapa pol\u00edtico de la provincia de Catamarca - Galer\u00eda de mapas","og_description":"Divisi\u00f3n pol\u00edtico-administrativa de la provincia de Catamarca. La provincia de Catamarca, en Argentina, se divide pol\u00edticamente en 16 departamentos.","og_url":"https:\/\/stesa.com\/mapas\/doc\/mapa-politico-de-la-provincia-de-catamarca\/","og_site_name":"Galer\u00eda de mapas","og_image":[{"width":711,"height":1024,"url":"https:\/\/stesa.com\/mapas\/wp-content\/uploads\/19407\/Mapa-politico-de-la-provincia-de-Catamarca-711x1024.jpg","type":"image\/jpeg"}],"twitter_card":"summary_large_image","twitter_misc":{"Tiempo de lectura":"1 minuto"},"schema":{"@context":"https:\/\/schema.org","@graph":[{"@type":"WebPage","@id":"https:\/\/stesa.com\/mapas\/doc\/mapa-politico-de-la-provincia-de-catamarca\/","url":"https:\/\/stesa.com\/mapas\/doc\/mapa-politico-de-la-provincia-de-catamarca\/","name":"Mapa pol\u00edtico de la provincia de Catamarca - Galer\u00eda de mapas","isPartOf":{"@id":"https:\/\/stesa.com\/mapas\/#website"},"primaryImageOfPage":{"@id":"https:\/\/stesa.com\/mapas\/doc\/mapa-politico-de-la-provincia-de-catamarca\/#primaryimage"},"image":{"@id":"https:\/\/stesa.com\/mapas\/doc\/mapa-politico-de-la-provincia-de-catamarca\/#primaryimage"},"thumbnailUrl":"https:\/\/stesa.com\/mapas\/wp-content\/uploads\/19407\/Mapa-politico-de-la-provincia-de-Catamarca.jpg","datePublished":"2026-04-18T10:29:29+00:00","breadcrumb":{"@id":"https:\/\/stesa.com\/mapas\/doc\/mapa-politico-de-la-provincia-de-catamarca\/#breadcrumb"},"inLanguage":"es","potentialAction":[{"@type":"ReadAction","target":["https:\/\/stesa.com\/mapas\/doc\/mapa-politico-de-la-provincia-de-catamarca\/"]}]},{"@type":"ImageObject","inLanguage":"es","@id":"https:\/\/stesa.com\/mapas\/doc\/mapa-politico-de-la-provincia-de-catamarca\/#primaryimage","url":"https:\/\/stesa.com\/mapas\/wp-content\/uploads\/19407\/Mapa-politico-de-la-provincia-de-Catamarca.jpg","contentUrl":"https:\/\/stesa.com\/mapas\/wp-content\/uploads\/19407\/Mapa-politico-de-la-provincia-de-Catamarca.jpg","width":2417,"height":3481,"caption":"Mapa pol\u00edtico de la provincia de Catamarca."},{"@type":"BreadcrumbList","@id":"https:\/\/stesa.com\/mapas\/doc\/mapa-politico-de-la-provincia-de-catamarca\/#breadcrumb","itemListElement":[{"@type":"ListItem","position":1,"name":"Portada","item":"https:\/\/gifex.com\/mapas\/"},{"@type":"ListItem","position":2,"name":"Mapa pol\u00edtico de la provincia de Catamarca"}]},{"@type":"WebSite","@id":"https:\/\/stesa.com\/mapas\/#website","url":"https:\/\/stesa.com\/mapas\/","name":"Galer\u00eda de mapas","description":"","potentialAction":[{"@type":"SearchAction","target":{"@type":"EntryPoint","urlTemplate":"https:\/\/stesa.com\/mapas\/?s={search_term_string}"},"query-input":{"@type":"PropertyValueSpecification","valueRequired":true,"valueName":"search_term_string"}}],"inLanguage":"es"}]}},"_links":{"self":[{"href":"https:\/\/stesa.com\/mapas\/wp-json\/wp\/v2\/ficha\/19407","targetHints":{"allow":["GET"]}}],"collection":[{"href":"https:\/\/stesa.com\/mapas\/wp-json\/wp\/v2\/ficha"}],"about":[{"href":"https:\/\/stesa.com\/mapas\/wp-json\/wp\/v2\/types\/ficha"}],"author":[{"embeddable":true,"href":"https:\/\/stesa.com\/mapas\/wp-json\/wp\/v2\/users\/1"}],"version-history":[{"count":1,"href":"https:\/\/stesa.com\/mapas\/wp-json\/wp\/v2\/ficha\/19407\/revisions"}],"predecessor-version":[{"id":19412,"href":"https:\/\/stesa.com\/mapas\/wp-json\/wp\/v2\/ficha\/19407\/revisions\/19412"}],"wp:featuredmedia":[{"embeddable":true,"href":"https:\/\/stesa.com\/mapas\/wp-json\/wp\/v2\/media\/19408"}],"wp:attachment":[{"href":"https:\/\/stesa.com\/mapas\/wp-json\/wp\/v2\/media?parent=19407"}],"wp:term":[{"taxonomy":"categoria_ficha","embeddable":true,"href":"https:\/\/stesa.com\/mapas\/wp-json\/wp\/v2\/categoria_ficha?post=19407"}],"curies":[{"name":"wp","href":"https:\/\/api.w.org\/{rel}","templated":true}]}}

Mapa político de la provincia de Catamarca

<p style="text-align: center;"><label style="font-size: 15px;">Mapa político de la provincia de Catamarca <a href="https://stesa.com/mapas/wp-content/uploads/19407/Mapa-politico-de-la-provincia-de-Catamarca.pdf" target="_blank" rel="noopener">(formato PDF)</a>.</label></p>
<p><strong>División político-administrativa de la provincia de Catamarca</strong></p>
<p>La provincia de Catamarca, en Argentina, se divide políticamente en 16 departamentos. Cada departamento posee una ciudad cabecera y gobiernos municipales o comisiones locales según su población y organización territorial.</p>
<p><strong>Departamentos de Catamarca</strong></p>
<ol>
<li>Ambato</li>
<li>Ancasti</li>
<li>Andalgalá</li>
<li>Antofagasta de la Sierra</li>
<li>Belén</li>
<li>Capayán</li>
<li>Capital</li>
<li>El Alto</li>
<li>Fray Mamerto Esquiú</li>
<li>La Paz</li>
<li>Paclín</li>
<li>Pomán</li>
<li>Santa María</li>
<li>Santa Rosa</li>
<li>Tinogasta</li>
<li>Valle Viejo</li>
</ol>
<p><strong>Organización local</strong></p>
<p>Dentro de estos departamentos existen municipios, concejos deliberantes y localidades rurales que administran servicios públicos, ordenamiento urbano y desarrollo local.</p>
<figure id="attachment_19410" aria-describedby="caption-attachment-19410" style="width: 400px" class="wp-caption aligncenter"><a href="https://stesa.com/mapas/wp-content/uploads/19407/Division-politico-administrativa-de-la-provincia-de-Catamarca.jpg" target="_blank" rel="noopener"><img loading="lazy" decoding="async" class="wp-image-19410" title="División político-administrativa de la provincia de Catamarca." src="https://stesa.com/mapas/wp-content/uploads/19407/Division-politico-administrativa-de-la-provincia-de-Catamarca-214x300.jpg" alt="División político-administrativa de la provincia de Catamarca." width="400" height="560" srcset="https://stesa.com/mapas/wp-content/uploads/19407/Division-politico-administrativa-de-la-provincia-de-Catamarca-214x300.jpg 214w, https://stesa.com/mapas/wp-content/uploads/19407/Division-politico-administrativa-de-la-provincia-de-Catamarca-731x1024.jpg 731w, https://stesa.com/mapas/wp-content/uploads/19407/Division-politico-administrativa-de-la-provincia-de-Catamarca-768x1075.jpg 768w, https://stesa.com/mapas/wp-content/uploads/19407/Division-politico-administrativa-de-la-provincia-de-Catamarca-1097x1536.jpg 1097w, https://stesa.com/mapas/wp-content/uploads/19407/Division-politico-administrativa-de-la-provincia-de-Catamarca-300x420.jpg 300w, https://stesa.com/mapas/wp-content/uploads/19407/Division-politico-administrativa-de-la-provincia-de-Catamarca-1143x1600.jpg 1143w, https://stesa.com/mapas/wp-content/uploads/19407/Division-politico-administrativa-de-la-provincia-de-Catamarca.jpg 1200w" sizes="auto, (max-width: 400px) 100vw, 400px" /></a><figcaption id="caption-attachment-19410" class="wp-caption-text"><label style="font-size: 15px;">División político-administrativa de la provincia de Catamarca <a href="https://stesa.com/mapas/wp-content/uploads/19407/Division-politico-administrativa-de-la-provincia-de-Catamarca.pdf" target="_blank" rel="noopener">(formato PDF)</a>.</label></figcaption></figure>

<p>División político-administrativa de la provincia de Catamarca. La provincia de Catamarca, en Argentina, se divide políticamente en 16 departamentos. </p>

<!-- This site is optimized with the Yoast SEO plugin v27.4 - https://yoast.com/product/yoast-seo-wordpress/ -->
<title>Mapa político de la provincia de Catamarca - Galería de mapas</title>
<meta name="robots" content="index, follow, max-snippet:-1, max-image-preview:large, max-video-preview:-1" />
<link rel="canonical" href="https://stesa.com/mapas/doc/mapa-politico-de-la-provincia-de-catamarca/" />
<meta property="og:locale" content="es_ES" />
<meta property="og:type" content="article" />
<meta property="og:title" content="Mapa político de la provincia de Catamarca - Galería de mapas" />
<meta property="og:description" content="División político-administrativa de la provincia de Catamarca. La provincia de Catamarca, en Argentina, se divide políticamente en 16 departamentos." />
<meta property="og:url" content="https://stesa.com/mapas/doc/mapa-politico-de-la-provincia-de-catamarca/" />
<meta property="og:site_name" content="Galería de mapas" />
<meta property="og:image" content="https://stesa.com/mapas/wp-content/uploads/19407/Mapa-politico-de-la-provincia-de-Catamarca-711x1024.jpg" />
	<meta property="og:image:width" content="711" />
	<meta property="og:image:height" content="1024" />
	<meta property="og:image:type" content="image/jpeg" />
<meta name="twitter:card" content="summary_large_image" />
<meta name="twitter:label1" content="Tiempo de lectura" />
	<meta name="twitter:data1" content="1 minuto" />
<script type="application/ld+json" class="yoast-schema-graph">{"@context":"https:\/\/schema.org","@graph":[{"@type":"WebPage","@id":"https:\/\/stesa.com\/mapas\/doc\/mapa-politico-de-la-provincia-de-catamarca\/","url":"https:\/\/stesa.com\/mapas\/doc\/mapa-politico-de-la-provincia-de-catamarca\/","name":"Mapa político de la provincia de Catamarca - Galería de mapas","isPartOf":{"@id":"https:\/\/stesa.com\/mapas\/#website"},"primaryImageOfPage":{"@id":"https:\/\/stesa.com\/mapas\/doc\/mapa-politico-de-la-provincia-de-catamarca\/#primaryimage"},"image":{"@id":"https:\/\/stesa.com\/mapas\/doc\/mapa-politico-de-la-provincia-de-catamarca\/#primaryimage"},"thumbnailUrl":"https:\/\/stesa.com\/mapas\/wp-content\/uploads\/19407\/Mapa-politico-de-la-provincia-de-Catamarca.jpg","datePublished":"2026-04-18T10:29:29+00:00","breadcrumb":{"@id":"https:\/\/stesa.com\/mapas\/doc\/mapa-politico-de-la-provincia-de-catamarca\/#breadcrumb"},"inLanguage":"es","potentialAction":[{"@type":"ReadAction","target":["https:\/\/stesa.com\/mapas\/doc\/mapa-politico-de-la-provincia-de-catamarca\/"]}]},{"@type":"ImageObject","inLanguage":"es","@id":"https:\/\/stesa.com\/mapas\/doc\/mapa-politico-de-la-provincia-de-catamarca\/#primaryimage","url":"https:\/\/stesa.com\/mapas\/wp-content\/uploads\/19407\/Mapa-politico-de-la-provincia-de-Catamarca.jpg","contentUrl":"https:\/\/stesa.com\/mapas\/wp-content\/uploads\/19407\/Mapa-politico-de-la-provincia-de-Catamarca.jpg","width":2417,"height":3481,"caption":"Mapa político de la provincia de Catamarca."},{"@type":"BreadcrumbList","@id":"https:\/\/stesa.com\/mapas\/doc\/mapa-politico-de-la-provincia-de-catamarca\/#breadcrumb","itemListElement":[{"@type":"ListItem","position":1,"name":"Portada","item":"https:\/\/gifex.com\/mapas\/"},{"@type":"ListItem","position":2,"name":"Mapa político de la provincia de Catamarca"}]},{"@type":"WebSite","@id":"https:\/\/stesa.com\/mapas\/#website","url":"https:\/\/stesa.com\/mapas\/","name":"Galería de mapas","description":"","potentialAction":[{"@type":"SearchAction","target":{"@type":"EntryPoint","urlTemplate":"https:\/\/stesa.com\/mapas\/?s={search_term_string}"},"query-input":{"@type":"PropertyValueSpecification","valueRequired":true,"valueName":"search_term_string"}}],"inLanguage":"es"}]}</script>
<!-- / Yoast SEO plugin. -->

Mapa político de la provincia de Catamarca - Galería de mapas

División político-administrativa de la provincia de Catamarca. La provincia de Catamarca, en Argentina, se divide políticamente en 16 departamentos.

Galería de mapas

Mapa político de la provincia de Catamarca.
