{"id":19393,"date":"2026-04-18T09:58:15","date_gmt":"2026-04-18T09:58:15","guid":{"rendered":"https:\/\/stesa.com\/mapas\/?post_type=ficha&#038;p=19393"},"modified":"2026-04-18T09:58:15","modified_gmt":"2026-04-18T09:58:15","slug":"escudo-de-la-provincia-de-catamarca","status":"publish","type":"ficha","link":"https:\/\/stesa.com\/mapas\/doc\/escudo-de-la-provincia-de-catamarca\/","title":{"rendered":"Escudo de la provincia de Catamarca"},"content":{"rendered":"<p>El <strong>escudo de la provincia de Catamarca<\/strong> es un s\u00edmbolo oficial adoptado el 24 de junio de 1922. Su dise\u00f1o combina elementos que rinden homenaje a la identidad nacional argentina y a la herencia hist\u00f3rica y econ\u00f3mica de la provincia.<\/p>\n<p><strong>Composici\u00f3n y Significado<\/strong><\/p>\n<p>El emblema se caracteriza por un \u00f3valo central rodeado de un marco rojo (gules) con s\u00edmbolos espec\u00edficos en sus \u00e1ngulos:<\/p>\n<ul>\n<li><strong>Centro (\u00d3valo Nacional)<\/strong>: Dividido en azul y plata, contiene un gorro frigio sobre una pica y manos entrelazadas, simbolizando la libertad, la soberan\u00eda y la uni\u00f3n de las provincias argentinas.<\/li>\n<li><strong>Marco Rojo (Gules)<\/strong>: Representa la sangre derramada por la independencia y contiene cuatro figuras clave:<\/li>\n<li><strong>Cruz y Flechas<\/strong>: Representan la evangelizaci\u00f3n y la presencia de los pueblos originarios.<\/li>\n<li><strong>Racimo de Uvas<\/strong>: Simboliza la riqueza agr\u00edcola y los cultivos de la regi\u00f3n.<\/li>\n<li><strong>Corona Real y Castillo<\/strong>: Rememoran el pasado bajo el dominio espa\u00f1ol y la posterior soberan\u00eda argentina.<br \/>\nElementos Externos:<\/li>\n<li><strong>Sol Naciente<\/strong>: Ubicado en la parte superior, representa el nacimiento de una nueva naci\u00f3n.<\/li>\n<li><strong>Laureles y Banderas<\/strong>: Rodean el escudo como s\u00edmbolos de victoria, paz y fidelidad a la Rep\u00fablica.<\/li>\n<\/ul>\n","protected":false},"excerpt":{"rendered":"<p>El escudo de la provincia de Catamarca es un s\u00edmbolo oficial adoptado el 24 de junio de 1922. Su dise\u00f1o combina elementos que rinden homenaje a la identidad&#8230;<\/p>\n","protected":false},"author":1,"featured_media":19394,"template":"","categoria_ficha":[2183],"class_list":["post-19393","ficha","type-ficha","status-publish","has-post-thumbnail","hentry","categoria_ficha-mapas-de-la-provincia-de-catamarca"],"yoast_head":"<!-- This site is optimized with the Yoast SEO plugin v27.4 - https:\/\/yoast.com\/product\/yoast-seo-wordpress\/ -->\n<title>Escudo de la provincia de Catamarca - Galer\u00eda de mapas<\/title>\n<meta name=\"robots\" content=\"index, follow, max-snippet:-1, max-image-preview:large, max-video-preview:-1\" \/>\n<link rel=\"canonical\" href=\"https:\/\/stesa.com\/mapas\/doc\/escudo-de-la-provincia-de-catamarca\/\" \/>\n<meta property=\"og:locale\" content=\"es_ES\" \/>\n<meta property=\"og:type\" content=\"article\" \/>\n<meta property=\"og:title\" content=\"Escudo de la provincia de Catamarca - Galer\u00eda de mapas\" \/>\n<meta property=\"og:description\" content=\"El escudo de la provincia de Catamarca es un s\u00edmbolo oficial adoptado el 24 de junio de 1922. Su dise\u00f1o combina elementos que rinden homenaje a la identidad...\" \/>\n<meta property=\"og:url\" content=\"https:\/\/stesa.com\/mapas\/doc\/escudo-de-la-provincia-de-catamarca\/\" \/>\n<meta property=\"og:site_name\" content=\"Galer\u00eda de mapas\" \/>\n<meta property=\"og:image\" content=\"https:\/\/stesa.com\/mapas\/wp-content\/uploads\/19393\/Escudo-de-la-provincia-de-Catamarca.png\" \/>\n\t<meta property=\"og:image:width\" content=\"3840\" \/>\n\t<meta property=\"og:image:height\" content=\"3519\" \/>\n\t<meta property=\"og:image:type\" content=\"image\/png\" \/>\n<meta name=\"twitter:card\" content=\"summary_large_image\" \/>\n<meta name=\"twitter:label1\" content=\"Tiempo de lectura\" \/>\n\t<meta name=\"twitter:data1\" content=\"1 minuto\" \/>\n<script type=\"application\/ld+json\" class=\"yoast-schema-graph\">{\"@context\":\"https:\\\/\\\/schema.org\",\"@graph\":[{\"@type\":\"WebPage\",\"@id\":\"https:\\\/\\\/stesa.com\\\/mapas\\\/doc\\\/escudo-de-la-provincia-de-catamarca\\\/\",\"url\":\"https:\\\/\\\/stesa.com\\\/mapas\\\/doc\\\/escudo-de-la-provincia-de-catamarca\\\/\",\"name\":\"Escudo de la provincia de Catamarca - Galer\u00eda de mapas\",\"isPartOf\":{\"@id\":\"https:\\\/\\\/stesa.com\\\/mapas\\\/#website\"},\"primaryImageOfPage\":{\"@id\":\"https:\\\/\\\/stesa.com\\\/mapas\\\/doc\\\/escudo-de-la-provincia-de-catamarca\\\/#primaryimage\"},\"image\":{\"@id\":\"https:\\\/\\\/stesa.com\\\/mapas\\\/doc\\\/escudo-de-la-provincia-de-catamarca\\\/#primaryimage\"},\"thumbnailUrl\":\"https:\\\/\\\/stesa.com\\\/mapas\\\/wp-content\\\/uploads\\\/19393\\\/Escudo-de-la-provincia-de-Catamarca.png\",\"datePublished\":\"2026-04-18T09:58:15+00:00\",\"breadcrumb\":{\"@id\":\"https:\\\/\\\/stesa.com\\\/mapas\\\/doc\\\/escudo-de-la-provincia-de-catamarca\\\/#breadcrumb\"},\"inLanguage\":\"es\",\"potentialAction\":[{\"@type\":\"ReadAction\",\"target\":[\"https:\\\/\\\/stesa.com\\\/mapas\\\/doc\\\/escudo-de-la-provincia-de-catamarca\\\/\"]}]},{\"@type\":\"ImageObject\",\"inLanguage\":\"es\",\"@id\":\"https:\\\/\\\/stesa.com\\\/mapas\\\/doc\\\/escudo-de-la-provincia-de-catamarca\\\/#primaryimage\",\"url\":\"https:\\\/\\\/stesa.com\\\/mapas\\\/wp-content\\\/uploads\\\/19393\\\/Escudo-de-la-provincia-de-Catamarca.png\",\"contentUrl\":\"https:\\\/\\\/stesa.com\\\/mapas\\\/wp-content\\\/uploads\\\/19393\\\/Escudo-de-la-provincia-de-Catamarca.png\",\"width\":3840,\"height\":3519,\"caption\":\"Escudo de la provincia de Catamarca.\"},{\"@type\":\"BreadcrumbList\",\"@id\":\"https:\\\/\\\/stesa.com\\\/mapas\\\/doc\\\/escudo-de-la-provincia-de-catamarca\\\/#breadcrumb\",\"itemListElement\":[{\"@type\":\"ListItem\",\"position\":1,\"name\":\"Portada\",\"item\":\"https:\\\/\\\/gifex.com\\\/mapas\\\/\"},{\"@type\":\"ListItem\",\"position\":2,\"name\":\"Escudo de la provincia de Catamarca\"}]},{\"@type\":\"WebSite\",\"@id\":\"https:\\\/\\\/stesa.com\\\/mapas\\\/#website\",\"url\":\"https:\\\/\\\/stesa.com\\\/mapas\\\/\",\"name\":\"Galer\u00eda de mapas\",\"description\":\"\",\"potentialAction\":[{\"@type\":\"SearchAction\",\"target\":{\"@type\":\"EntryPoint\",\"urlTemplate\":\"https:\\\/\\\/stesa.com\\\/mapas\\\/?s={search_term_string}\"},\"query-input\":{\"@type\":\"PropertyValueSpecification\",\"valueRequired\":true,\"valueName\":\"search_term_string\"}}],\"inLanguage\":\"es\"}]}<\/script>\n<!-- \/ Yoast SEO plugin. -->","yoast_head_json":{"title":"Escudo de la provincia de Catamarca - Galer\u00eda de mapas","robots":{"index":"index","follow":"follow","max-snippet":"max-snippet:-1","max-image-preview":"max-image-preview:large","max-video-preview":"max-video-preview:-1"},"canonical":"https:\/\/stesa.com\/mapas\/doc\/escudo-de-la-provincia-de-catamarca\/","og_locale":"es_ES","og_type":"article","og_title":"Escudo de la provincia de Catamarca - Galer\u00eda de mapas","og_description":"El escudo de la provincia de Catamarca es un s\u00edmbolo oficial adoptado el 24 de junio de 1922. Su dise\u00f1o combina elementos que rinden homenaje a la identidad...","og_url":"https:\/\/stesa.com\/mapas\/doc\/escudo-de-la-provincia-de-catamarca\/","og_site_name":"Galer\u00eda de mapas","og_image":[{"width":3840,"height":3519,"url":"https:\/\/stesa.com\/mapas\/wp-content\/uploads\/19393\/Escudo-de-la-provincia-de-Catamarca.png","type":"image\/png"}],"twitter_card":"summary_large_image","twitter_misc":{"Tiempo de lectura":"1 minuto"},"schema":{"@context":"https:\/\/schema.org","@graph":[{"@type":"WebPage","@id":"https:\/\/stesa.com\/mapas\/doc\/escudo-de-la-provincia-de-catamarca\/","url":"https:\/\/stesa.com\/mapas\/doc\/escudo-de-la-provincia-de-catamarca\/","name":"Escudo de la provincia de Catamarca - Galer\u00eda de mapas","isPartOf":{"@id":"https:\/\/stesa.com\/mapas\/#website"},"primaryImageOfPage":{"@id":"https:\/\/stesa.com\/mapas\/doc\/escudo-de-la-provincia-de-catamarca\/#primaryimage"},"image":{"@id":"https:\/\/stesa.com\/mapas\/doc\/escudo-de-la-provincia-de-catamarca\/#primaryimage"},"thumbnailUrl":"https:\/\/stesa.com\/mapas\/wp-content\/uploads\/19393\/Escudo-de-la-provincia-de-Catamarca.png","datePublished":"2026-04-18T09:58:15+00:00","breadcrumb":{"@id":"https:\/\/stesa.com\/mapas\/doc\/escudo-de-la-provincia-de-catamarca\/#breadcrumb"},"inLanguage":"es","potentialAction":[{"@type":"ReadAction","target":["https:\/\/stesa.com\/mapas\/doc\/escudo-de-la-provincia-de-catamarca\/"]}]},{"@type":"ImageObject","inLanguage":"es","@id":"https:\/\/stesa.com\/mapas\/doc\/escudo-de-la-provincia-de-catamarca\/#primaryimage","url":"https:\/\/stesa.com\/mapas\/wp-content\/uploads\/19393\/Escudo-de-la-provincia-de-Catamarca.png","contentUrl":"https:\/\/stesa.com\/mapas\/wp-content\/uploads\/19393\/Escudo-de-la-provincia-de-Catamarca.png","width":3840,"height":3519,"caption":"Escudo de la provincia de Catamarca."},{"@type":"BreadcrumbList","@id":"https:\/\/stesa.com\/mapas\/doc\/escudo-de-la-provincia-de-catamarca\/#breadcrumb","itemListElement":[{"@type":"ListItem","position":1,"name":"Portada","item":"https:\/\/gifex.com\/mapas\/"},{"@type":"ListItem","position":2,"name":"Escudo de la provincia de Catamarca"}]},{"@type":"WebSite","@id":"https:\/\/stesa.com\/mapas\/#website","url":"https:\/\/stesa.com\/mapas\/","name":"Galer\u00eda de mapas","description":"","potentialAction":[{"@type":"SearchAction","target":{"@type":"EntryPoint","urlTemplate":"https:\/\/stesa.com\/mapas\/?s={search_term_string}"},"query-input":{"@type":"PropertyValueSpecification","valueRequired":true,"valueName":"search_term_string"}}],"inLanguage":"es"}]}},"_links":{"self":[{"href":"https:\/\/stesa.com\/mapas\/wp-json\/wp\/v2\/ficha\/19393","targetHints":{"allow":["GET"]}}],"collection":[{"href":"https:\/\/stesa.com\/mapas\/wp-json\/wp\/v2\/ficha"}],"about":[{"href":"https:\/\/stesa.com\/mapas\/wp-json\/wp\/v2\/types\/ficha"}],"author":[{"embeddable":true,"href":"https:\/\/stesa.com\/mapas\/wp-json\/wp\/v2\/users\/1"}],"version-history":[{"count":1,"href":"https:\/\/stesa.com\/mapas\/wp-json\/wp\/v2\/ficha\/19393\/revisions"}],"predecessor-version":[{"id":19395,"href":"https:\/\/stesa.com\/mapas\/wp-json\/wp\/v2\/ficha\/19393\/revisions\/19395"}],"wp:featuredmedia":[{"embeddable":true,"href":"https:\/\/stesa.com\/mapas\/wp-json\/wp\/v2\/media\/19394"}],"wp:attachment":[{"href":"https:\/\/stesa.com\/mapas\/wp-json\/wp\/v2\/media?parent=19393"}],"wp:term":[{"taxonomy":"categoria_ficha","embeddable":true,"href":"https:\/\/stesa.com\/mapas\/wp-json\/wp\/v2\/categoria_ficha?post=19393"}],"curies":[{"name":"wp","href":"https:\/\/api.w.org\/{rel}","templated":true}]}}

<p>El <strong>escudo de la provincia de Catamarca</strong> es un símbolo oficial adoptado el 24 de junio de 1922. Su diseño combina elementos que rinden homenaje a la identidad nacional argentina y a la herencia histórica y económica de la provincia.</p>
<p><strong>Composición y Significado</strong></p>
<p>El emblema se caracteriza por un óvalo central rodeado de un marco rojo (gules) con símbolos específicos en sus ángulos:</p>
<ul>
<li><strong>Centro (Óvalo Nacional)</strong>: Dividido en azul y plata, contiene un gorro frigio sobre una pica y manos entrelazadas, simbolizando la libertad, la soberanía y la unión de las provincias argentinas.</li>
<li><strong>Marco Rojo (Gules)</strong>: Representa la sangre derramada por la independencia y contiene cuatro figuras clave:</li>
<li><strong>Cruz y Flechas</strong>: Representan la evangelización y la presencia de los pueblos originarios.</li>
<li><strong>Racimo de Uvas</strong>: Simboliza la riqueza agrícola y los cultivos de la región.</li>
<li><strong>Corona Real y Castillo</strong>: Rememoran el pasado bajo el dominio español y la posterior soberanía argentina.<br />
Elementos Externos:</li>
<li><strong>Sol Naciente</strong>: Ubicado en la parte superior, representa el nacimiento de una nueva nación.</li>
<li><strong>Laureles y Banderas</strong>: Rodean el escudo como símbolos de victoria, paz y fidelidad a la República.</li>
</ul>

<p>El escudo de la provincia de Catamarca es un símbolo oficial adoptado el 24 de junio de 1922. Su diseño combina elementos que rinden homenaje a la identidad&#8230;</p>

<!-- This site is optimized with the Yoast SEO plugin v27.4 - https://yoast.com/product/yoast-seo-wordpress/ -->
<title>Escudo de la provincia de Catamarca - Galería de mapas</title>
<meta name="robots" content="index, follow, max-snippet:-1, max-image-preview:large, max-video-preview:-1" />
<link rel="canonical" href="https://stesa.com/mapas/doc/escudo-de-la-provincia-de-catamarca/" />
<meta property="og:locale" content="es_ES" />
<meta property="og:type" content="article" />
<meta property="og:title" content="Escudo de la provincia de Catamarca - Galería de mapas" />
<meta property="og:description" content="El escudo de la provincia de Catamarca es un símbolo oficial adoptado el 24 de junio de 1922. Su diseño combina elementos que rinden homenaje a la identidad..." />
<meta property="og:url" content="https://stesa.com/mapas/doc/escudo-de-la-provincia-de-catamarca/" />
<meta property="og:site_name" content="Galería de mapas" />
<meta property="og:image" content="https://stesa.com/mapas/wp-content/uploads/19393/Escudo-de-la-provincia-de-Catamarca.png" />
	<meta property="og:image:width" content="3840" />
	<meta property="og:image:height" content="3519" />
	<meta property="og:image:type" content="image/png" />
<meta name="twitter:card" content="summary_large_image" />
<meta name="twitter:label1" content="Tiempo de lectura" />
	<meta name="twitter:data1" content="1 minuto" />
<script type="application/ld+json" class="yoast-schema-graph">{"@context":"https:\/\/schema.org","@graph":[{"@type":"WebPage","@id":"https:\/\/stesa.com\/mapas\/doc\/escudo-de-la-provincia-de-catamarca\/","url":"https:\/\/stesa.com\/mapas\/doc\/escudo-de-la-provincia-de-catamarca\/","name":"Escudo de la provincia de Catamarca - Galería de mapas","isPartOf":{"@id":"https:\/\/stesa.com\/mapas\/#website"},"primaryImageOfPage":{"@id":"https:\/\/stesa.com\/mapas\/doc\/escudo-de-la-provincia-de-catamarca\/#primaryimage"},"image":{"@id":"https:\/\/stesa.com\/mapas\/doc\/escudo-de-la-provincia-de-catamarca\/#primaryimage"},"thumbnailUrl":"https:\/\/stesa.com\/mapas\/wp-content\/uploads\/19393\/Escudo-de-la-provincia-de-Catamarca.png","datePublished":"2026-04-18T09:58:15+00:00","breadcrumb":{"@id":"https:\/\/stesa.com\/mapas\/doc\/escudo-de-la-provincia-de-catamarca\/#breadcrumb"},"inLanguage":"es","potentialAction":[{"@type":"ReadAction","target":["https:\/\/stesa.com\/mapas\/doc\/escudo-de-la-provincia-de-catamarca\/"]}]},{"@type":"ImageObject","inLanguage":"es","@id":"https:\/\/stesa.com\/mapas\/doc\/escudo-de-la-provincia-de-catamarca\/#primaryimage","url":"https:\/\/stesa.com\/mapas\/wp-content\/uploads\/19393\/Escudo-de-la-provincia-de-Catamarca.png","contentUrl":"https:\/\/stesa.com\/mapas\/wp-content\/uploads\/19393\/Escudo-de-la-provincia-de-Catamarca.png","width":3840,"height":3519,"caption":"Escudo de la provincia de Catamarca."},{"@type":"BreadcrumbList","@id":"https:\/\/stesa.com\/mapas\/doc\/escudo-de-la-provincia-de-catamarca\/#breadcrumb","itemListElement":[{"@type":"ListItem","position":1,"name":"Portada","item":"https:\/\/gifex.com\/mapas\/"},{"@type":"ListItem","position":2,"name":"Escudo de la provincia de Catamarca"}]},{"@type":"WebSite","@id":"https:\/\/stesa.com\/mapas\/#website","url":"https:\/\/stesa.com\/mapas\/","name":"Galería de mapas","description":"","potentialAction":[{"@type":"SearchAction","target":{"@type":"EntryPoint","urlTemplate":"https:\/\/stesa.com\/mapas\/?s={search_term_string}"},"query-input":{"@type":"PropertyValueSpecification","valueRequired":true,"valueName":"search_term_string"}}],"inLanguage":"es"}]}</script>
<!-- / Yoast SEO plugin. -->

Escudo de la provincia de Catamarca - Galería de mapas

El escudo de la provincia de Catamarca es un símbolo oficial adoptado el 24 de junio de 1922. Su diseño combina elementos que rinden homenaje a la identidad...

Galería de mapas
